{"id":7358,"date":"2019-01-21T18:34:00","date_gmt":"2019-01-21T17:34:00","guid":{"rendered":"https:\/\/feuerwehr-vglambrecht.de\/cms\/?post_type=einsatz&#038;p=7358"},"modified":"2019-01-21T19:03:53","modified_gmt":"2019-01-21T18:03:53","slug":"tuer-oeffnen-dringend-h2-01-6","status":"publish","type":"einsatz","link":"https:\/\/feuerwehr-vglambrecht.de\/cms\/einsatzberichte\/tuer-oeffnen-dringend-h2-01-6\/","title":{"rendered":"T\u00fcr \u00f6ffnen dringend (H2.01)"},"content":{"rendered":"<p>Die Feuerwehr Lambrecht wurde am 21.01.2019 um 18:34 Uhr zu einer dringenden T\u00fcr\u00f6ffnung in die Sommerbergstra\u00dfe in Lambrecht alarmiert.<\/p>\n<p>Beim Eintreffen der Feuerwehr an der Einsatzstelle war die Eingangst\u00fcr bereits ge\u00f6ffnet. Somit war kein weiteres Eingreifen seitens der Feuerwehr notwendig.<\/p>\n","protected":false},"author":1,"featured_media":0,"template":"","meta":{"einsatz_weight":1,"footnotes":""},"categories":[],"tags":[],"einsatzart":[33],"fahrzeug":[286,54],"exteinsatzmittel":[187,31],"alarmierungsart":[10],"evw_unit":[],"class_list":["post-7358","einsatz","type-einsatz","status-publish","hentry","einsatzart-th","fahrzeug-lambrecht-4191","fahrzeug-lambrecht-44","exteinsatzmittel-notarzt","exteinsatzmittel-drk","alarmierungsart-dme-digitaler-meldeempfaenger"],"better_featured_image":null,"einsatz_ort":"Sommerbergstra\u00dfe, Lambrecht","einsatz_ende":"2019-01-21 19:00","einsatz_beginn":"","_links":{"self":[{"href":"https:\/\/feuerwehr-vglambrecht.de\/cms\/wp-json\/wp\/v2\/einsatz\/7358","targetHints":{"allow":["GET"]}}],"collection":[{"href":"https:\/\/feuerwehr-vglambrecht.de\/cms\/wp-json\/wp\/v2\/einsatz"}],"about":[{"href":"https:\/\/feuerwehr-vglambrecht.de\/cms\/wp-json\/wp\/v2\/types\/einsatz"}],"author":[{"embeddable":true,"href":"https:\/\/feuerwehr-vglambrecht.de\/cms\/wp-json\/wp\/v2\/users\/1"}],"version-history":[{"count":3,"href":"https:\/\/feuerwehr-vglambrecht.de\/cms\/wp-json\/wp\/v2\/einsatz\/7358\/revisions"}],"predecessor-version":[{"id":7390,"href":"https:\/\/feuerwehr-vglambrecht.de\/cms\/wp-json\/wp\/v2\/einsatz\/7358\/revisions\/7390"}],"wp:attachment":[{"href":"https:\/\/feuerwehr-vglambrecht.de\/cms\/wp-json\/wp\/v2\/media?parent=7358"}],"wp:term":[{"taxonomy":"category","embeddable":true,"href":"https:\/\/feuerwehr-vglambrecht.de\/cms\/wp-json\/wp\/v2\/categories?post=7358"},{"taxonomy":"post_tag","embeddable":true,"href":"https:\/\/feuerwehr-vglambrecht.de\/cms\/wp-json\/wp\/v2\/tags?post=7358"},{"taxonomy":"einsatzart","embeddable":true,"href":"https:\/\/feuerwehr-vglambrecht.de\/cms\/wp-json\/wp\/v2\/einsatzart?post=7358"},{"taxonomy":"fahrzeug","embeddable":true,"href":"https:\/\/feuerwehr-vglambrecht.de\/cms\/wp-json\/wp\/v2\/fahrzeug?post=7358"},{"taxonomy":"exteinsatzmittel","embeddable":true,"href":"https:\/\/feuerwehr-vglambrecht.de\/cms\/wp-json\/wp\/v2\/exteinsatzmittel?post=7358"},{"taxonomy":"alarmierungsart","embeddable":true,"href":"https:\/\/feuerwehr-vglambrecht.de\/cms\/wp-json\/wp\/v2\/alarmierungsart?post=7358"},{"taxonomy":"evw_unit","embeddable":true,"href":"https:\/\/feuerwehr-vglambrecht.de\/cms\/wp-json\/wp\/v2\/evw_unit?post=7358"}],"curies":[{"name":"wp","href":"https:\/\/api.w.org\/{rel}","templated":true}]}}

Tür öffnen dringend (H2.01)

<p>Die Feuerwehr Lambrecht wurde am 21.01.2019 um 18:34 Uhr zu einer dringenden Türöffnung in die Sommerbergstraße in Lambrecht alarmiert.</p>
<p>Beim Eintreffen der Feuerwehr an der Einsatzstelle war die Eingangstür bereits geöffnet. Somit war kein weiteres Eingreifen seitens der Feuerwehr notwendig.</p>

Sommerbergstraße, Lambrecht
