{"id":7241,"date":"2018-12-21T10:38:27","date_gmt":"2018-12-21T09:38:27","guid":{"rendered":"https:\/\/feuerwehr-vglambrecht.de\/cms\/?post_type=einsatz&#038;p=7241"},"modified":"2018-12-21T10:38:27","modified_gmt":"2018-12-21T09:38:27","slug":"tuer-oeffnen-dringend-h2-01-5","status":"publish","type":"einsatz","link":"https:\/\/feuerwehr-vglambrecht.de\/cms\/einsatzberichte\/tuer-oeffnen-dringend-h2-01-5\/","title":{"rendered":"T\u00fcr \u00f6ffnen dringend (H2.01)"},"content":{"rendered":"<p>Die Feuerwehr Lambrecht wurde am 21.12.2018 um 00:03 Uhr zu einer dringenden T\u00fcr\u00f6ffnung in die Freiherr-vom-Stein-Stra\u00dfe in Lambrecht alarmiert.<!--more--><span id=\"more-6750\"><\/span><\/p>\n<p>Eine Tochter konnte keinen Kontakt zu ihrer Mutter herstellen und vermutete das schlimmste. Sie alarmierte die Feuerwehr zur T\u00fcr\u00f6ffnung sowie den Rettungsdienst.<\/p>\n<p>Beim Eintreffen an der Einsatzstelle hatte die Mutter jedoch selbstst\u00e4ndig die T\u00fcr ge\u00f6ffnet, so dass kein weiteres Eingreifen der Feuerwehr notwendig war.<br \/>\n&nbsp;<\/p>\n","protected":false},"author":17,"featured_media":0,"template":"","meta":{"einsatz_weight":1,"footnotes":""},"categories":[],"tags":[],"einsatzart":[33],"fahrzeug":[49,54],"exteinsatzmittel":[18,30,31],"alarmierungsart":[10],"evw_unit":[],"class_list":["post-7241","einsatz","type-einsatz","status-publish","hentry","einsatzart-th","fahrzeug-lambrecht-11","fahrzeug-lambrecht-44","exteinsatzmittel-fw_lam","exteinsatzmittel-pol","exteinsatzmittel-drk","alarmierungsart-dme-digitaler-meldeempfaenger"],"better_featured_image":null,"einsatz_ort":"Freiherr-vom-Stein-Stra\u00dfe, Lambrecht","einsatz_ende":"2018-12-21 00:26","einsatz_beginn":"2018-12-21 00:03:00","_links":{"self":[{"href":"https:\/\/feuerwehr-vglambrecht.de\/cms\/wp-json\/wp\/v2\/einsatz\/7241","targetHints":{"allow":["GET"]}}],"collection":[{"href":"https:\/\/feuerwehr-vglambrecht.de\/cms\/wp-json\/wp\/v2\/einsatz"}],"about":[{"href":"https:\/\/feuerwehr-vglambrecht.de\/cms\/wp-json\/wp\/v2\/types\/einsatz"}],"author":[{"embeddable":true,"href":"https:\/\/feuerwehr-vglambrecht.de\/cms\/wp-json\/wp\/v2\/users\/17"}],"version-history":[{"count":1,"href":"https:\/\/feuerwehr-vglambrecht.de\/cms\/wp-json\/wp\/v2\/einsatz\/7241\/revisions"}],"predecessor-version":[{"id":7242,"href":"https:\/\/feuerwehr-vglambrecht.de\/cms\/wp-json\/wp\/v2\/einsatz\/7241\/revisions\/7242"}],"wp:attachment":[{"href":"https:\/\/feuerwehr-vglambrecht.de\/cms\/wp-json\/wp\/v2\/media?parent=7241"}],"wp:term":[{"taxonomy":"category","embeddable":true,"href":"https:\/\/feuerwehr-vglambrecht.de\/cms\/wp-json\/wp\/v2\/categories?post=7241"},{"taxonomy":"post_tag","embeddable":true,"href":"https:\/\/feuerwehr-vglambrecht.de\/cms\/wp-json\/wp\/v2\/tags?post=7241"},{"taxonomy":"einsatzart","embeddable":true,"href":"https:\/\/feuerwehr-vglambrecht.de\/cms\/wp-json\/wp\/v2\/einsatzart?post=7241"},{"taxonomy":"fahrzeug","embeddable":true,"href":"https:\/\/feuerwehr-vglambrecht.de\/cms\/wp-json\/wp\/v2\/fahrzeug?post=7241"},{"taxonomy":"exteinsatzmittel","embeddable":true,"href":"https:\/\/feuerwehr-vglambrecht.de\/cms\/wp-json\/wp\/v2\/exteinsatzmittel?post=7241"},{"taxonomy":"alarmierungsart","embeddable":true,"href":"https:\/\/feuerwehr-vglambrecht.de\/cms\/wp-json\/wp\/v2\/alarmierungsart?post=7241"},{"taxonomy":"evw_unit","embeddable":true,"href":"https:\/\/feuerwehr-vglambrecht.de\/cms\/wp-json\/wp\/v2\/evw_unit?post=7241"}],"curies":[{"name":"wp","href":"https:\/\/api.w.org\/{rel}","templated":true}]}}

Tür öffnen dringend (H2.01)

<p>Die Feuerwehr Lambrecht wurde am 21.12.2018 um 00:03 Uhr zu einer dringenden Türöffnung in die Freiherr-vom-Stein-Straße in Lambrecht alarmiert.<!--more--><span id="more-6750"></span></p>
<p>Eine Tochter konnte keinen Kontakt zu ihrer Mutter herstellen und vermutete das schlimmste. Sie alarmierte die Feuerwehr zur Türöffnung sowie den Rettungsdienst.</p>
<p>Beim Eintreffen an der Einsatzstelle hatte die Mutter jedoch selbstständig die Tür geöffnet, so dass kein weiteres Eingreifen der Feuerwehr notwendig war.<br />
&nbsp;</p>

Freiherr-vom-Stein-Straße, Lambrecht
