{"id":7226,"date":"2018-12-16T17:53:00","date_gmt":"2018-12-16T16:53:00","guid":{"rendered":"https:\/\/feuerwehr-vglambrecht.de\/cms\/?post_type=einsatz&#038;p=7226"},"modified":"2018-12-17T09:24:39","modified_gmt":"2018-12-17T08:24:39","slug":"brandnachschau-b1-04","status":"publish","type":"einsatz","link":"https:\/\/feuerwehr-vglambrecht.de\/cms\/einsatzberichte\/brandnachschau-b1-04\/","title":{"rendered":"Brandnachschau B1.04"},"content":{"rendered":"<p>Die Feuerwehr Lambrecht wurde am 16.12.2018 um 17:53 Uhr in der Hauptstra\u00dfe in Lambrecht zu einer Brandnachschau alarmiert.<\/p>\n<p><!--more--><\/p>\n<p>Eine\u00a0Anwohnerin vermutete einen Schwelbrand hinter einer Wand, welche mittels W\u00e4rmebildkamera von der Feuerwehr abgesucht wurde. Ein Schwelbrand best\u00e4tigte sich jedoch nicht, daf\u00fcr konnte jedoch eine verschmorte Steckdose, vermutlich aufgrund einer \u00dcberlastung, vorgefunden werden. Da von der Steckdose keine weitere Gefahr mehr ausging, wurde das Geb\u00e4ude der Anwohnerin wieder \u00fcbergeben und empfohlen einen Elektriker einzuschalten.<\/p>\n","protected":false},"author":17,"featured_media":0,"template":"","meta":{"einsatz_weight":1,"footnotes":""},"categories":[],"tags":[],"einsatzart":[7],"fahrzeug":[49,54],"exteinsatzmittel":[18],"alarmierungsart":[10],"evw_unit":[],"class_list":["post-7226","einsatz","type-einsatz","status-publish","hentry","einsatzart-brand","fahrzeug-lambrecht-11","fahrzeug-lambrecht-44","exteinsatzmittel-fw_lam","alarmierungsart-dme-digitaler-meldeempfaenger"],"better_featured_image":null,"einsatz_ort":"Hauptstra\u00dfe, Lambrecht","einsatz_ende":"2018-12-16 18:14","einsatz_beginn":"","_links":{"self":[{"href":"https:\/\/feuerwehr-vglambrecht.de\/cms\/wp-json\/wp\/v2\/einsatz\/7226","targetHints":{"allow":["GET"]}}],"collection":[{"href":"https:\/\/feuerwehr-vglambrecht.de\/cms\/wp-json\/wp\/v2\/einsatz"}],"about":[{"href":"https:\/\/feuerwehr-vglambrecht.de\/cms\/wp-json\/wp\/v2\/types\/einsatz"}],"author":[{"embeddable":true,"href":"https:\/\/feuerwehr-vglambrecht.de\/cms\/wp-json\/wp\/v2\/users\/17"}],"version-history":[{"count":2,"href":"https:\/\/feuerwehr-vglambrecht.de\/cms\/wp-json\/wp\/v2\/einsatz\/7226\/revisions"}],"predecessor-version":[{"id":7228,"href":"https:\/\/feuerwehr-vglambrecht.de\/cms\/wp-json\/wp\/v2\/einsatz\/7226\/revisions\/7228"}],"wp:attachment":[{"href":"https:\/\/feuerwehr-vglambrecht.de\/cms\/wp-json\/wp\/v2\/media?parent=7226"}],"wp:term":[{"taxonomy":"category","embeddable":true,"href":"https:\/\/feuerwehr-vglambrecht.de\/cms\/wp-json\/wp\/v2\/categories?post=7226"},{"taxonomy":"post_tag","embeddable":true,"href":"https:\/\/feuerwehr-vglambrecht.de\/cms\/wp-json\/wp\/v2\/tags?post=7226"},{"taxonomy":"einsatzart","embeddable":true,"href":"https:\/\/feuerwehr-vglambrecht.de\/cms\/wp-json\/wp\/v2\/einsatzart?post=7226"},{"taxonomy":"fahrzeug","embeddable":true,"href":"https:\/\/feuerwehr-vglambrecht.de\/cms\/wp-json\/wp\/v2\/fahrzeug?post=7226"},{"taxonomy":"exteinsatzmittel","embeddable":true,"href":"https:\/\/feuerwehr-vglambrecht.de\/cms\/wp-json\/wp\/v2\/exteinsatzmittel?post=7226"},{"taxonomy":"alarmierungsart","embeddable":true,"href":"https:\/\/feuerwehr-vglambrecht.de\/cms\/wp-json\/wp\/v2\/alarmierungsart?post=7226"},{"taxonomy":"evw_unit","embeddable":true,"href":"https:\/\/feuerwehr-vglambrecht.de\/cms\/wp-json\/wp\/v2\/evw_unit?post=7226"}],"curies":[{"name":"wp","href":"https:\/\/api.w.org\/{rel}","templated":true}]}}

<p>Die Feuerwehr Lambrecht wurde am 16.12.2018 um 17:53 Uhr in der Hauptstraße in Lambrecht zu einer Brandnachschau alarmiert.</p>
<p><!--more--></p>
<p>Eine Anwohnerin vermutete einen Schwelbrand hinter einer Wand, welche mittels Wärmebildkamera von der Feuerwehr abgesucht wurde. Ein Schwelbrand bestätigte sich jedoch nicht, dafür konnte jedoch eine verschmorte Steckdose, vermutlich aufgrund einer Überlastung, vorgefunden werden. Da von der Steckdose keine weitere Gefahr mehr ausging, wurde das Gebäude der Anwohnerin wieder übergeben und empfohlen einen Elektriker einzuschalten.</p>

Hauptstraße, Lambrecht
