{"id":7196,"date":"2018-11-27T19:39:00","date_gmt":"2018-11-27T18:39:00","guid":{"rendered":"https:\/\/feuerwehr-vglambrecht.de\/cms\/?post_type=einsatz&#038;p=7196"},"modified":"2018-11-28T16:06:10","modified_gmt":"2018-11-28T15:06:10","slug":"auslaufende-betriebstoffe-g1-02","status":"publish","type":"einsatz","link":"https:\/\/feuerwehr-vglambrecht.de\/cms\/einsatzberichte\/auslaufende-betriebstoffe-g1-02\/","title":{"rendered":"Auslaufende Betriebstoffe (G1.02)"},"content":{"rendered":"<p>Die Feuerwehren Weidenthal und Neidenfels wurden am 27.11.2018 um 19:39 Uhr nach Weidenthal alarmiert.<!--more--> Ein PKW kollidierte\u00a0 in einem Waldweg mit einer Leitplanke und verlor im Anschluss Betriebsfl\u00fcssigkeiten. Mit aufleuchten der Warnleuchte, bemerkte dies der Fahrer und alarmierte die Feuerwehr. Die Einsatzkr\u00e4fte nahmen die Betriebsstoffe auf und \u00fcberpr\u00fcften die Umgebung auf Verunreinigungen. Die Einsatzstelle wurde im Anschluss an die Polizei \u00fcbergeben.<\/p>\n","protected":false},"author":1,"featured_media":0,"template":"","meta":{"einsatz_weight":1,"footnotes":""},"categories":[],"tags":[],"einsatzart":[33],"fahrzeug":[60,59,61,62],"exteinsatzmittel":[68,21,30],"alarmierungsart":[10],"evw_unit":[],"class_list":["post-7196","einsatz","type-einsatz","status-publish","hentry","einsatzart-th","fahrzeug-neidenfels-19","fahrzeug-neidenfels-47","fahrzeug-neidenfels-73","fahrzeug-weidenthal-42","exteinsatzmittel-fw_nei","exteinsatzmittel-fw_wei","exteinsatzmittel-pol","alarmierungsart-dme-digitaler-meldeempfaenger"],"better_featured_image":null,"einsatz_ort":"Weidenthal","einsatz_ende":"2018-11-27 21:08","einsatz_beginn":"","_links":{"self":[{"href":"https:\/\/feuerwehr-vglambrecht.de\/cms\/wp-json\/wp\/v2\/einsatz\/7196","targetHints":{"allow":["GET"]}}],"collection":[{"href":"https:\/\/feuerwehr-vglambrecht.de\/cms\/wp-json\/wp\/v2\/einsatz"}],"about":[{"href":"https:\/\/feuerwehr-vglambrecht.de\/cms\/wp-json\/wp\/v2\/types\/einsatz"}],"author":[{"embeddable":true,"href":"https:\/\/feuerwehr-vglambrecht.de\/cms\/wp-json\/wp\/v2\/users\/1"}],"version-history":[{"count":2,"href":"https:\/\/feuerwehr-vglambrecht.de\/cms\/wp-json\/wp\/v2\/einsatz\/7196\/revisions"}],"predecessor-version":[{"id":7199,"href":"https:\/\/feuerwehr-vglambrecht.de\/cms\/wp-json\/wp\/v2\/einsatz\/7196\/revisions\/7199"}],"wp:attachment":[{"href":"https:\/\/feuerwehr-vglambrecht.de\/cms\/wp-json\/wp\/v2\/media?parent=7196"}],"wp:term":[{"taxonomy":"category","embeddable":true,"href":"https:\/\/feuerwehr-vglambrecht.de\/cms\/wp-json\/wp\/v2\/categories?post=7196"},{"taxonomy":"post_tag","embeddable":true,"href":"https:\/\/feuerwehr-vglambrecht.de\/cms\/wp-json\/wp\/v2\/tags?post=7196"},{"taxonomy":"einsatzart","embeddable":true,"href":"https:\/\/feuerwehr-vglambrecht.de\/cms\/wp-json\/wp\/v2\/einsatzart?post=7196"},{"taxonomy":"fahrzeug","embeddable":true,"href":"https:\/\/feuerwehr-vglambrecht.de\/cms\/wp-json\/wp\/v2\/fahrzeug?post=7196"},{"taxonomy":"exteinsatzmittel","embeddable":true,"href":"https:\/\/feuerwehr-vglambrecht.de\/cms\/wp-json\/wp\/v2\/exteinsatzmittel?post=7196"},{"taxonomy":"alarmierungsart","embeddable":true,"href":"https:\/\/feuerwehr-vglambrecht.de\/cms\/wp-json\/wp\/v2\/alarmierungsart?post=7196"},{"taxonomy":"evw_unit","embeddable":true,"href":"https:\/\/feuerwehr-vglambrecht.de\/cms\/wp-json\/wp\/v2\/evw_unit?post=7196"}],"curies":[{"name":"wp","href":"https:\/\/api.w.org\/{rel}","templated":true}]}}

<p>Die Feuerwehren Weidenthal und Neidenfels wurden am 27.11.2018 um 19:39 Uhr nach Weidenthal alarmiert.<!--more--> Ein PKW kollidierte  in einem Waldweg mit einer Leitplanke und verlor im Anschluss Betriebsflüssigkeiten. Mit aufleuchten der Warnleuchte, bemerkte dies der Fahrer und alarmierte die Feuerwehr. Die Einsatzkräfte nahmen die Betriebsstoffe auf und überprüften die Umgebung auf Verunreinigungen. Die Einsatzstelle wurde im Anschluss an die Polizei übergeben.</p>
