{"id":7082,"date":"2018-09-25T17:01:00","date_gmt":"2018-09-25T15:01:00","guid":{"rendered":"https:\/\/feuerwehr-vglambrecht.de\/cms\/?post_type=einsatz&#038;p=7082"},"modified":"2018-09-25T19:16:49","modified_gmt":"2018-09-25T17:16:49","slug":"auslaufende-betriebsstoffe-g1-02","status":"publish","type":"einsatz","link":"https:\/\/feuerwehr-vglambrecht.de\/cms\/einsatzberichte\/auslaufende-betriebsstoffe-g1-02\/","title":{"rendered":"Auslaufende Betriebsstoffe (G1.02)"},"content":{"rendered":"<p><strong>Verkehrsunfall mit verletzter Person<\/strong><\/p>\n<p>Am 25. September 2018 um 17:00 Uhr wurden die Feuerwehren Frankeneck und Esthal zu auslaufenden Betriebsstoffen<br \/>\nnach einem Verkehrsunfall in Frankeneck alarmiert. <!--more-->In der Neufelder Stra\u00dfe fuhr aus bisher ungekl\u00e4rten Umst\u00e4nden eine junge Frau mit ihrem Fahrzeug auf ein am Stra\u00dfenrand geparktes Auto auf und schob dieses auf ein weiteres. Die Frau konnte noch selbstst\u00e4ndig ihr Fahrzeug verlassen. Auf Grund ihrer doch schweren inneren Verletzungen, musste sie bis zum Eintreffen des Rettungsdienstes von der Feuerwehr erstversorgt und betreut werden. Ausgelaufene Betriebsstoffe wurden von der Feuerwehr aufgenommen und entsorgt. Die Einsatzstelle wurde von der anwesenden Polizei zur weiteren Vorgehensweise \u00fcbernommen.\n<div class=\"ngg-galleryoverview\" id=\"ngg-gallery-228-7082\">\n\n\t<!-- Slideshow link -->\n\t<div class=\"slideshowlink\">\n\t\t<a class=\"slideshowlink\" href=\"https:\/\/feuerwehr-vglambrecht.de\/cms\/einsatzberichte\/auslaufende-betriebsstoffe-g1-02\/nggallery\/slideshow\">\n\t\t\t[Show as slideshow]\t\t<\/a>\n\t<\/div>\n\n\t\n\t<!-- Thumbnails -->\n\t\t\n\t<div id=\"ngg-image-1478\" class=\"ngg-gallery-thumbnail-box\"  >\n\t\t<div class=\"ngg-gallery-thumbnail\" >\n\t\t\t<a href=\"https:\/\/feuerwehr-vglambrecht.de\/cms\/wp-content\/gallery\/vu-frankeneck\/dsc09764.jpg\" title=\" \" class=\"shutterset_set_228\" >\n\t\t\t\t\t\t\t\t<img loading=\"lazy\" decoding=\"async\" title=\"SONY DSC\" alt=\"SONY DSC\" src=\"https:\/\/feuerwehr-vglambrecht.de\/cms\/wp-content\/gallery\/vu-frankeneck\/thumbs\/thumbs_dsc09764.jpg\" width=\"100\" height=\"75\" \/>\n\t\t\t\t\t\t\t<\/a>\n\t\t<\/div>\n\t<\/div>\n\t\n\t\t\n \t\t\n\t<div id=\"ngg-image-1479\" class=\"ngg-gallery-thumbnail-box\"  >\n\t\t<div class=\"ngg-gallery-thumbnail\" >\n\t\t\t<a href=\"https:\/\/feuerwehr-vglambrecht.de\/cms\/wp-content\/gallery\/vu-frankeneck\/dsc09765.jpg\" title=\" \" class=\"shutterset_set_228\" >\n\t\t\t\t\t\t\t\t<img loading=\"lazy\" decoding=\"async\" title=\"SONY DSC\" alt=\"SONY DSC\" src=\"https:\/\/feuerwehr-vglambrecht.de\/cms\/wp-content\/gallery\/vu-frankeneck\/thumbs\/thumbs_dsc09765.jpg\" width=\"100\" height=\"75\" \/>\n\t\t\t\t\t\t\t<\/a>\n\t\t<\/div>\n\t<\/div>\n\t\n\t\t\n \t \t\n\t<!-- Pagination -->\n \t<div class='ngg-clear'><\/div>\n \t\n<\/div>\n\n<\/p>\n","protected":false},"author":5,"featured_media":7085,"template":"","meta":{"einsatz_weight":1,"footnotes":""},"categories":[],"tags":[195],"einsatzart":[23],"fahrzeug":[307,44,45],"exteinsatzmittel":[12,13,299,187,30,31],"alarmierungsart":[10],"evw_unit":[],"class_list":["post-7082","einsatz","type-einsatz","status-publish","has-post-thumbnail","hentry","tag-auslaufende-betriebsstoffe","einsatzart-gff","fahrzeug-307","fahrzeug-frankeneck-40","fahrzeug-frankeneck-73","exteinsatzmittel-fw_est","exteinsatzmittel-fw_fra","exteinsatzmittel-fez-neustadt","exteinsatzmittel-notarzt","exteinsatzmittel-pol","exteinsatzmittel-drk","alarmierungsart-dme-digitaler-meldeempfaenger"],"better_featured_image":{"id":7085,"alt_text":"","caption":"SONY DSC","description":"","media_type":"image","media_details":{"width":2560,"height":1036,"file":"2018\/09\/DSC09765-e1537895197966-scaled.jpg","filesize":306508,"sizes":{"medium_large":{"file":"DSC09765-e1537895197966-768x311.jpg","width":768,"height":311,"mime-type":"image\/jpeg","filesize":38025,"source_url":"https:\/\/feuerwehr-vglambrecht.de\/cms\/wp-content\/uploads\/2018\/09\/DSC09765-e1537895197966-768x311.jpg"},"1536x1536":{"file":"DSC09765-e1537895197966-1536x621.jpg","width":1536,"height":621,"mime-type":"image\/jpeg","filesize":128730,"source_url":"https:\/\/feuerwehr-vglambrecht.de\/cms\/wp-content\/uploads\/2018\/09\/DSC09765-e1537895197966-1536x621.jpg"},"2048x2048":{"file":"DSC09765-e1537895197966-2048x829.jpg","width":2048,"height":829,"mime-type":"image\/jpeg","filesize":211443,"source_url":"https:\/\/feuerwehr-vglambrecht.de\/cms\/wp-content\/uploads\/2018\/09\/DSC09765-e1537895197966-2048x829.jpg"},"wptouch-new-thumbnail":{"file":"DSC09765-e1537895197966-144x144.jpg","width":144,"height":144,"mime-type":"image\/jpeg","filesize":4953,"source_url":"https:\/\/feuerwehr-vglambrecht.de\/cms\/wp-content\/uploads\/2018\/09\/DSC09765-e1537895197966-144x144.jpg"},"landing_image":{"file":"DSC09765-e1537895197966-1024x460.jpg","width":1024,"height":460,"mime-type":"image\/jpeg","filesize":69438,"source_url":"https:\/\/feuerwehr-vglambrecht.de\/cms\/wp-content\/uploads\/2018\/09\/DSC09765-e1537895197966-1024x460.jpg"},"foundation-featured-image":{"file":"DSC09765-e1537895197966-900x364.jpg","width":900,"height":364,"mime-type":"image\/jpeg","filesize":50469,"source_url":"https:\/\/feuerwehr-vglambrecht.de\/cms\/wp-content\/uploads\/2018\/09\/DSC09765-e1537895197966-900x364.jpg"},"thumbnail":{"file":"DSC09765-e1537895197966-150x150.jpg","width":150,"height":150,"source_url":"https:\/\/feuerwehr-vglambrecht.de\/cms\/wp-content\/uploads\/2018\/09\/DSC09765-e1537895197966-150x150.jpg"},"medium":{"file":"DSC09765-e1537895197966-300x121.jpg","width":300,"height":121,"source_url":"https:\/\/feuerwehr-vglambrecht.de\/cms\/wp-content\/uploads\/2018\/09\/DSC09765-e1537895197966-300x121.jpg"},"large":{"file":"DSC09765-e1537895197966-1024x414.jpg","width":1024,"height":414,"source_url":"https:\/\/feuerwehr-vglambrecht.de\/cms\/wp-content\/uploads\/2018\/09\/DSC09765-e1537895197966-1024x414.jpg"}},"image_meta":{"aperture":"0","credit":"","camera":"","caption":"","created_timestamp":"0","copyright":"","focal_length":"0","iso":"0","shutter_speed":"0","title":"","orientation":"0","keywords":[]},"original_image":"DSC09765-e1537895197966.jpg","image-converter":{"thumbnail":"IME","medium":"IME","large":"IME"}},"post":7082,"source_url":"https:\/\/feuerwehr-vglambrecht.de\/cms\/wp-content\/uploads\/2018\/09\/DSC09765-e1537895197966-scaled.jpg"},"einsatz_ort":"Frankeneck","einsatz_ende":"2018-09-25 17:57","einsatz_beginn":"","_links":{"self":[{"href":"https:\/\/feuerwehr-vglambrecht.de\/cms\/wp-json\/wp\/v2\/einsatz\/7082","targetHints":{"allow":["GET"]}}],"collection":[{"href":"https:\/\/feuerwehr-vglambrecht.de\/cms\/wp-json\/wp\/v2\/einsatz"}],"about":[{"href":"https:\/\/feuerwehr-vglambrecht.de\/cms\/wp-json\/wp\/v2\/types\/einsatz"}],"author":[{"embeddable":true,"href":"https:\/\/feuerwehr-vglambrecht.de\/cms\/wp-json\/wp\/v2\/users\/5"}],"version-history":[{"count":4,"href":"https:\/\/feuerwehr-vglambrecht.de\/cms\/wp-json\/wp\/v2\/einsatz\/7082\/revisions"}],"predecessor-version":[{"id":7089,"href":"https:\/\/feuerwehr-vglambrecht.de\/cms\/wp-json\/wp\/v2\/einsatz\/7082\/revisions\/7089"}],"wp:featuredmedia":[{"embeddable":true,"href":"https:\/\/feuerwehr-vglambrecht.de\/cms\/wp-json\/wp\/v2\/media\/7085"}],"wp:attachment":[{"href":"https:\/\/feuerwehr-vglambrecht.de\/cms\/wp-json\/wp\/v2\/media?parent=7082"}],"wp:term":[{"taxonomy":"category","embeddable":true,"href":"https:\/\/feuerwehr-vglambrecht.de\/cms\/wp-json\/wp\/v2\/categories?post=7082"},{"taxonomy":"post_tag","embeddable":true,"href":"https:\/\/feuerwehr-vglambrecht.de\/cms\/wp-json\/wp\/v2\/tags?post=7082"},{"taxonomy":"einsatzart","embeddable":true,"href":"https:\/\/feuerwehr-vglambrecht.de\/cms\/wp-json\/wp\/v2\/einsatzart?post=7082"},{"taxonomy":"fahrzeug","embeddable":true,"href":"https:\/\/feuerwehr-vglambrecht.de\/cms\/wp-json\/wp\/v2\/fahrzeug?post=7082"},{"taxonomy":"exteinsatzmittel","embeddable":true,"href":"https:\/\/feuerwehr-vglambrecht.de\/cms\/wp-json\/wp\/v2\/exteinsatzmittel?post=7082"},{"taxonomy":"alarmierungsart","embeddable":true,"href":"https:\/\/feuerwehr-vglambrecht.de\/cms\/wp-json\/wp\/v2\/alarmierungsart?post=7082"},{"taxonomy":"evw_unit","embeddable":true,"href":"https:\/\/feuerwehr-vglambrecht.de\/cms\/wp-json\/wp\/v2\/evw_unit?post=7082"}],"curies":[{"name":"wp","href":"https:\/\/api.w.org\/{rel}","templated":true}]}}

<p><strong>Verkehrsunfall mit verletzter Person</strong></p>
<p>Am 25. September 2018 um 17:00 Uhr wurden die Feuerwehren Frankeneck und Esthal zu auslaufenden Betriebsstoffen<br />
nach einem Verkehrsunfall in Frankeneck alarmiert. <!--more-->In der Neufelder Straße fuhr aus bisher ungeklärten Umständen eine junge Frau mit ihrem Fahrzeug auf ein am Straßenrand geparktes Auto auf und schob dieses auf ein weiteres. Die Frau konnte noch selbstständig ihr Fahrzeug verlassen. Auf Grund ihrer doch schweren inneren Verletzungen, musste sie bis zum Eintreffen des Rettungsdienstes von der Feuerwehr erstversorgt und betreut werden. Ausgelaufene Betriebsstoffe wurden von der Feuerwehr aufgenommen und entsorgt. Die Einsatzstelle wurde von der anwesenden Polizei zur weiteren Vorgehensweise übernommen.
<div class="ngg-galleryoverview" id="ngg-gallery-228-7082">

	<!-- Slideshow link -->
	<div class="slideshowlink">
		<a class="slideshowlink" href="https://feuerwehr-vglambrecht.de/cms/einsatzberichte/auslaufende-betriebsstoffe-g1-02/nggallery/slideshow">
			[Show as slideshow]		</a>
	</div>

	
	<!-- Thumbnails -->
		
	<div id="ngg-image-1478" class="ngg-gallery-thumbnail-box"  >
		<div class="ngg-gallery-thumbnail" >
			<a href="https://feuerwehr-vglambrecht.de/cms/wp-content/gallery/vu-frankeneck/dsc09764.jpg" title=" " class="shutterset_set_228" >
								<img loading="lazy" decoding="async" title="SONY DSC" alt="SONY DSC" src="https://feuerwehr-vglambrecht.de/cms/wp-content/gallery/vu-frankeneck/thumbs/thumbs_dsc09764.jpg" width="100" height="75" />
							</a>
		</div>
	</div>
	
		
 		
	<div id="ngg-image-1479" class="ngg-gallery-thumbnail-box"  >
		<div class="ngg-gallery-thumbnail" >
			<a href="https://feuerwehr-vglambrecht.de/cms/wp-content/gallery/vu-frankeneck/dsc09765.jpg" title=" " class="shutterset_set_228" >
								<img loading="lazy" decoding="async" title="SONY DSC" alt="SONY DSC" src="https://feuerwehr-vglambrecht.de/cms/wp-content/gallery/vu-frankeneck/thumbs/thumbs_dsc09765.jpg" width="100" height="75" />
							</a>
		</div>
	</div>
	
		
 	 	
	<!-- Pagination -->
 	<div class='ngg-clear'></div>
 	
</div>

</p>
