{"id":6993,"date":"2018-08-12T19:31:00","date_gmt":"2018-08-12T17:31:00","guid":{"rendered":"https:\/\/feuerwehr-vglambrecht.de\/cms\/?post_type=einsatz&#038;p=6993"},"modified":"2018-08-14T21:09:30","modified_gmt":"2018-08-14T19:09:30","slug":"flaechenbrand-klein-b1-02","status":"publish","type":"einsatz","link":"https:\/\/feuerwehr-vglambrecht.de\/cms\/einsatzberichte\/flaechenbrand-klein-b1-02\/","title":{"rendered":"Fl\u00e4chenbrand klein (B1.02)"},"content":{"rendered":"<p>Zu einem kleinen B\u00f6schungsbrand am Bahndamm im Weidenthal wurden die Feuerwehren Neidenfels und Weidenthal am Sonntagabend um 19:31 Uhr alarmiert. <!--more-->Bis zum Eintreffen der Feuerwehr wurde der Brand bereits durch Anwohner gel\u00f6scht. Die Feuerwehr f\u00fchrte Nachl\u00f6scharbeiten durch und kontrollierte die Brandstelle mithilfe einer W\u00e4rmebildkamera auf Glutnester, um ein erneutes Entfachen des Feuers zu verhindern.<\/p>\n","protected":false},"author":1,"featured_media":0,"template":"","meta":{"einsatz_weight":1,"footnotes":""},"categories":[],"tags":[180,135,136],"einsatzart":[7],"fahrzeug":[60,59,61,64,62,63],"exteinsatzmittel":[68,21,30],"alarmierungsart":[10],"evw_unit":[],"class_list":["post-6993","einsatz","type-einsatz","status-publish","hentry","tag-brand","tag-neidenfels","tag-weidenthal","einsatzart-brand","fahrzeug-neidenfels-19","fahrzeug-neidenfels-47","fahrzeug-neidenfels-73","fahrzeug-weidenthal-19","fahrzeug-weidenthal-42","fahrzeug-weidenthal-73","exteinsatzmittel-fw_nei","exteinsatzmittel-fw_wei","exteinsatzmittel-pol","alarmierungsart-dme-digitaler-meldeempfaenger"],"better_featured_image":null,"einsatz_ort":"Weidenthal","einsatz_ende":"2018-08-12 20:03","einsatz_beginn":"","_links":{"self":[{"href":"https:\/\/feuerwehr-vglambrecht.de\/cms\/wp-json\/wp\/v2\/einsatz\/6993","targetHints":{"allow":["GET"]}}],"collection":[{"href":"https:\/\/feuerwehr-vglambrecht.de\/cms\/wp-json\/wp\/v2\/einsatz"}],"about":[{"href":"https:\/\/feuerwehr-vglambrecht.de\/cms\/wp-json\/wp\/v2\/types\/einsatz"}],"author":[{"embeddable":true,"href":"https:\/\/feuerwehr-vglambrecht.de\/cms\/wp-json\/wp\/v2\/users\/1"}],"version-history":[{"count":1,"href":"https:\/\/feuerwehr-vglambrecht.de\/cms\/wp-json\/wp\/v2\/einsatz\/6993\/revisions"}],"predecessor-version":[{"id":6994,"href":"https:\/\/feuerwehr-vglambrecht.de\/cms\/wp-json\/wp\/v2\/einsatz\/6993\/revisions\/6994"}],"wp:attachment":[{"href":"https:\/\/feuerwehr-vglambrecht.de\/cms\/wp-json\/wp\/v2\/media?parent=6993"}],"wp:term":[{"taxonomy":"category","embeddable":true,"href":"https:\/\/feuerwehr-vglambrecht.de\/cms\/wp-json\/wp\/v2\/categories?post=6993"},{"taxonomy":"post_tag","embeddable":true,"href":"https:\/\/feuerwehr-vglambrecht.de\/cms\/wp-json\/wp\/v2\/tags?post=6993"},{"taxonomy":"einsatzart","embeddable":true,"href":"https:\/\/feuerwehr-vglambrecht.de\/cms\/wp-json\/wp\/v2\/einsatzart?post=6993"},{"taxonomy":"fahrzeug","embeddable":true,"href":"https:\/\/feuerwehr-vglambrecht.de\/cms\/wp-json\/wp\/v2\/fahrzeug?post=6993"},{"taxonomy":"exteinsatzmittel","embeddable":true,"href":"https:\/\/feuerwehr-vglambrecht.de\/cms\/wp-json\/wp\/v2\/exteinsatzmittel?post=6993"},{"taxonomy":"alarmierungsart","embeddable":true,"href":"https:\/\/feuerwehr-vglambrecht.de\/cms\/wp-json\/wp\/v2\/alarmierungsart?post=6993"},{"taxonomy":"evw_unit","embeddable":true,"href":"https:\/\/feuerwehr-vglambrecht.de\/cms\/wp-json\/wp\/v2\/evw_unit?post=6993"}],"curies":[{"name":"wp","href":"https:\/\/api.w.org\/{rel}","templated":true}]}}

Flächenbrand klein (B1.02)

<p>Zu einem kleinen Böschungsbrand am Bahndamm im Weidenthal wurden die Feuerwehren Neidenfels und Weidenthal am Sonntagabend um 19:31 Uhr alarmiert. <!--more-->Bis zum Eintreffen der Feuerwehr wurde der Brand bereits durch Anwohner gelöscht. Die Feuerwehr führte Nachlöscharbeiten durch und kontrollierte die Brandstelle mithilfe einer Wärmebildkamera auf Glutnester, um ein erneutes Entfachen des Feuers zu verhindern.</p>
