{"id":6909,"date":"2018-07-25T10:02:00","date_gmt":"2018-07-25T08:02:00","guid":{"rendered":"https:\/\/feuerwehr-vglambrecht.de\/cms\/?post_type=einsatz&#038;p=6909"},"modified":"2018-07-27T12:48:44","modified_gmt":"2018-07-27T10:48:44","slug":"brandmeldeanlage-b2-07-2","status":"publish","type":"einsatz","link":"https:\/\/feuerwehr-vglambrecht.de\/cms\/einsatzberichte\/brandmeldeanlage-b2-07-2\/","title":{"rendered":"Brandmeldeanlage (B2.07)"},"content":{"rendered":"<p>Aufgrund einer ausgel\u00f6sten Brandmeldeanlage wurden die Einheiten Neidenfels und Weidenthal am 25.07.2018 um 10:02 Uhr in die Staatsstra\u00dfe in Neidenfels alarmiert.<span id=\"more-6444\"><\/span>\u00a0Die Feuerwehr erkundete das Geb\u00e4ude und stellte fest, dass es sich um einen Fehlalarm handelte. Die Brandmeldeanlage wurde durch die Feuerwehr zur\u00fcckgesetzt und das Geb\u00e4ude an den Eigent\u00fcmer \u00fcbergeben.<\/p>\n","protected":false},"author":1,"featured_media":0,"template":"","meta":{"einsatz_weight":1,"footnotes":""},"categories":[],"tags":[163,135,136],"einsatzart":[8],"fahrzeug":[59,62],"exteinsatzmittel":[68,21,323],"alarmierungsart":[10],"evw_unit":[],"class_list":["post-6909","einsatz","type-einsatz","status-publish","hentry","tag-brandmeldeanlage","tag-neidenfels","tag-weidenthal","einsatzart-bma","fahrzeug-neidenfels-47","fahrzeug-weidenthal-42","exteinsatzmittel-fw_nei","exteinsatzmittel-fw_wei","exteinsatzmittel-rettungdienst","alarmierungsart-dme-digitaler-meldeempfaenger"],"better_featured_image":null,"einsatz_ort":"Neidenfels, Staatsstra\u00dfe","einsatz_ende":"2018-07-25 10:25","einsatz_beginn":"","_links":{"self":[{"href":"https:\/\/feuerwehr-vglambrecht.de\/cms\/wp-json\/wp\/v2\/einsatz\/6909","targetHints":{"allow":["GET"]}}],"collection":[{"href":"https:\/\/feuerwehr-vglambrecht.de\/cms\/wp-json\/wp\/v2\/einsatz"}],"about":[{"href":"https:\/\/feuerwehr-vglambrecht.de\/cms\/wp-json\/wp\/v2\/types\/einsatz"}],"author":[{"embeddable":true,"href":"https:\/\/feuerwehr-vglambrecht.de\/cms\/wp-json\/wp\/v2\/users\/1"}],"version-history":[{"count":2,"href":"https:\/\/feuerwehr-vglambrecht.de\/cms\/wp-json\/wp\/v2\/einsatz\/6909\/revisions"}],"predecessor-version":[{"id":6911,"href":"https:\/\/feuerwehr-vglambrecht.de\/cms\/wp-json\/wp\/v2\/einsatz\/6909\/revisions\/6911"}],"wp:attachment":[{"href":"https:\/\/feuerwehr-vglambrecht.de\/cms\/wp-json\/wp\/v2\/media?parent=6909"}],"wp:term":[{"taxonomy":"category","embeddable":true,"href":"https:\/\/feuerwehr-vglambrecht.de\/cms\/wp-json\/wp\/v2\/categories?post=6909"},{"taxonomy":"post_tag","embeddable":true,"href":"https:\/\/feuerwehr-vglambrecht.de\/cms\/wp-json\/wp\/v2\/tags?post=6909"},{"taxonomy":"einsatzart","embeddable":true,"href":"https:\/\/feuerwehr-vglambrecht.de\/cms\/wp-json\/wp\/v2\/einsatzart?post=6909"},{"taxonomy":"fahrzeug","embeddable":true,"href":"https:\/\/feuerwehr-vglambrecht.de\/cms\/wp-json\/wp\/v2\/fahrzeug?post=6909"},{"taxonomy":"exteinsatzmittel","embeddable":true,"href":"https:\/\/feuerwehr-vglambrecht.de\/cms\/wp-json\/wp\/v2\/exteinsatzmittel?post=6909"},{"taxonomy":"alarmierungsart","embeddable":true,"href":"https:\/\/feuerwehr-vglambrecht.de\/cms\/wp-json\/wp\/v2\/alarmierungsart?post=6909"},{"taxonomy":"evw_unit","embeddable":true,"href":"https:\/\/feuerwehr-vglambrecht.de\/cms\/wp-json\/wp\/v2\/evw_unit?post=6909"}],"curies":[{"name":"wp","href":"https:\/\/api.w.org\/{rel}","templated":true}]}}

<p>Aufgrund einer ausgelösten Brandmeldeanlage wurden die Einheiten Neidenfels und Weidenthal am 25.07.2018 um 10:02 Uhr in die Staatsstraße in Neidenfels alarmiert.<span id="more-6444"></span> Die Feuerwehr erkundete das Gebäude und stellte fest, dass es sich um einen Fehlalarm handelte. Die Brandmeldeanlage wurde durch die Feuerwehr zurückgesetzt und das Gebäude an den Eigentümer übergeben.</p>

Neidenfels, Staatsstraße
