{"id":6719,"date":"2018-05-21T16:51:00","date_gmt":"2018-05-21T14:51:00","guid":{"rendered":"https:\/\/feuerwehr-vglambrecht.de\/cms\/?post_type=einsatz&#038;p=6719"},"modified":"2018-05-22T10:38:29","modified_gmt":"2018-05-22T08:38:29","slug":"rauchmelder-haeuslich-b2-06","status":"publish","type":"einsatz","link":"https:\/\/feuerwehr-vglambrecht.de\/cms\/einsatzberichte\/rauchmelder-haeuslich-b2-06\/","title":{"rendered":"Rauchmelder h\u00e4uslich (B2.06)"},"content":{"rendered":"<p>Am\u00a021.05.2018 um\u00a016:51 Uhr wurde die Feuerwehr Lambrecht zu\u00a0einem ausgel\u00f6sten Rauchmelder in die Beerentalstra\u00dfe\u00a0in Lambrecht alarmiert.\u00a0<span id=\"more-5966\"><\/span><\/p>\n<p>Das akustische Signal konnte aus einem Mehrfamilienhaus geortet werden. Die Bewohnerin traf zeitgleich mit der Feuerwehr ein und \u00fcbergab dem Angriffstrupp den Wohnungsschl\u00fcssel zur Erkundung.<\/p>\n<p>Nach der Erkundung konnte kein Einsatz f\u00fcr die Feuerwehr festgestellt werden und die Schl\u00fcssel wurden der Besitzerin wieder ausgeh\u00e4ndigt.<\/p>\n","protected":false},"author":1,"featured_media":0,"template":"","meta":{"einsatz_weight":1,"footnotes":""},"categories":[],"tags":[],"einsatzart":[7],"fahrzeug":[49,51,53,54],"exteinsatzmittel":[31],"alarmierungsart":[],"evw_unit":[],"class_list":["post-6719","einsatz","type-einsatz","status-publish","hentry","einsatzart-brand","fahrzeug-lambrecht-11","fahrzeug-lambrecht-241","fahrzeug-lambrecht-33","fahrzeug-lambrecht-44","exteinsatzmittel-drk"],"better_featured_image":null,"einsatz_ort":"Beerentalstra\u00dfe, Lambrecht","einsatz_ende":"2018-05-21 17:15","einsatz_beginn":"","_links":{"self":[{"href":"https:\/\/feuerwehr-vglambrecht.de\/cms\/wp-json\/wp\/v2\/einsatz\/6719","targetHints":{"allow":["GET"]}}],"collection":[{"href":"https:\/\/feuerwehr-vglambrecht.de\/cms\/wp-json\/wp\/v2\/einsatz"}],"about":[{"href":"https:\/\/feuerwehr-vglambrecht.de\/cms\/wp-json\/wp\/v2\/types\/einsatz"}],"author":[{"embeddable":true,"href":"https:\/\/feuerwehr-vglambrecht.de\/cms\/wp-json\/wp\/v2\/users\/1"}],"version-history":[{"count":1,"href":"https:\/\/feuerwehr-vglambrecht.de\/cms\/wp-json\/wp\/v2\/einsatz\/6719\/revisions"}],"predecessor-version":[{"id":6720,"href":"https:\/\/feuerwehr-vglambrecht.de\/cms\/wp-json\/wp\/v2\/einsatz\/6719\/revisions\/6720"}],"wp:attachment":[{"href":"https:\/\/feuerwehr-vglambrecht.de\/cms\/wp-json\/wp\/v2\/media?parent=6719"}],"wp:term":[{"taxonomy":"category","embeddable":true,"href":"https:\/\/feuerwehr-vglambrecht.de\/cms\/wp-json\/wp\/v2\/categories?post=6719"},{"taxonomy":"post_tag","embeddable":true,"href":"https:\/\/feuerwehr-vglambrecht.de\/cms\/wp-json\/wp\/v2\/tags?post=6719"},{"taxonomy":"einsatzart","embeddable":true,"href":"https:\/\/feuerwehr-vglambrecht.de\/cms\/wp-json\/wp\/v2\/einsatzart?post=6719"},{"taxonomy":"fahrzeug","embeddable":true,"href":"https:\/\/feuerwehr-vglambrecht.de\/cms\/wp-json\/wp\/v2\/fahrzeug?post=6719"},{"taxonomy":"exteinsatzmittel","embeddable":true,"href":"https:\/\/feuerwehr-vglambrecht.de\/cms\/wp-json\/wp\/v2\/exteinsatzmittel?post=6719"},{"taxonomy":"alarmierungsart","embeddable":true,"href":"https:\/\/feuerwehr-vglambrecht.de\/cms\/wp-json\/wp\/v2\/alarmierungsart?post=6719"},{"taxonomy":"evw_unit","embeddable":true,"href":"https:\/\/feuerwehr-vglambrecht.de\/cms\/wp-json\/wp\/v2\/evw_unit?post=6719"}],"curies":[{"name":"wp","href":"https:\/\/api.w.org\/{rel}","templated":true}]}}

Rauchmelder häuslich (B2.06)

<p>Am 21.05.2018 um 16:51 Uhr wurde die Feuerwehr Lambrecht zu einem ausgelösten Rauchmelder in die Beerentalstraße in Lambrecht alarmiert. <span id="more-5966"></span></p>
<p>Das akustische Signal konnte aus einem Mehrfamilienhaus geortet werden. Die Bewohnerin traf zeitgleich mit der Feuerwehr ein und übergab dem Angriffstrupp den Wohnungsschlüssel zur Erkundung.</p>
<p>Nach der Erkundung konnte kein Einsatz für die Feuerwehr festgestellt werden und die Schlüssel wurden der Besitzerin wieder ausgehändigt.</p>

Beerentalstraße, Lambrecht
