{"id":6581,"date":"2018-03-27T14:34:00","date_gmt":"2018-03-27T12:34:00","guid":{"rendered":"https:\/\/feuerwehr-vglambrecht.de\/cms\/?post_type=einsatz&#038;p=6581"},"modified":"2018-03-29T15:11:42","modified_gmt":"2018-03-29T13:11:42","slug":"brandmeldeanlage-49","status":"publish","type":"einsatz","link":"https:\/\/feuerwehr-vglambrecht.de\/cms\/einsatzberichte\/brandmeldeanlage-49\/","title":{"rendered":"Brandmeldeanlage"},"content":{"rendered":"<p>Aufgrund einer ausgel\u00f6sten Brandmeldeanlage wurden die Einheiten Neidenfels und Weidenthal am 27.03.2018 um 14:34 Uhr in die Staatsstra\u00dfe in Neidenfels alarmiert.<span id=\"more-6444\"><\/span>\u00a0Die Feuerwehr erkundete das Geb\u00e4ude und stellte fest, dass es sich um einen Fehlalarm handelte. Die Brandmeldeanlage wurde durch die Feuerwehr zur\u00fcckgesetzt und das Geb\u00e4ude an den Eigent\u00fcmer \u00fcbergeben.<\/p>\n","protected":false},"author":2,"featured_media":0,"template":"","meta":{"einsatz_weight":1,"footnotes":""},"categories":[],"tags":[],"einsatzart":[8],"fahrzeug":[61],"exteinsatzmittel":[68,21],"alarmierungsart":[10],"evw_unit":[],"class_list":["post-6581","einsatz","type-einsatz","status-publish","hentry","einsatzart-bma","fahrzeug-neidenfels-73","exteinsatzmittel-fw_nei","exteinsatzmittel-fw_wei","alarmierungsart-dme-digitaler-meldeempfaenger"],"better_featured_image":null,"einsatz_ort":"Neidenfels, Staatsstra\u00dfe","einsatz_ende":"2018-03-27 15:00","einsatz_beginn":"","_links":{"self":[{"href":"https:\/\/feuerwehr-vglambrecht.de\/cms\/wp-json\/wp\/v2\/einsatz\/6581","targetHints":{"allow":["GET"]}}],"collection":[{"href":"https:\/\/feuerwehr-vglambrecht.de\/cms\/wp-json\/wp\/v2\/einsatz"}],"about":[{"href":"https:\/\/feuerwehr-vglambrecht.de\/cms\/wp-json\/wp\/v2\/types\/einsatz"}],"author":[{"embeddable":true,"href":"https:\/\/feuerwehr-vglambrecht.de\/cms\/wp-json\/wp\/v2\/users\/2"}],"version-history":[{"count":2,"href":"https:\/\/feuerwehr-vglambrecht.de\/cms\/wp-json\/wp\/v2\/einsatz\/6581\/revisions"}],"predecessor-version":[{"id":6583,"href":"https:\/\/feuerwehr-vglambrecht.de\/cms\/wp-json\/wp\/v2\/einsatz\/6581\/revisions\/6583"}],"wp:attachment":[{"href":"https:\/\/feuerwehr-vglambrecht.de\/cms\/wp-json\/wp\/v2\/media?parent=6581"}],"wp:term":[{"taxonomy":"category","embeddable":true,"href":"https:\/\/feuerwehr-vglambrecht.de\/cms\/wp-json\/wp\/v2\/categories?post=6581"},{"taxonomy":"post_tag","embeddable":true,"href":"https:\/\/feuerwehr-vglambrecht.de\/cms\/wp-json\/wp\/v2\/tags?post=6581"},{"taxonomy":"einsatzart","embeddable":true,"href":"https:\/\/feuerwehr-vglambrecht.de\/cms\/wp-json\/wp\/v2\/einsatzart?post=6581"},{"taxonomy":"fahrzeug","embeddable":true,"href":"https:\/\/feuerwehr-vglambrecht.de\/cms\/wp-json\/wp\/v2\/fahrzeug?post=6581"},{"taxonomy":"exteinsatzmittel","embeddable":true,"href":"https:\/\/feuerwehr-vglambrecht.de\/cms\/wp-json\/wp\/v2\/exteinsatzmittel?post=6581"},{"taxonomy":"alarmierungsart","embeddable":true,"href":"https:\/\/feuerwehr-vglambrecht.de\/cms\/wp-json\/wp\/v2\/alarmierungsart?post=6581"},{"taxonomy":"evw_unit","embeddable":true,"href":"https:\/\/feuerwehr-vglambrecht.de\/cms\/wp-json\/wp\/v2\/evw_unit?post=6581"}],"curies":[{"name":"wp","href":"https:\/\/api.w.org\/{rel}","templated":true}]}}

<p>Aufgrund einer ausgelösten Brandmeldeanlage wurden die Einheiten Neidenfels und Weidenthal am 27.03.2018 um 14:34 Uhr in die Staatsstraße in Neidenfels alarmiert.<span id="more-6444"></span> Die Feuerwehr erkundete das Gebäude und stellte fest, dass es sich um einen Fehlalarm handelte. Die Brandmeldeanlage wurde durch die Feuerwehr zurückgesetzt und das Gebäude an den Eigentümer übergeben.</p>

Neidenfels, Staatsstraße
