{"id":6079,"date":"2017-10-15T16:48:00","date_gmt":"2017-10-15T14:48:00","guid":{"rendered":"https:\/\/feuerwehr-vglambrecht.de\/cms\/?post_type=einsatz&#038;p=6079"},"modified":"2017-10-22T13:11:36","modified_gmt":"2017-10-22T11:11:36","slug":"verkehrsunfall","status":"publish","type":"einsatz","link":"https:\/\/feuerwehr-vglambrecht.de\/cms\/einsatzberichte\/verkehrsunfall\/","title":{"rendered":"Verkehrsunfall"},"content":{"rendered":"<p>Die Feuerwehren Weidenthal und Neidenfels wurden auf die B39 zwischen Neidenfels und Weidenthal alarmiert. \u00a0Dort kam es zu einem Unfall zwischen einem Fahrzeug und einem Motorrad. Der Motorradfahrer wurde dabei t\u00f6dlich verletzt.<\/p>\n<p>Die Feuerwehr unterst\u00fctzte die Ersthelfer an der Einsatzstelle bis zum Eintreffen des Rettungsdienstes und sicherte die Einsatzstelle. Ebenso wurde der Landeplatz f\u00fcr den Rettungshubschrauber Christoph 5 freiger\u00e4umt. Die Einsatzstelle wurde f\u00fcr den Rettungsdienst und Polizei ausgeleuchtet und eine Pendelverkehr zwischen Hubschrauber und Unfallort eingerichtet.<\/p>\n<p>Abschlie\u00dfend wurden die auslaufenden Betriebsstoffe aufgenommen und die Fahrbahn gereinigt.<\/p>\n<p>Die B39 war f\u00fcr etwa 3 Stunden gesperrt.<\/p>\n<p>&nbsp;<\/p>\n","protected":false},"author":1,"featured_media":0,"template":"","meta":{"einsatz_weight":1,"footnotes":""},"categories":[],"tags":[135,161,136],"einsatzart":[33],"fahrzeug":[59,62,63],"exteinsatzmittel":[117,68,21,187,30,31],"alarmierungsart":[10],"evw_unit":[],"class_list":["post-6079","einsatz","type-einsatz","status-publish","hentry","tag-neidenfels","tag-verkehrsunfall","tag-weidenthal","einsatzart-th","fahrzeug-neidenfels-47","fahrzeug-weidenthal-42","fahrzeug-weidenthal-73","exteinsatzmittel-christoph-5","exteinsatzmittel-fw_nei","exteinsatzmittel-fw_wei","exteinsatzmittel-notarzt","exteinsatzmittel-pol","exteinsatzmittel-drk","alarmierungsart-dme-digitaler-meldeempfaenger"],"better_featured_image":null,"einsatz_ort":"B39","einsatz_ende":"2017-10-15 19:58","einsatz_beginn":"","_links":{"self":[{"href":"https:\/\/feuerwehr-vglambrecht.de\/cms\/wp-json\/wp\/v2\/einsatz\/6079","targetHints":{"allow":["GET"]}}],"collection":[{"href":"https:\/\/feuerwehr-vglambrecht.de\/cms\/wp-json\/wp\/v2\/einsatz"}],"about":[{"href":"https:\/\/feuerwehr-vglambrecht.de\/cms\/wp-json\/wp\/v2\/types\/einsatz"}],"author":[{"embeddable":true,"href":"https:\/\/feuerwehr-vglambrecht.de\/cms\/wp-json\/wp\/v2\/users\/1"}],"version-history":[{"count":2,"href":"https:\/\/feuerwehr-vglambrecht.de\/cms\/wp-json\/wp\/v2\/einsatz\/6079\/revisions"}],"predecessor-version":[{"id":6086,"href":"https:\/\/feuerwehr-vglambrecht.de\/cms\/wp-json\/wp\/v2\/einsatz\/6079\/revisions\/6086"}],"wp:attachment":[{"href":"https:\/\/feuerwehr-vglambrecht.de\/cms\/wp-json\/wp\/v2\/media?parent=6079"}],"wp:term":[{"taxonomy":"category","embeddable":true,"href":"https:\/\/feuerwehr-vglambrecht.de\/cms\/wp-json\/wp\/v2\/categories?post=6079"},{"taxonomy":"post_tag","embeddable":true,"href":"https:\/\/feuerwehr-vglambrecht.de\/cms\/wp-json\/wp\/v2\/tags?post=6079"},{"taxonomy":"einsatzart","embeddable":true,"href":"https:\/\/feuerwehr-vglambrecht.de\/cms\/wp-json\/wp\/v2\/einsatzart?post=6079"},{"taxonomy":"fahrzeug","embeddable":true,"href":"https:\/\/feuerwehr-vglambrecht.de\/cms\/wp-json\/wp\/v2\/fahrzeug?post=6079"},{"taxonomy":"exteinsatzmittel","embeddable":true,"href":"https:\/\/feuerwehr-vglambrecht.de\/cms\/wp-json\/wp\/v2\/exteinsatzmittel?post=6079"},{"taxonomy":"alarmierungsart","embeddable":true,"href":"https:\/\/feuerwehr-vglambrecht.de\/cms\/wp-json\/wp\/v2\/alarmierungsart?post=6079"},{"taxonomy":"evw_unit","embeddable":true,"href":"https:\/\/feuerwehr-vglambrecht.de\/cms\/wp-json\/wp\/v2\/evw_unit?post=6079"}],"curies":[{"name":"wp","href":"https:\/\/api.w.org\/{rel}","templated":true}]}}

<p>Die Feuerwehren Weidenthal und Neidenfels wurden auf die B39 zwischen Neidenfels und Weidenthal alarmiert.  Dort kam es zu einem Unfall zwischen einem Fahrzeug und einem Motorrad. Der Motorradfahrer wurde dabei tödlich verletzt.</p>
<p>Die Feuerwehr unterstützte die Ersthelfer an der Einsatzstelle bis zum Eintreffen des Rettungsdienstes und sicherte die Einsatzstelle. Ebenso wurde der Landeplatz für den Rettungshubschrauber Christoph 5 freigeräumt. Die Einsatzstelle wurde für den Rettungsdienst und Polizei ausgeleuchtet und eine Pendelverkehr zwischen Hubschrauber und Unfallort eingerichtet.</p>
<p>Abschließend wurden die auslaufenden Betriebsstoffe aufgenommen und die Fahrbahn gereinigt.</p>
<p>Die B39 war für etwa 3 Stunden gesperrt.</p>
<p>&nbsp;</p>
