{"id":5893,"date":"2017-08-15T11:18:00","date_gmt":"2017-08-15T09:18:00","guid":{"rendered":"https:\/\/feuerwehr-vglambrecht.de\/cms\/?post_type=einsatz&#038;p=5893"},"modified":"2017-08-20T15:33:44","modified_gmt":"2017-08-20T13:33:44","slug":"person-im-aufzug-t1-3","status":"publish","type":"einsatz","link":"https:\/\/feuerwehr-vglambrecht.de\/cms\/einsatzberichte\/person-im-aufzug-t1-3\/","title":{"rendered":"Person im Aufzug (T1)"},"content":{"rendered":"<p>Die\u00a0<span class=\"il\">Feuerwehren<\/span>\u00a0Weidenthal und Neidenfels wurden am 15.August um 11:18 Uhr aufgrund einer eingeschlossenen Person im Aufzug zum Bahnhof in Weidenthal alarmiert.<\/p>\n<p>Vor Ort wurden zwei Personen vorgefunden, welche den Aufzug nicht mehr verlassen konnten, da sich die Aufzugst\u00fcr nicht mehr \u00f6ffnete. Die Feuerwehr \u00f6ffnete die T\u00fcr und befreite die Personen. Sie informierte die Deutsche Bahn \u00fcber den Defekt und sperrte den Aufzug ab.<\/p>\n","protected":false},"author":1,"featured_media":0,"template":"","meta":{"einsatz_weight":1,"footnotes":""},"categories":[],"tags":[278,136],"einsatzart":[33],"fahrzeug":[61,62],"exteinsatzmittel":[68,21],"alarmierungsart":[10],"evw_unit":[],"class_list":["post-5893","einsatz","type-einsatz","status-publish","hentry","tag-person_im_aufzug","tag-weidenthal","einsatzart-th","fahrzeug-neidenfels-73","fahrzeug-weidenthal-42","exteinsatzmittel-fw_nei","exteinsatzmittel-fw_wei","alarmierungsart-dme-digitaler-meldeempfaenger"],"better_featured_image":null,"einsatz_ort":"Bahnhof Weidenthal","einsatz_ende":"2017-08-15 11:59","einsatz_beginn":"","_links":{"self":[{"href":"https:\/\/feuerwehr-vglambrecht.de\/cms\/wp-json\/wp\/v2\/einsatz\/5893","targetHints":{"allow":["GET"]}}],"collection":[{"href":"https:\/\/feuerwehr-vglambrecht.de\/cms\/wp-json\/wp\/v2\/einsatz"}],"about":[{"href":"https:\/\/feuerwehr-vglambrecht.de\/cms\/wp-json\/wp\/v2\/types\/einsatz"}],"author":[{"embeddable":true,"href":"https:\/\/feuerwehr-vglambrecht.de\/cms\/wp-json\/wp\/v2\/users\/1"}],"version-history":[{"count":1,"href":"https:\/\/feuerwehr-vglambrecht.de\/cms\/wp-json\/wp\/v2\/einsatz\/5893\/revisions"}],"predecessor-version":[{"id":5894,"href":"https:\/\/feuerwehr-vglambrecht.de\/cms\/wp-json\/wp\/v2\/einsatz\/5893\/revisions\/5894"}],"wp:attachment":[{"href":"https:\/\/feuerwehr-vglambrecht.de\/cms\/wp-json\/wp\/v2\/media?parent=5893"}],"wp:term":[{"taxonomy":"category","embeddable":true,"href":"https:\/\/feuerwehr-vglambrecht.de\/cms\/wp-json\/wp\/v2\/categories?post=5893"},{"taxonomy":"post_tag","embeddable":true,"href":"https:\/\/feuerwehr-vglambrecht.de\/cms\/wp-json\/wp\/v2\/tags?post=5893"},{"taxonomy":"einsatzart","embeddable":true,"href":"https:\/\/feuerwehr-vglambrecht.de\/cms\/wp-json\/wp\/v2\/einsatzart?post=5893"},{"taxonomy":"fahrzeug","embeddable":true,"href":"https:\/\/feuerwehr-vglambrecht.de\/cms\/wp-json\/wp\/v2\/fahrzeug?post=5893"},{"taxonomy":"exteinsatzmittel","embeddable":true,"href":"https:\/\/feuerwehr-vglambrecht.de\/cms\/wp-json\/wp\/v2\/exteinsatzmittel?post=5893"},{"taxonomy":"alarmierungsart","embeddable":true,"href":"https:\/\/feuerwehr-vglambrecht.de\/cms\/wp-json\/wp\/v2\/alarmierungsart?post=5893"},{"taxonomy":"evw_unit","embeddable":true,"href":"https:\/\/feuerwehr-vglambrecht.de\/cms\/wp-json\/wp\/v2\/evw_unit?post=5893"}],"curies":[{"name":"wp","href":"https:\/\/api.w.org\/{rel}","templated":true}]}}

<p>Die <span class="il">Feuerwehren</span> Weidenthal und Neidenfels wurden am 15.August um 11:18 Uhr aufgrund einer eingeschlossenen Person im Aufzug zum Bahnhof in Weidenthal alarmiert.</p>
<p>Vor Ort wurden zwei Personen vorgefunden, welche den Aufzug nicht mehr verlassen konnten, da sich die Aufzugstür nicht mehr öffnete. Die Feuerwehr öffnete die Tür und befreite die Personen. Sie informierte die Deutsche Bahn über den Defekt und sperrte den Aufzug ab.</p>
