{"id":5666,"date":"2017-06-04T10:40:00","date_gmt":"2017-06-04T08:40:00","guid":{"rendered":"https:\/\/feuerwehr-vglambrecht.de\/cms\/?post_type=einsatz&#038;p=5666"},"modified":"2017-06-04T22:27:53","modified_gmt":"2017-06-04T20:27:53","slug":"baum-ueber-strasse-t0","status":"publish","type":"einsatz","link":"https:\/\/feuerwehr-vglambrecht.de\/cms\/einsatzberichte\/baum-ueber-strasse-t0\/","title":{"rendered":"Baum \u00fcber Stra\u00dfe (T0)"},"content":{"rendered":"<p>Die Feuerwehren Weidenthal und Neidenfels wurden am 04.06.2017 gegen 10:40 Uhr zu einem umgest\u00fcrzten Baum auf die B39 n\u00e4he der Parkettfabrik Weidenthal alarmiert. Das Hindernis wurde mittels Motorkettens\u00e4ge beseitigt und die Stra\u00dfe gereinigt. Die Stra\u00dfe war w\u00e4hrend der Arbeiten vollgesperrt.<\/p>\n","protected":false},"author":1,"featured_media":0,"template":"","meta":{"einsatz_weight":1,"footnotes":""},"categories":[],"tags":[176,135,136],"einsatzart":[33],"fahrzeug":[59,62],"exteinsatzmittel":[68,21],"alarmierungsart":[10],"evw_unit":[],"class_list":["post-5666","einsatz","type-einsatz","status-publish","hentry","tag-baum-umgestuerzt","tag-neidenfels","tag-weidenthal","einsatzart-th","fahrzeug-neidenfels-47","fahrzeug-weidenthal-42","exteinsatzmittel-fw_nei","exteinsatzmittel-fw_wei","alarmierungsart-dme-digitaler-meldeempfaenger"],"better_featured_image":null,"einsatz_ort":"B39 Weidenthal\/Neidenfels","einsatz_ende":"2017-06-04 11:09","einsatz_beginn":"","_links":{"self":[{"href":"https:\/\/feuerwehr-vglambrecht.de\/cms\/wp-json\/wp\/v2\/einsatz\/5666","targetHints":{"allow":["GET"]}}],"collection":[{"href":"https:\/\/feuerwehr-vglambrecht.de\/cms\/wp-json\/wp\/v2\/einsatz"}],"about":[{"href":"https:\/\/feuerwehr-vglambrecht.de\/cms\/wp-json\/wp\/v2\/types\/einsatz"}],"author":[{"embeddable":true,"href":"https:\/\/feuerwehr-vglambrecht.de\/cms\/wp-json\/wp\/v2\/users\/1"}],"version-history":[{"count":2,"href":"https:\/\/feuerwehr-vglambrecht.de\/cms\/wp-json\/wp\/v2\/einsatz\/5666\/revisions"}],"predecessor-version":[{"id":5668,"href":"https:\/\/feuerwehr-vglambrecht.de\/cms\/wp-json\/wp\/v2\/einsatz\/5666\/revisions\/5668"}],"wp:attachment":[{"href":"https:\/\/feuerwehr-vglambrecht.de\/cms\/wp-json\/wp\/v2\/media?parent=5666"}],"wp:term":[{"taxonomy":"category","embeddable":true,"href":"https:\/\/feuerwehr-vglambrecht.de\/cms\/wp-json\/wp\/v2\/categories?post=5666"},{"taxonomy":"post_tag","embeddable":true,"href":"https:\/\/feuerwehr-vglambrecht.de\/cms\/wp-json\/wp\/v2\/tags?post=5666"},{"taxonomy":"einsatzart","embeddable":true,"href":"https:\/\/feuerwehr-vglambrecht.de\/cms\/wp-json\/wp\/v2\/einsatzart?post=5666"},{"taxonomy":"fahrzeug","embeddable":true,"href":"https:\/\/feuerwehr-vglambrecht.de\/cms\/wp-json\/wp\/v2\/fahrzeug?post=5666"},{"taxonomy":"exteinsatzmittel","embeddable":true,"href":"https:\/\/feuerwehr-vglambrecht.de\/cms\/wp-json\/wp\/v2\/exteinsatzmittel?post=5666"},{"taxonomy":"alarmierungsart","embeddable":true,"href":"https:\/\/feuerwehr-vglambrecht.de\/cms\/wp-json\/wp\/v2\/alarmierungsart?post=5666"},{"taxonomy":"evw_unit","embeddable":true,"href":"https:\/\/feuerwehr-vglambrecht.de\/cms\/wp-json\/wp\/v2\/evw_unit?post=5666"}],"curies":[{"name":"wp","href":"https:\/\/api.w.org\/{rel}","templated":true}]}}

Baum über Straße (T0)

<p>Die Feuerwehren Weidenthal und Neidenfels wurden am 04.06.2017 gegen 10:40 Uhr zu einem umgestürzten Baum auf die B39 nähe der Parkettfabrik Weidenthal alarmiert. Das Hindernis wurde mittels Motorkettensäge beseitigt und die Straße gereinigt. Die Straße war während der Arbeiten vollgesperrt.</p>
