{"id":5501,"date":"2017-04-16T04:38:00","date_gmt":"2017-04-16T02:38:00","guid":{"rendered":"https:\/\/feuerwehr-vglambrecht.de\/cms\/?post_type=einsatz&#038;p=5501"},"modified":"2017-04-20T21:14:33","modified_gmt":"2017-04-20T19:14:33","slug":"brandmeldeanlage-31","status":"publish","type":"einsatz","link":"https:\/\/feuerwehr-vglambrecht.de\/cms\/einsatzberichte\/brandmeldeanlage-31\/","title":{"rendered":"Brandmeldeanlage"},"content":{"rendered":"<p>Die Feuerwehr Neidenfels, Weidenthal und Lambrecht wurden am Sonntag den 16.04.2017 um 4:38 Uhr zu einer ausgel\u00f6sten Brandmeldeanlage nach Neidenfels alarmiert.<\/p>\n<p>Die Brandmeldeanlage hatte nach einem technischen Defekt ausgel\u00f6st und alarmierte die Feuerwehr. Die Feuerwehr kontrollierte das Geb\u00e4ude und \u00fcbergab die Einsatzstelle dem Betreiber.<\/p>\n","protected":false},"author":1,"featured_media":0,"template":"","meta":{"einsatz_weight":1,"footnotes":""},"categories":[],"tags":[163,142,135,136],"einsatzart":[8],"fahrzeug":[53,60,59,61,62],"exteinsatzmittel":[18,68,21],"alarmierungsart":[10],"evw_unit":[],"class_list":["post-5501","einsatz","type-einsatz","status-publish","hentry","tag-brandmeldeanlage","tag-lambrecht","tag-neidenfels","tag-weidenthal","einsatzart-bma","fahrzeug-lambrecht-33","fahrzeug-neidenfels-19","fahrzeug-neidenfels-47","fahrzeug-neidenfels-73","fahrzeug-weidenthal-42","exteinsatzmittel-fw_lam","exteinsatzmittel-fw_nei","exteinsatzmittel-fw_wei","alarmierungsart-dme-digitaler-meldeempfaenger"],"better_featured_image":null,"einsatz_ort":"Neidenfels","einsatz_ende":"2017-04-16 05:06","einsatz_beginn":"","_links":{"self":[{"href":"https:\/\/feuerwehr-vglambrecht.de\/cms\/wp-json\/wp\/v2\/einsatz\/5501","targetHints":{"allow":["GET"]}}],"collection":[{"href":"https:\/\/feuerwehr-vglambrecht.de\/cms\/wp-json\/wp\/v2\/einsatz"}],"about":[{"href":"https:\/\/feuerwehr-vglambrecht.de\/cms\/wp-json\/wp\/v2\/types\/einsatz"}],"author":[{"embeddable":true,"href":"https:\/\/feuerwehr-vglambrecht.de\/cms\/wp-json\/wp\/v2\/users\/1"}],"version-history":[{"count":2,"href":"https:\/\/feuerwehr-vglambrecht.de\/cms\/wp-json\/wp\/v2\/einsatz\/5501\/revisions"}],"predecessor-version":[{"id":5513,"href":"https:\/\/feuerwehr-vglambrecht.de\/cms\/wp-json\/wp\/v2\/einsatz\/5501\/revisions\/5513"}],"wp:attachment":[{"href":"https:\/\/feuerwehr-vglambrecht.de\/cms\/wp-json\/wp\/v2\/media?parent=5501"}],"wp:term":[{"taxonomy":"category","embeddable":true,"href":"https:\/\/feuerwehr-vglambrecht.de\/cms\/wp-json\/wp\/v2\/categories?post=5501"},{"taxonomy":"post_tag","embeddable":true,"href":"https:\/\/feuerwehr-vglambrecht.de\/cms\/wp-json\/wp\/v2\/tags?post=5501"},{"taxonomy":"einsatzart","embeddable":true,"href":"https:\/\/feuerwehr-vglambrecht.de\/cms\/wp-json\/wp\/v2\/einsatzart?post=5501"},{"taxonomy":"fahrzeug","embeddable":true,"href":"https:\/\/feuerwehr-vglambrecht.de\/cms\/wp-json\/wp\/v2\/fahrzeug?post=5501"},{"taxonomy":"exteinsatzmittel","embeddable":true,"href":"https:\/\/feuerwehr-vglambrecht.de\/cms\/wp-json\/wp\/v2\/exteinsatzmittel?post=5501"},{"taxonomy":"alarmierungsart","embeddable":true,"href":"https:\/\/feuerwehr-vglambrecht.de\/cms\/wp-json\/wp\/v2\/alarmierungsart?post=5501"},{"taxonomy":"evw_unit","embeddable":true,"href":"https:\/\/feuerwehr-vglambrecht.de\/cms\/wp-json\/wp\/v2\/evw_unit?post=5501"}],"curies":[{"name":"wp","href":"https:\/\/api.w.org\/{rel}","templated":true}]}}

<p>Die Feuerwehr Neidenfels, Weidenthal und Lambrecht wurden am Sonntag den 16.04.2017 um 4:38 Uhr zu einer ausgelösten Brandmeldeanlage nach Neidenfels alarmiert.</p>
<p>Die Brandmeldeanlage hatte nach einem technischen Defekt ausgelöst und alarmierte die Feuerwehr. Die Feuerwehr kontrollierte das Gebäude und übergab die Einsatzstelle dem Betreiber.</p>
