{"id":5325,"date":"2017-03-07T17:10:00","date_gmt":"2017-03-07T16:10:00","guid":{"rendered":"https:\/\/feuerwehr-vglambrecht.de\/cms\/?post_type=einsatz&#038;p=5325"},"modified":"2017-04-20T21:14:24","modified_gmt":"2017-04-20T19:14:24","slug":"gartenhausbrand-b1","status":"publish","type":"einsatz","link":"https:\/\/feuerwehr-vglambrecht.de\/cms\/einsatzberichte\/gartenhausbrand-b1\/","title":{"rendered":"Gartenhausbrand (B1)"},"content":{"rendered":"<p>Die Feuerwehren Weidenthal und Neidenfels wurden am 07.03.2017 um 17:10 Uhr nach Weidenthal zu einem Gartenhausbrand alarmiert.<!--more--><\/p>\n<p>Vor Ort stellte sich heraus, dass sich unter einer Veranda gelagertes Holz entz\u00fcndet hatte. Der Besitzer selbst, hatte schon L\u00f6schma\u00dfnahmen durchgef\u00fchrt und konnte somit\u00a0ein \u00fcbergreifen auf das gesamte Geb\u00e4ude verhindert. Die Feuerwehr l\u00f6schte das gelagerte Holz ab und k\u00fchlte die Au\u00dfenwand des Gartenhauses.<\/p>\n","protected":false},"author":1,"featured_media":0,"template":"","meta":{"einsatz_weight":1,"footnotes":""},"categories":[],"tags":[214,135,136],"einsatzart":[7],"fahrzeug":[59,61,62],"exteinsatzmittel":[68,21],"alarmierungsart":[10],"evw_unit":[],"class_list":["post-5325","einsatz","type-einsatz","status-publish","hentry","tag-gartenhausbrand","tag-neidenfels","tag-weidenthal","einsatzart-brand","fahrzeug-neidenfels-47","fahrzeug-neidenfels-73","fahrzeug-weidenthal-42","exteinsatzmittel-fw_nei","exteinsatzmittel-fw_wei","alarmierungsart-dme-digitaler-meldeempfaenger"],"better_featured_image":null,"einsatz_ort":"","einsatz_ende":"2017-03-07 18:00","einsatz_beginn":"","_links":{"self":[{"href":"https:\/\/feuerwehr-vglambrecht.de\/cms\/wp-json\/wp\/v2\/einsatz\/5325","targetHints":{"allow":["GET"]}}],"collection":[{"href":"https:\/\/feuerwehr-vglambrecht.de\/cms\/wp-json\/wp\/v2\/einsatz"}],"about":[{"href":"https:\/\/feuerwehr-vglambrecht.de\/cms\/wp-json\/wp\/v2\/types\/einsatz"}],"author":[{"embeddable":true,"href":"https:\/\/feuerwehr-vglambrecht.de\/cms\/wp-json\/wp\/v2\/users\/1"}],"version-history":[{"count":4,"href":"https:\/\/feuerwehr-vglambrecht.de\/cms\/wp-json\/wp\/v2\/einsatz\/5325\/revisions"}],"predecessor-version":[{"id":5329,"href":"https:\/\/feuerwehr-vglambrecht.de\/cms\/wp-json\/wp\/v2\/einsatz\/5325\/revisions\/5329"}],"wp:attachment":[{"href":"https:\/\/feuerwehr-vglambrecht.de\/cms\/wp-json\/wp\/v2\/media?parent=5325"}],"wp:term":[{"taxonomy":"category","embeddable":true,"href":"https:\/\/feuerwehr-vglambrecht.de\/cms\/wp-json\/wp\/v2\/categories?post=5325"},{"taxonomy":"post_tag","embeddable":true,"href":"https:\/\/feuerwehr-vglambrecht.de\/cms\/wp-json\/wp\/v2\/tags?post=5325"},{"taxonomy":"einsatzart","embeddable":true,"href":"https:\/\/feuerwehr-vglambrecht.de\/cms\/wp-json\/wp\/v2\/einsatzart?post=5325"},{"taxonomy":"fahrzeug","embeddable":true,"href":"https:\/\/feuerwehr-vglambrecht.de\/cms\/wp-json\/wp\/v2\/fahrzeug?post=5325"},{"taxonomy":"exteinsatzmittel","embeddable":true,"href":"https:\/\/feuerwehr-vglambrecht.de\/cms\/wp-json\/wp\/v2\/exteinsatzmittel?post=5325"},{"taxonomy":"alarmierungsart","embeddable":true,"href":"https:\/\/feuerwehr-vglambrecht.de\/cms\/wp-json\/wp\/v2\/alarmierungsart?post=5325"},{"taxonomy":"evw_unit","embeddable":true,"href":"https:\/\/feuerwehr-vglambrecht.de\/cms\/wp-json\/wp\/v2\/evw_unit?post=5325"}],"curies":[{"name":"wp","href":"https:\/\/api.w.org\/{rel}","templated":true}]}}

<p>Die Feuerwehren Weidenthal und Neidenfels wurden am 07.03.2017 um 17:10 Uhr nach Weidenthal zu einem Gartenhausbrand alarmiert.<!--more--></p>
<p>Vor Ort stellte sich heraus, dass sich unter einer Veranda gelagertes Holz entzündet hatte. Der Besitzer selbst, hatte schon Löschmaßnahmen durchgeführt und konnte somit ein übergreifen auf das gesamte Gebäude verhindert. Die Feuerwehr löschte das gelagerte Holz ab und kühlte die Außenwand des Gartenhauses.</p>
