{"id":5303,"date":"2017-02-25T19:00:00","date_gmt":"2017-02-25T18:00:00","guid":{"rendered":"https:\/\/feuerwehr-vglambrecht.de\/cms\/?post_type=einsatz&#038;p=5303"},"modified":"2017-04-20T21:14:23","modified_gmt":"2017-04-20T19:14:23","slug":"brandsicherheitswache-23","status":"publish","type":"einsatz","link":"https:\/\/feuerwehr-vglambrecht.de\/cms\/einsatzberichte\/brandsicherheitswache-23\/","title":{"rendered":"Brandsicherheitswache"},"content":{"rendered":"<p>Die Feuerwehr Weidenthal wurde aufgrund einer \u00f6ffentlichen Gro\u00dfveranstaltung in die Sporthalle Neidenfels angefordert. Die Brandschutzeinrichtungen und Rettungswege wurden \u00fcberpr\u00fcft, sowie w\u00e4hrend der Veranstaltung die Sicherheitswache gestellt.<\/p>\n","protected":false},"author":1,"featured_media":0,"template":"","meta":{"einsatz_weight":1,"footnotes":""},"categories":[],"tags":[135,136],"einsatzart":[9],"fahrzeug":[64],"exteinsatzmittel":[21],"alarmierungsart":[10],"evw_unit":[],"class_list":["post-5303","einsatz","type-einsatz","status-publish","hentry","tag-neidenfels","tag-weidenthal","einsatzart-bsw","fahrzeug-weidenthal-19","exteinsatzmittel-fw_wei","alarmierungsart-dme-digitaler-meldeempfaenger"],"better_featured_image":null,"einsatz_ort":"Sporthalle Neidenfels","einsatz_ende":"","einsatz_beginn":"","_links":{"self":[{"href":"https:\/\/feuerwehr-vglambrecht.de\/cms\/wp-json\/wp\/v2\/einsatz\/5303","targetHints":{"allow":["GET"]}}],"collection":[{"href":"https:\/\/feuerwehr-vglambrecht.de\/cms\/wp-json\/wp\/v2\/einsatz"}],"about":[{"href":"https:\/\/feuerwehr-vglambrecht.de\/cms\/wp-json\/wp\/v2\/types\/einsatz"}],"author":[{"embeddable":true,"href":"https:\/\/feuerwehr-vglambrecht.de\/cms\/wp-json\/wp\/v2\/users\/1"}],"version-history":[{"count":1,"href":"https:\/\/feuerwehr-vglambrecht.de\/cms\/wp-json\/wp\/v2\/einsatz\/5303\/revisions"}],"predecessor-version":[{"id":5304,"href":"https:\/\/feuerwehr-vglambrecht.de\/cms\/wp-json\/wp\/v2\/einsatz\/5303\/revisions\/5304"}],"wp:attachment":[{"href":"https:\/\/feuerwehr-vglambrecht.de\/cms\/wp-json\/wp\/v2\/media?parent=5303"}],"wp:term":[{"taxonomy":"category","embeddable":true,"href":"https:\/\/feuerwehr-vglambrecht.de\/cms\/wp-json\/wp\/v2\/categories?post=5303"},{"taxonomy":"post_tag","embeddable":true,"href":"https:\/\/feuerwehr-vglambrecht.de\/cms\/wp-json\/wp\/v2\/tags?post=5303"},{"taxonomy":"einsatzart","embeddable":true,"href":"https:\/\/feuerwehr-vglambrecht.de\/cms\/wp-json\/wp\/v2\/einsatzart?post=5303"},{"taxonomy":"fahrzeug","embeddable":true,"href":"https:\/\/feuerwehr-vglambrecht.de\/cms\/wp-json\/wp\/v2\/fahrzeug?post=5303"},{"taxonomy":"exteinsatzmittel","embeddable":true,"href":"https:\/\/feuerwehr-vglambrecht.de\/cms\/wp-json\/wp\/v2\/exteinsatzmittel?post=5303"},{"taxonomy":"alarmierungsart","embeddable":true,"href":"https:\/\/feuerwehr-vglambrecht.de\/cms\/wp-json\/wp\/v2\/alarmierungsart?post=5303"},{"taxonomy":"evw_unit","embeddable":true,"href":"https:\/\/feuerwehr-vglambrecht.de\/cms\/wp-json\/wp\/v2\/evw_unit?post=5303"}],"curies":[{"name":"wp","href":"https:\/\/api.w.org\/{rel}","templated":true}]}}

<p>Die Feuerwehr Weidenthal wurde aufgrund einer öffentlichen Großveranstaltung in die Sporthalle Neidenfels angefordert. Die Brandschutzeinrichtungen und Rettungswege wurden überprüft, sowie während der Veranstaltung die Sicherheitswache gestellt.</p>
