{"id":4150,"date":"2016-07-27T01:54:00","date_gmt":"2016-07-26T23:54:00","guid":{"rendered":"https:\/\/feuerwehr-vglambrecht.de\/cms\/?post_type=einsatz&#038;p=4150"},"modified":"2017-04-20T21:13:56","modified_gmt":"2017-04-20T19:13:56","slug":"baum-umgestuerzt-t0-4","status":"publish","type":"einsatz","link":"https:\/\/feuerwehr-vglambrecht.de\/cms\/einsatzberichte\/baum-umgestuerzt-t0-4\/","title":{"rendered":"Baum umgest\u00fcrzt (T0)"},"content":{"rendered":"<p>Die Feuerwehren Neidenfels und Weidenthal wurden am 27.07.2016 gegen 01:54 Uhr zu einem umgest\u00fcrzten Baum auf die B 39 zwischen Neidenfels und Weidenthal alarmiert.\u00a0Durch die Einsatzkr\u00e4fte wurde der Baum mittels Motorkettens\u00e4ge entfernt und die Stra\u00dfe gereinigt. W\u00e4hrend des Einsatzes war die B 39 f\u00fcr ca. 20min. vollgesperrt.<\/p>\n","protected":false},"author":2,"featured_media":0,"template":"","meta":{"einsatz_weight":1,"footnotes":""},"categories":[],"tags":[],"einsatzart":[33],"fahrzeug":[59,61,62,63],"exteinsatzmittel":[68,21],"alarmierungsart":[10],"evw_unit":[],"class_list":["post-4150","einsatz","type-einsatz","status-publish","hentry","einsatzart-th","fahrzeug-neidenfels-47","fahrzeug-neidenfels-73","fahrzeug-weidenthal-42","fahrzeug-weidenthal-73","exteinsatzmittel-fw_nei","exteinsatzmittel-fw_wei","alarmierungsart-dme-digitaler-meldeempfaenger"],"better_featured_image":null,"einsatz_ort":"","einsatz_ende":"2016-07-27 02:32","einsatz_beginn":"","_links":{"self":[{"href":"https:\/\/feuerwehr-vglambrecht.de\/cms\/wp-json\/wp\/v2\/einsatz\/4150","targetHints":{"allow":["GET"]}}],"collection":[{"href":"https:\/\/feuerwehr-vglambrecht.de\/cms\/wp-json\/wp\/v2\/einsatz"}],"about":[{"href":"https:\/\/feuerwehr-vglambrecht.de\/cms\/wp-json\/wp\/v2\/types\/einsatz"}],"author":[{"embeddable":true,"href":"https:\/\/feuerwehr-vglambrecht.de\/cms\/wp-json\/wp\/v2\/users\/2"}],"version-history":[{"count":2,"href":"https:\/\/feuerwehr-vglambrecht.de\/cms\/wp-json\/wp\/v2\/einsatz\/4150\/revisions"}],"predecessor-version":[{"id":4154,"href":"https:\/\/feuerwehr-vglambrecht.de\/cms\/wp-json\/wp\/v2\/einsatz\/4150\/revisions\/4154"}],"wp:attachment":[{"href":"https:\/\/feuerwehr-vglambrecht.de\/cms\/wp-json\/wp\/v2\/media?parent=4150"}],"wp:term":[{"taxonomy":"category","embeddable":true,"href":"https:\/\/feuerwehr-vglambrecht.de\/cms\/wp-json\/wp\/v2\/categories?post=4150"},{"taxonomy":"post_tag","embeddable":true,"href":"https:\/\/feuerwehr-vglambrecht.de\/cms\/wp-json\/wp\/v2\/tags?post=4150"},{"taxonomy":"einsatzart","embeddable":true,"href":"https:\/\/feuerwehr-vglambrecht.de\/cms\/wp-json\/wp\/v2\/einsatzart?post=4150"},{"taxonomy":"fahrzeug","embeddable":true,"href":"https:\/\/feuerwehr-vglambrecht.de\/cms\/wp-json\/wp\/v2\/fahrzeug?post=4150"},{"taxonomy":"exteinsatzmittel","embeddable":true,"href":"https:\/\/feuerwehr-vglambrecht.de\/cms\/wp-json\/wp\/v2\/exteinsatzmittel?post=4150"},{"taxonomy":"alarmierungsart","embeddable":true,"href":"https:\/\/feuerwehr-vglambrecht.de\/cms\/wp-json\/wp\/v2\/alarmierungsart?post=4150"},{"taxonomy":"evw_unit","embeddable":true,"href":"https:\/\/feuerwehr-vglambrecht.de\/cms\/wp-json\/wp\/v2\/evw_unit?post=4150"}],"curies":[{"name":"wp","href":"https:\/\/api.w.org\/{rel}","templated":true}]}}

Baum umgestürzt (T0)

<p>Die Feuerwehren Neidenfels und Weidenthal wurden am 27.07.2016 gegen 01:54 Uhr zu einem umgestürzten Baum auf die B 39 zwischen Neidenfels und Weidenthal alarmiert. Durch die Einsatzkräfte wurde der Baum mittels Motorkettensäge entfernt und die Straße gereinigt. Während des Einsatzes war die B 39 für ca. 20min. vollgesperrt.</p>
