{"id":4113,"date":"2016-07-24T11:42:00","date_gmt":"2016-07-24T09:42:00","guid":{"rendered":"https:\/\/feuerwehr-vglambrecht.de\/cms\/?post_type=einsatz&#038;p=4113"},"modified":"2017-04-20T21:13:56","modified_gmt":"2017-04-20T19:13:56","slug":"baum-umgestuerzt-t0-3","status":"publish","type":"einsatz","link":"https:\/\/feuerwehr-vglambrecht.de\/cms\/einsatzberichte\/baum-umgestuerzt-t0-3\/","title":{"rendered":"Baum umgest\u00fcrzt (T0)"},"content":{"rendered":"<p>Am heutigen Sonntag, 24.7.2016 wurden um 11:42 Uhr die Feuerwehren Frankeneck und Esthal zu einem umgest\u00fcrztem Baum auf die Bahnstrecke zwischen Lambrecht und Frankeneck alarmiert.<!--more--> Beim Eintreffen der ersten Einsatzkr\u00e4fte in der N\u00e4he des alten G\u00fcterbahnhofes wurde ein umgest\u00fcrzter Baum vorgefunden, der eine gro\u00dfe Gruppe im &#8222;Kuckucksb\u00e4hnel&#8220; an der Weiterfahrt hinderte. Der Baum wurde durch die Einsatzkr\u00e4ften mit der Motorkettens\u00e4ge zerkleinert.<\/p>\n\n<div class=\"ngg-galleryoverview\" id=\"ngg-gallery-98-4113\">\n\n\t<!-- Slideshow link -->\n\t<div class=\"slideshowlink\">\n\t\t<a class=\"slideshowlink\" href=\"https:\/\/feuerwehr-vglambrecht.de\/cms\/einsatzberichte\/baum-umgestuerzt-t0-3\/nggallery\/slideshow\">\n\t\t\t[Show as slideshow]\t\t<\/a>\n\t<\/div>\n\n\t\n\t<!-- Thumbnails -->\n\t\t\n\t<div id=\"ngg-image-778\" class=\"ngg-gallery-thumbnail-box\"  >\n\t\t<div class=\"ngg-gallery-thumbnail\" >\n\t\t\t<a href=\"https:\/\/feuerwehr-vglambrecht.de\/cms\/wp-content\/gallery\/technische-hilfe-frankeneck\/2016-07-24-11-51-49.jpg\" title=\" \" class=\"shutterset_set_98\" >\n\t\t\t\t\t\t\t\t<img loading=\"lazy\" decoding=\"async\" title=\"2016-07-24-11-51-49\" alt=\"2016-07-24-11-51-49\" src=\"https:\/\/feuerwehr-vglambrecht.de\/cms\/wp-content\/gallery\/technische-hilfe-frankeneck\/thumbs\/thumbs_2016-07-24-11-51-49.jpg\" width=\"100\" height=\"75\" \/>\n\t\t\t\t\t\t\t<\/a>\n\t\t<\/div>\n\t<\/div>\n\t\n\t\t\n \t\t\n\t<div id=\"ngg-image-779\" class=\"ngg-gallery-thumbnail-box\"  >\n\t\t<div class=\"ngg-gallery-thumbnail\" >\n\t\t\t<a href=\"https:\/\/feuerwehr-vglambrecht.de\/cms\/wp-content\/gallery\/technische-hilfe-frankeneck\/2016-07-24-11-53-02.jpg\" title=\" \" class=\"shutterset_set_98\" >\n\t\t\t\t\t\t\t\t<img loading=\"lazy\" decoding=\"async\" title=\"2016-07-24-11-53-02\" alt=\"2016-07-24-11-53-02\" src=\"https:\/\/feuerwehr-vglambrecht.de\/cms\/wp-content\/gallery\/technische-hilfe-frankeneck\/thumbs\/thumbs_2016-07-24-11-53-02.jpg\" width=\"100\" height=\"75\" \/>\n\t\t\t\t\t\t\t<\/a>\n\t\t<\/div>\n\t<\/div>\n\t\n\t\t\n \t\t\n\t<div id=\"ngg-image-780\" class=\"ngg-gallery-thumbnail-box\"  >\n\t\t<div class=\"ngg-gallery-thumbnail\" >\n\t\t\t<a href=\"https:\/\/feuerwehr-vglambrecht.de\/cms\/wp-content\/gallery\/technische-hilfe-frankeneck\/2016-07-24-11-53-16.jpg\" title=\" \" class=\"shutterset_set_98\" >\n\t\t\t\t\t\t\t\t<img loading=\"lazy\" decoding=\"async\" title=\"2016-07-24-11-53-16\" alt=\"2016-07-24-11-53-16\" src=\"https:\/\/feuerwehr-vglambrecht.de\/cms\/wp-content\/gallery\/technische-hilfe-frankeneck\/thumbs\/thumbs_2016-07-24-11-53-16.jpg\" width=\"100\" height=\"75\" \/>\n\t\t\t\t\t\t\t<\/a>\n\t\t<\/div>\n\t<\/div>\n\t\n\t\t\n \t\t\n\t<div id=\"ngg-image-781\" class=\"ngg-gallery-thumbnail-box\"  >\n\t\t<div class=\"ngg-gallery-thumbnail\" >\n\t\t\t<a href=\"https:\/\/feuerwehr-vglambrecht.de\/cms\/wp-content\/gallery\/technische-hilfe-frankeneck\/2016-07-24-11-55-33.jpg\" title=\" \" class=\"shutterset_set_98\" >\n\t\t\t\t\t\t\t\t<img loading=\"lazy\" decoding=\"async\" title=\"2016-07-24-11-55-33\" alt=\"2016-07-24-11-55-33\" src=\"https:\/\/feuerwehr-vglambrecht.de\/cms\/wp-content\/gallery\/technische-hilfe-frankeneck\/thumbs\/thumbs_2016-07-24-11-55-33.jpg\" width=\"100\" height=\"75\" \/>\n\t\t\t\t\t\t\t<\/a>\n\t\t<\/div>\n\t<\/div>\n\t\n\t\t\n \t\t\n\t<div id=\"ngg-image-782\" class=\"ngg-gallery-thumbnail-box\"  >\n\t\t<div class=\"ngg-gallery-thumbnail\" >\n\t\t\t<a href=\"https:\/\/feuerwehr-vglambrecht.de\/cms\/wp-content\/gallery\/technische-hilfe-frankeneck\/2016-07-24-11-55-35.jpg\" title=\" \" class=\"shutterset_set_98\" >\n\t\t\t\t\t\t\t\t<img loading=\"lazy\" decoding=\"async\" title=\"2016-07-24-11-55-35\" alt=\"2016-07-24-11-55-35\" src=\"https:\/\/feuerwehr-vglambrecht.de\/cms\/wp-content\/gallery\/technische-hilfe-frankeneck\/thumbs\/thumbs_2016-07-24-11-55-35.jpg\" width=\"100\" height=\"75\" \/>\n\t\t\t\t\t\t\t<\/a>\n\t\t<\/div>\n\t<\/div>\n\t\n\t\t\n \t\t\n\t<div id=\"ngg-image-783\" class=\"ngg-gallery-thumbnail-box\"  >\n\t\t<div class=\"ngg-gallery-thumbnail\" >\n\t\t\t<a href=\"https:\/\/feuerwehr-vglambrecht.de\/cms\/wp-content\/gallery\/technische-hilfe-frankeneck\/2016-07-24-12-05-08.jpg\" title=\" \" class=\"shutterset_set_98\" >\n\t\t\t\t\t\t\t\t<img loading=\"lazy\" decoding=\"async\" title=\"2016-07-24-12-05-08\" alt=\"2016-07-24-12-05-08\" src=\"https:\/\/feuerwehr-vglambrecht.de\/cms\/wp-content\/gallery\/technische-hilfe-frankeneck\/thumbs\/thumbs_2016-07-24-12-05-08.jpg\" width=\"100\" height=\"75\" \/>\n\t\t\t\t\t\t\t<\/a>\n\t\t<\/div>\n\t<\/div>\n\t\n\t\t\n \t\t\n\t<div id=\"ngg-image-784\" class=\"ngg-gallery-thumbnail-box\"  >\n\t\t<div class=\"ngg-gallery-thumbnail\" >\n\t\t\t<a href=\"https:\/\/feuerwehr-vglambrecht.de\/cms\/wp-content\/gallery\/technische-hilfe-frankeneck\/2016-07-24-12-05-12.jpg\" title=\" \" class=\"shutterset_set_98\" >\n\t\t\t\t\t\t\t\t<img loading=\"lazy\" decoding=\"async\" title=\"2016-07-24-12-05-12\" alt=\"2016-07-24-12-05-12\" src=\"https:\/\/feuerwehr-vglambrecht.de\/cms\/wp-content\/gallery\/technische-hilfe-frankeneck\/thumbs\/thumbs_2016-07-24-12-05-12.jpg\" width=\"100\" height=\"75\" \/>\n\t\t\t\t\t\t\t<\/a>\n\t\t<\/div>\n\t<\/div>\n\t\n\t\t\n \t \t\n\t<!-- Pagination -->\n \t<div class='ngg-clear'><\/div>\n \t\n<\/div>\n\n\n","protected":false},"author":9,"featured_media":4125,"template":"","meta":{"einsatz_weight":1,"footnotes":""},"categories":[],"tags":[],"einsatzart":[33],"fahrzeug":[43,42,44,45],"exteinsatzmittel":[12,13],"alarmierungsart":[10],"evw_unit":[],"class_list":["post-4113","einsatz","type-einsatz","status-publish","has-post-thumbnail","hentry","einsatzart-th","fahrzeug-esthal19","fahrzeug-esthal-47","fahrzeug-frankeneck-40","fahrzeug-frankeneck-73","exteinsatzmittel-fw_est","exteinsatzmittel-fw_fra","alarmierungsart-dme-digitaler-meldeempfaenger"],"better_featured_image":{"id":4125,"alt_text":"","caption":"","description":"","media_type":"image","media_details":{"width":2560,"height":1440,"file":"2016\/07\/2016-07-24-11.53.16-scaled.jpg","filesize":1517524,"sizes":{"medium_large":{"file":"2016-07-24-11.53.16-768x432.jpg","width":768,"height":432,"mime-type":"image\/jpeg","filesize":193484,"source_url":"https:\/\/feuerwehr-vglambrecht.de\/cms\/wp-content\/uploads\/2016\/07\/2016-07-24-11.53.16-768x432.jpg"},"1536x1536":{"file":"2016-07-24-11.53.16-1536x864.jpg","width":1536,"height":864,"mime-type":"image\/jpeg","filesize":632665,"source_url":"https:\/\/feuerwehr-vglambrecht.de\/cms\/wp-content\/uploads\/2016\/07\/2016-07-24-11.53.16-1536x864.jpg"},"2048x2048":{"file":"2016-07-24-11.53.16-2048x1152.jpg","width":2048,"height":1152,"mime-type":"image\/jpeg","filesize":1043703,"source_url":"https:\/\/feuerwehr-vglambrecht.de\/cms\/wp-content\/uploads\/2016\/07\/2016-07-24-11.53.16-2048x1152.jpg"},"wptouch-new-thumbnail":{"file":"2016-07-24-11.53.16-144x144.jpg","width":144,"height":144,"mime-type":"image\/jpeg","filesize":52636,"source_url":"https:\/\/feuerwehr-vglambrecht.de\/cms\/wp-content\/uploads\/2016\/07\/2016-07-24-11.53.16-144x144.jpg"},"landing_image":{"file":"2016-07-24-11.53.16-1024x460.jpg","width":1024,"height":460,"mime-type":"image\/jpeg","filesize":257848,"source_url":"https:\/\/feuerwehr-vglambrecht.de\/cms\/wp-content\/uploads\/2016\/07\/2016-07-24-11.53.16-1024x460.jpg"},"foundation-featured-image":{"file":"2016-07-24-11.53.16-900x506.jpg","width":900,"height":506,"mime-type":"image\/jpeg","filesize":251688,"source_url":"https:\/\/feuerwehr-vglambrecht.de\/cms\/wp-content\/uploads\/2016\/07\/2016-07-24-11.53.16-900x506.jpg"},"thumbnail":{"file":"2016-07-24-11.53.16-150x150.jpg","width":150,"height":150,"source_url":"https:\/\/feuerwehr-vglambrecht.de\/cms\/wp-content\/uploads\/2016\/07\/2016-07-24-11.53.16-150x150.jpg"},"medium":{"file":"2016-07-24-11.53.16-300x169.jpg","width":300,"height":169,"source_url":"https:\/\/feuerwehr-vglambrecht.de\/cms\/wp-content\/uploads\/2016\/07\/2016-07-24-11.53.16-300x169.jpg"},"large":{"file":"2016-07-24-11.53.16-1024x576.jpg","width":1024,"height":576,"source_url":"https:\/\/feuerwehr-vglambrecht.de\/cms\/wp-content\/uploads\/2016\/07\/2016-07-24-11.53.16-1024x576.jpg"}},"image_meta":{"aperture":"1.7","credit":"","camera":"SM-G935F","caption":"","created_timestamp":"1469361196","copyright":"","focal_length":"4.2","iso":"40","shutter_speed":"0.0091743119266055","title":"","orientation":"1","keywords":[]},"original_image":"2016-07-24-11.53.16.jpg","image-converter":{"thumbnail":"IME","medium":"IME","large":"IME"}},"post":4113,"source_url":"https:\/\/feuerwehr-vglambrecht.de\/cms\/wp-content\/uploads\/2016\/07\/2016-07-24-11.53.16-scaled.jpg"},"einsatz_ort":"","einsatz_ende":"2016-07-24 12:15","einsatz_beginn":"","_links":{"self":[{"href":"https:\/\/feuerwehr-vglambrecht.de\/cms\/wp-json\/wp\/v2\/einsatz\/4113","targetHints":{"allow":["GET"]}}],"collection":[{"href":"https:\/\/feuerwehr-vglambrecht.de\/cms\/wp-json\/wp\/v2\/einsatz"}],"about":[{"href":"https:\/\/feuerwehr-vglambrecht.de\/cms\/wp-json\/wp\/v2\/types\/einsatz"}],"author":[{"embeddable":true,"href":"https:\/\/feuerwehr-vglambrecht.de\/cms\/wp-json\/wp\/v2\/users\/9"}],"version-history":[{"count":4,"href":"https:\/\/feuerwehr-vglambrecht.de\/cms\/wp-json\/wp\/v2\/einsatz\/4113\/revisions"}],"predecessor-version":[{"id":4137,"href":"https:\/\/feuerwehr-vglambrecht.de\/cms\/wp-json\/wp\/v2\/einsatz\/4113\/revisions\/4137"}],"wp:featuredmedia":[{"embeddable":true,"href":"https:\/\/feuerwehr-vglambrecht.de\/cms\/wp-json\/wp\/v2\/media\/4125"}],"wp:attachment":[{"href":"https:\/\/feuerwehr-vglambrecht.de\/cms\/wp-json\/wp\/v2\/media?parent=4113"}],"wp:term":[{"taxonomy":"category","embeddable":true,"href":"https:\/\/feuerwehr-vglambrecht.de\/cms\/wp-json\/wp\/v2\/categories?post=4113"},{"taxonomy":"post_tag","embeddable":true,"href":"https:\/\/feuerwehr-vglambrecht.de\/cms\/wp-json\/wp\/v2\/tags?post=4113"},{"taxonomy":"einsatzart","embeddable":true,"href":"https:\/\/feuerwehr-vglambrecht.de\/cms\/wp-json\/wp\/v2\/einsatzart?post=4113"},{"taxonomy":"fahrzeug","embeddable":true,"href":"https:\/\/feuerwehr-vglambrecht.de\/cms\/wp-json\/wp\/v2\/fahrzeug?post=4113"},{"taxonomy":"exteinsatzmittel","embeddable":true,"href":"https:\/\/feuerwehr-vglambrecht.de\/cms\/wp-json\/wp\/v2\/exteinsatzmittel?post=4113"},{"taxonomy":"alarmierungsart","embeddable":true,"href":"https:\/\/feuerwehr-vglambrecht.de\/cms\/wp-json\/wp\/v2\/alarmierungsart?post=4113"},{"taxonomy":"evw_unit","embeddable":true,"href":"https:\/\/feuerwehr-vglambrecht.de\/cms\/wp-json\/wp\/v2\/evw_unit?post=4113"}],"curies":[{"name":"wp","href":"https:\/\/api.w.org\/{rel}","templated":true}]}}

Baum umgestürzt (T0)

<p>Am heutigen Sonntag, 24.7.2016 wurden um 11:42 Uhr die Feuerwehren Frankeneck und Esthal zu einem umgestürztem Baum auf die Bahnstrecke zwischen Lambrecht und Frankeneck alarmiert.<!--more--> Beim Eintreffen der ersten Einsatzkräfte in der Nähe des alten Güterbahnhofes wurde ein umgestürzter Baum vorgefunden, der eine große Gruppe im &#8222;Kuckucksbähnel&#8220; an der Weiterfahrt hinderte. Der Baum wurde durch die Einsatzkräften mit der Motorkettensäge zerkleinert.</p>

<div class="ngg-galleryoverview" id="ngg-gallery-98-4113">

	<!-- Slideshow link -->
	<div class="slideshowlink">
		<a class="slideshowlink" href="https://feuerwehr-vglambrecht.de/cms/einsatzberichte/baum-umgestuerzt-t0-3/nggallery/slideshow">
			[Show as slideshow]		</a>
	</div>

	
	<!-- Thumbnails -->
		
	<div id="ngg-image-778" class="ngg-gallery-thumbnail-box"  >
		<div class="ngg-gallery-thumbnail" >
			<a href="https://feuerwehr-vglambrecht.de/cms/wp-content/gallery/technische-hilfe-frankeneck/2016-07-24-11-51-49.jpg" title=" " class="shutterset_set_98" >
								<img loading="lazy" decoding="async" title="2016-07-24-11-51-49" alt="2016-07-24-11-51-49" src="https://feuerwehr-vglambrecht.de/cms/wp-content/gallery/technische-hilfe-frankeneck/thumbs/thumbs_2016-07-24-11-51-49.jpg" width="100" height="75" />
							</a>
		</div>
	</div>
	
		
 		
	<div id="ngg-image-779" class="ngg-gallery-thumbnail-box"  >
		<div class="ngg-gallery-thumbnail" >
			<a href="https://feuerwehr-vglambrecht.de/cms/wp-content/gallery/technische-hilfe-frankeneck/2016-07-24-11-53-02.jpg" title=" " class="shutterset_set_98" >
								<img loading="lazy" decoding="async" title="2016-07-24-11-53-02" alt="2016-07-24-11-53-02" src="https://feuerwehr-vglambrecht.de/cms/wp-content/gallery/technische-hilfe-frankeneck/thumbs/thumbs_2016-07-24-11-53-02.jpg" width="100" height="75" />
							</a>
		</div>
	</div>
	
		
 		
	<div id="ngg-image-780" class="ngg-gallery-thumbnail-box"  >
		<div class="ngg-gallery-thumbnail" >
			<a href="https://feuerwehr-vglambrecht.de/cms/wp-content/gallery/technische-hilfe-frankeneck/2016-07-24-11-53-16.jpg" title=" " class="shutterset_set_98" >
								<img loading="lazy" decoding="async" title="2016-07-24-11-53-16" alt="2016-07-24-11-53-16" src="https://feuerwehr-vglambrecht.de/cms/wp-content/gallery/technische-hilfe-frankeneck/thumbs/thumbs_2016-07-24-11-53-16.jpg" width="100" height="75" />
							</a>
		</div>
	</div>
	
		
 		
	<div id="ngg-image-781" class="ngg-gallery-thumbnail-box"  >
		<div class="ngg-gallery-thumbnail" >
			<a href="https://feuerwehr-vglambrecht.de/cms/wp-content/gallery/technische-hilfe-frankeneck/2016-07-24-11-55-33.jpg" title=" " class="shutterset_set_98" >
								<img loading="lazy" decoding="async" title="2016-07-24-11-55-33" alt="2016-07-24-11-55-33" src="https://feuerwehr-vglambrecht.de/cms/wp-content/gallery/technische-hilfe-frankeneck/thumbs/thumbs_2016-07-24-11-55-33.jpg" width="100" height="75" />
							</a>
		</div>
	</div>
	
		
 		
	<div id="ngg-image-782" class="ngg-gallery-thumbnail-box"  >
		<div class="ngg-gallery-thumbnail" >
			<a href="https://feuerwehr-vglambrecht.de/cms/wp-content/gallery/technische-hilfe-frankeneck/2016-07-24-11-55-35.jpg" title=" " class="shutterset_set_98" >
								<img loading="lazy" decoding="async" title="2016-07-24-11-55-35" alt="2016-07-24-11-55-35" src="https://feuerwehr-vglambrecht.de/cms/wp-content/gallery/technische-hilfe-frankeneck/thumbs/thumbs_2016-07-24-11-55-35.jpg" width="100" height="75" />
							</a>
		</div>
	</div>
	
		
 		
	<div id="ngg-image-783" class="ngg-gallery-thumbnail-box"  >
		<div class="ngg-gallery-thumbnail" >
			<a href="https://feuerwehr-vglambrecht.de/cms/wp-content/gallery/technische-hilfe-frankeneck/2016-07-24-12-05-08.jpg" title=" " class="shutterset_set_98" >
								<img loading="lazy" decoding="async" title="2016-07-24-12-05-08" alt="2016-07-24-12-05-08" src="https://feuerwehr-vglambrecht.de/cms/wp-content/gallery/technische-hilfe-frankeneck/thumbs/thumbs_2016-07-24-12-05-08.jpg" width="100" height="75" />
							</a>
		</div>
	</div>
	
		
 		
	<div id="ngg-image-784" class="ngg-gallery-thumbnail-box"  >
		<div class="ngg-gallery-thumbnail" >
			<a href="https://feuerwehr-vglambrecht.de/cms/wp-content/gallery/technische-hilfe-frankeneck/2016-07-24-12-05-12.jpg" title=" " class="shutterset_set_98" >
								<img loading="lazy" decoding="async" title="2016-07-24-12-05-12" alt="2016-07-24-12-05-12" src="https://feuerwehr-vglambrecht.de/cms/wp-content/gallery/technische-hilfe-frankeneck/thumbs/thumbs_2016-07-24-12-05-12.jpg" width="100" height="75" />
							</a>
		</div>
	</div>
	
		
 	 	
	<!-- Pagination -->
 	<div class='ngg-clear'></div>
 	
</div>
