{"id":2566,"date":"2016-03-09T15:36:00","date_gmt":"2016-03-09T14:36:00","guid":{"rendered":"http:\/\/feuerwehr-vglambrecht.de\/cms\/?post_type=einsatz&#038;p=2566"},"modified":"2017-04-20T21:13:44","modified_gmt":"2017-04-20T19:13:44","slug":"brandmeldeanlage-5","status":"publish","type":"einsatz","link":"https:\/\/feuerwehr-vglambrecht.de\/cms\/einsatzberichte\/brandmeldeanlage-5\/","title":{"rendered":"Brandmeldeanlage"},"content":{"rendered":"<p style=\"text-align: justify; padding-left: 30px;\"><!--more-->Aufgrund einer Rauchentwicklung an einem Elektrobauteil einer Maschine l\u00f6ste die Brandmeldeanlage eines Industriebetriebs in der Talstra\u00dfe in Frankeneck aus und alarmierte die Feuerwehren Frankeneck und Esthal. W\u00e4hrend der Erkundungsphase durch den Einsatzleiter konnte noch eine Rauchentwicklung festgestellt werden. Die Feuerwehr stellte vor Ort den Brandschutz sicher, bis der Motor nach R\u00fccksprache mit dem verantwortlichen Werkf\u00fchrer au\u00dfer Betrieb genommen wurde. Nach \u00dcbergabe der Einsatzstelle an den Betreiber konnte die Feuerwehr wieder einr\u00fccken.<\/p>\n","protected":false},"author":3,"featured_media":0,"template":"","meta":{"einsatz_weight":1,"footnotes":""},"categories":[],"tags":[],"einsatzart":[8],"fahrzeug":[42,44,45],"exteinsatzmittel":[12,13],"alarmierungsart":[10],"evw_unit":[],"class_list":["post-2566","einsatz","type-einsatz","status-publish","hentry","einsatzart-bma","fahrzeug-esthal-47","fahrzeug-frankeneck-40","fahrzeug-frankeneck-73","exteinsatzmittel-fw_est","exteinsatzmittel-fw_fra","alarmierungsart-dme-digitaler-meldeempfaenger"],"better_featured_image":null,"einsatz_ort":"Talstra\u00dfe Frankeneck","einsatz_ende":"2016-03-09 16:10","einsatz_beginn":"","_links":{"self":[{"href":"https:\/\/feuerwehr-vglambrecht.de\/cms\/wp-json\/wp\/v2\/einsatz\/2566","targetHints":{"allow":["GET"]}}],"collection":[{"href":"https:\/\/feuerwehr-vglambrecht.de\/cms\/wp-json\/wp\/v2\/einsatz"}],"about":[{"href":"https:\/\/feuerwehr-vglambrecht.de\/cms\/wp-json\/wp\/v2\/types\/einsatz"}],"author":[{"embeddable":true,"href":"https:\/\/feuerwehr-vglambrecht.de\/cms\/wp-json\/wp\/v2\/users\/3"}],"version-history":[{"count":4,"href":"https:\/\/feuerwehr-vglambrecht.de\/cms\/wp-json\/wp\/v2\/einsatz\/2566\/revisions"}],"predecessor-version":[{"id":2570,"href":"https:\/\/feuerwehr-vglambrecht.de\/cms\/wp-json\/wp\/v2\/einsatz\/2566\/revisions\/2570"}],"wp:attachment":[{"href":"https:\/\/feuerwehr-vglambrecht.de\/cms\/wp-json\/wp\/v2\/media?parent=2566"}],"wp:term":[{"taxonomy":"category","embeddable":true,"href":"https:\/\/feuerwehr-vglambrecht.de\/cms\/wp-json\/wp\/v2\/categories?post=2566"},{"taxonomy":"post_tag","embeddable":true,"href":"https:\/\/feuerwehr-vglambrecht.de\/cms\/wp-json\/wp\/v2\/tags?post=2566"},{"taxonomy":"einsatzart","embeddable":true,"href":"https:\/\/feuerwehr-vglambrecht.de\/cms\/wp-json\/wp\/v2\/einsatzart?post=2566"},{"taxonomy":"fahrzeug","embeddable":true,"href":"https:\/\/feuerwehr-vglambrecht.de\/cms\/wp-json\/wp\/v2\/fahrzeug?post=2566"},{"taxonomy":"exteinsatzmittel","embeddable":true,"href":"https:\/\/feuerwehr-vglambrecht.de\/cms\/wp-json\/wp\/v2\/exteinsatzmittel?post=2566"},{"taxonomy":"alarmierungsart","embeddable":true,"href":"https:\/\/feuerwehr-vglambrecht.de\/cms\/wp-json\/wp\/v2\/alarmierungsart?post=2566"},{"taxonomy":"evw_unit","embeddable":true,"href":"https:\/\/feuerwehr-vglambrecht.de\/cms\/wp-json\/wp\/v2\/evw_unit?post=2566"}],"curies":[{"name":"wp","href":"https:\/\/api.w.org\/{rel}","templated":true}]}}

<p style="text-align: justify; padding-left: 30px;"><!--more-->Aufgrund einer Rauchentwicklung an einem Elektrobauteil einer Maschine löste die Brandmeldeanlage eines Industriebetriebs in der Talstraße in Frankeneck aus und alarmierte die Feuerwehren Frankeneck und Esthal. Während der Erkundungsphase durch den Einsatzleiter konnte noch eine Rauchentwicklung festgestellt werden. Die Feuerwehr stellte vor Ort den Brandschutz sicher, bis der Motor nach Rücksprache mit dem verantwortlichen Werkführer außer Betrieb genommen wurde. Nach Übergabe der Einsatzstelle an den Betreiber konnte die Feuerwehr wieder einrücken.</p>

Talstraße Frankeneck
