{"id":2415,"date":"2016-02-08T18:07:00","date_gmt":"2016-02-08T17:07:00","guid":{"rendered":"http:\/\/feuerwehr-vglambrecht.de\/cms\/?post_type=einsatz&#038;p=2415"},"modified":"2017-04-20T21:13:40","modified_gmt":"2017-04-20T19:13:40","slug":"sturmschaden-t1-2","status":"publish","type":"einsatz","link":"https:\/\/feuerwehr-vglambrecht.de\/cms\/einsatzberichte\/sturmschaden-t1-2\/","title":{"rendered":"Sturmschaden (T1)"},"content":{"rendered":"<p style=\"text-align: justify;\">Der zweite Einsatz an diesem Tag, ereilte die Wehren Esthal und Frankeneck gegen 18:07 Uhr. Ein Baum war aufgrund starker Sturmb\u00f6en auf die Stra\u00dfe gest\u00fcrzt und blockierte die Fahrbahn auf ganzer Breite. Durch die Feuerwehr wurde die Einsatzstelle ausgeleuchtet und das Hindernis mittels Motorkettens\u00e4ge entfernt. Der Landesbetrieb Mobilit\u00e4t wurde zur Streckenkontrolle<br \/>\nverst\u00e4ndigt.<\/p>\n<p style=\"text-align: justify;\">\n<div class=\"ngg-galleryoverview\" id=\"ngg-gallery-61-2415\">\n\n\t<!-- Slideshow link -->\n\t<div class=\"slideshowlink\">\n\t\t<a class=\"slideshowlink\" href=\"https:\/\/feuerwehr-vglambrecht.de\/cms\/einsatzberichte\/sturmschaden-t1-2\/nggallery\/slideshow\">\n\t\t\t[Show as slideshow]\t\t<\/a>\n\t<\/div>\n\n\t\n\t<!-- Thumbnails -->\n\t\t\n\t<div id=\"ngg-image-598\" class=\"ngg-gallery-thumbnail-box\"  >\n\t\t<div class=\"ngg-gallery-thumbnail\" >\n\t\t\t<a href=\"https:\/\/feuerwehr-vglambrecht.de\/cms\/wp-content\/gallery\/einsaetze-frankeneck\/20160208_182405k.jpg\" title=\" \" class=\"shutterset_set_61\" >\n\t\t\t\t\t\t\t\t<img loading=\"lazy\" decoding=\"async\" title=\"20160208_182405k\" alt=\"20160208_182405k\" src=\"https:\/\/feuerwehr-vglambrecht.de\/cms\/wp-content\/gallery\/einsaetze-frankeneck\/thumbs\/thumbs_20160208_182405k.jpg\" width=\"100\" height=\"75\" \/>\n\t\t\t\t\t\t\t<\/a>\n\t\t<\/div>\n\t<\/div>\n\t\n\t\t\n \t\t\n\t<div id=\"ngg-image-599\" class=\"ngg-gallery-thumbnail-box\"  >\n\t\t<div class=\"ngg-gallery-thumbnail\" >\n\t\t\t<a href=\"https:\/\/feuerwehr-vglambrecht.de\/cms\/wp-content\/gallery\/einsaetze-frankeneck\/20160208_182941k.jpg\" title=\" \" class=\"shutterset_set_61\" >\n\t\t\t\t\t\t\t\t<img loading=\"lazy\" decoding=\"async\" title=\"20160208_182941k\" alt=\"20160208_182941k\" src=\"https:\/\/feuerwehr-vglambrecht.de\/cms\/wp-content\/gallery\/einsaetze-frankeneck\/thumbs\/thumbs_20160208_182941k.jpg\" width=\"100\" height=\"75\" \/>\n\t\t\t\t\t\t\t<\/a>\n\t\t<\/div>\n\t<\/div>\n\t\n\t\t\n \t \t\n\t<!-- Pagination -->\n \t<div class='ngg-clear'><\/div>\n \t\n<\/div>\n\n<\/p>\n","protected":false},"author":2,"featured_media":0,"template":"","meta":{"einsatz_weight":1,"footnotes":""},"categories":[],"tags":[],"einsatzart":[33],"fahrzeug":[43,42,44],"exteinsatzmittel":[12,13],"alarmierungsart":[],"evw_unit":[],"class_list":["post-2415","einsatz","type-einsatz","status-publish","hentry","einsatzart-th","fahrzeug-esthal19","fahrzeug-esthal-47","fahrzeug-frankeneck-40","exteinsatzmittel-fw_est","exteinsatzmittel-fw_fra"],"better_featured_image":null,"einsatz_ort":"L 514 Breitenstein","einsatz_ende":"2016-02-08 18:52","einsatz_beginn":"","_links":{"self":[{"href":"https:\/\/feuerwehr-vglambrecht.de\/cms\/wp-json\/wp\/v2\/einsatz\/2415","targetHints":{"allow":["GET"]}}],"collection":[{"href":"https:\/\/feuerwehr-vglambrecht.de\/cms\/wp-json\/wp\/v2\/einsatz"}],"about":[{"href":"https:\/\/feuerwehr-vglambrecht.de\/cms\/wp-json\/wp\/v2\/types\/einsatz"}],"author":[{"embeddable":true,"href":"https:\/\/feuerwehr-vglambrecht.de\/cms\/wp-json\/wp\/v2\/users\/2"}],"version-history":[{"count":4,"href":"https:\/\/feuerwehr-vglambrecht.de\/cms\/wp-json\/wp\/v2\/einsatz\/2415\/revisions"}],"predecessor-version":[{"id":2433,"href":"https:\/\/feuerwehr-vglambrecht.de\/cms\/wp-json\/wp\/v2\/einsatz\/2415\/revisions\/2433"}],"wp:attachment":[{"href":"https:\/\/feuerwehr-vglambrecht.de\/cms\/wp-json\/wp\/v2\/media?parent=2415"}],"wp:term":[{"taxonomy":"category","embeddable":true,"href":"https:\/\/feuerwehr-vglambrecht.de\/cms\/wp-json\/wp\/v2\/categories?post=2415"},{"taxonomy":"post_tag","embeddable":true,"href":"https:\/\/feuerwehr-vglambrecht.de\/cms\/wp-json\/wp\/v2\/tags?post=2415"},{"taxonomy":"einsatzart","embeddable":true,"href":"https:\/\/feuerwehr-vglambrecht.de\/cms\/wp-json\/wp\/v2\/einsatzart?post=2415"},{"taxonomy":"fahrzeug","embeddable":true,"href":"https:\/\/feuerwehr-vglambrecht.de\/cms\/wp-json\/wp\/v2\/fahrzeug?post=2415"},{"taxonomy":"exteinsatzmittel","embeddable":true,"href":"https:\/\/feuerwehr-vglambrecht.de\/cms\/wp-json\/wp\/v2\/exteinsatzmittel?post=2415"},{"taxonomy":"alarmierungsart","embeddable":true,"href":"https:\/\/feuerwehr-vglambrecht.de\/cms\/wp-json\/wp\/v2\/alarmierungsart?post=2415"},{"taxonomy":"evw_unit","embeddable":true,"href":"https:\/\/feuerwehr-vglambrecht.de\/cms\/wp-json\/wp\/v2\/evw_unit?post=2415"}],"curies":[{"name":"wp","href":"https:\/\/api.w.org\/{rel}","templated":true}]}}

<p style="text-align: justify;">Der zweite Einsatz an diesem Tag, ereilte die Wehren Esthal und Frankeneck gegen 18:07 Uhr. Ein Baum war aufgrund starker Sturmböen auf die Straße gestürzt und blockierte die Fahrbahn auf ganzer Breite. Durch die Feuerwehr wurde die Einsatzstelle ausgeleuchtet und das Hindernis mittels Motorkettensäge entfernt. Der Landesbetrieb Mobilität wurde zur Streckenkontrolle<br />
verständigt.</p>
<p style="text-align: justify;">
<div class="ngg-galleryoverview" id="ngg-gallery-61-2415">

	<!-- Slideshow link -->
	<div class="slideshowlink">
		<a class="slideshowlink" href="https://feuerwehr-vglambrecht.de/cms/einsatzberichte/sturmschaden-t1-2/nggallery/slideshow">
			[Show as slideshow]		</a>
	</div>

	
	<!-- Thumbnails -->
		
	<div id="ngg-image-598" class="ngg-gallery-thumbnail-box"  >
		<div class="ngg-gallery-thumbnail" >
			<a href="https://feuerwehr-vglambrecht.de/cms/wp-content/gallery/einsaetze-frankeneck/20160208_182405k.jpg" title=" " class="shutterset_set_61" >
								<img loading="lazy" decoding="async" title="20160208_182405k" alt="20160208_182405k" src="https://feuerwehr-vglambrecht.de/cms/wp-content/gallery/einsaetze-frankeneck/thumbs/thumbs_20160208_182405k.jpg" width="100" height="75" />
							</a>
		</div>
	</div>
	
		
 		
	<div id="ngg-image-599" class="ngg-gallery-thumbnail-box"  >
		<div class="ngg-gallery-thumbnail" >
			<a href="https://feuerwehr-vglambrecht.de/cms/wp-content/gallery/einsaetze-frankeneck/20160208_182941k.jpg" title=" " class="shutterset_set_61" >
								<img loading="lazy" decoding="async" title="20160208_182941k" alt="20160208_182941k" src="https://feuerwehr-vglambrecht.de/cms/wp-content/gallery/einsaetze-frankeneck/thumbs/thumbs_20160208_182941k.jpg" width="100" height="75" />
							</a>
		</div>
	</div>
	
		
 	 	
	<!-- Pagination -->
 	<div class='ngg-clear'></div>
 	
</div>

</p>
