{"id":2412,"date":"2016-02-08T16:46:00","date_gmt":"2016-02-08T15:46:00","guid":{"rendered":"http:\/\/feuerwehr-vglambrecht.de\/cms\/?post_type=einsatz&#038;p=2412"},"modified":"2017-04-20T21:13:40","modified_gmt":"2017-04-20T19:13:40","slug":"sturmschaden-t1","status":"publish","type":"einsatz","link":"https:\/\/feuerwehr-vglambrecht.de\/cms\/einsatzberichte\/sturmschaden-t1\/","title":{"rendered":"Sturmschaden (T1)"},"content":{"rendered":"<p style=\"text-align: justify;\">Um 16:46 Uhr wurden die Einheiten Esthal und Frankeneck zu einem Sturmschaden in die Esthaler Hauptstrasse alarmiert. Die Abdeckung einer Photovoltaik-Anlage hatte sich bedingt durch starke Sturmb\u00f6en teilweise gel\u00f6st. Durch die Feuerwehr wurde die Abdeckung komplett entfernt. Die Einsatzstelle wurde dem Eigent\u00fcmer zur Ergreifung geeigneter Ma\u00dfnahmen, ggf. durch ein Unternehmen, \u00fcbergeben.<\/p>\n","protected":false},"author":2,"featured_media":0,"template":"","meta":{"einsatz_weight":1,"footnotes":""},"categories":[],"tags":[],"einsatzart":[33],"fahrzeug":[42,44,45],"exteinsatzmittel":[12,13],"alarmierungsart":[10],"evw_unit":[],"class_list":["post-2412","einsatz","type-einsatz","status-publish","hentry","einsatzart-th","fahrzeug-esthal-47","fahrzeug-frankeneck-40","fahrzeug-frankeneck-73","exteinsatzmittel-fw_est","exteinsatzmittel-fw_fra","alarmierungsart-dme-digitaler-meldeempfaenger"],"better_featured_image":null,"einsatz_ort":"Hauptstra\u00dfe, Esthal","einsatz_ende":"2016-02-08 17:20","einsatz_beginn":"","_links":{"self":[{"href":"https:\/\/feuerwehr-vglambrecht.de\/cms\/wp-json\/wp\/v2\/einsatz\/2412","targetHints":{"allow":["GET"]}}],"collection":[{"href":"https:\/\/feuerwehr-vglambrecht.de\/cms\/wp-json\/wp\/v2\/einsatz"}],"about":[{"href":"https:\/\/feuerwehr-vglambrecht.de\/cms\/wp-json\/wp\/v2\/types\/einsatz"}],"author":[{"embeddable":true,"href":"https:\/\/feuerwehr-vglambrecht.de\/cms\/wp-json\/wp\/v2\/users\/2"}],"version-history":[{"count":5,"href":"https:\/\/feuerwehr-vglambrecht.de\/cms\/wp-json\/wp\/v2\/einsatz\/2412\/revisions"}],"predecessor-version":[{"id":2448,"href":"https:\/\/feuerwehr-vglambrecht.de\/cms\/wp-json\/wp\/v2\/einsatz\/2412\/revisions\/2448"}],"wp:attachment":[{"href":"https:\/\/feuerwehr-vglambrecht.de\/cms\/wp-json\/wp\/v2\/media?parent=2412"}],"wp:term":[{"taxonomy":"category","embeddable":true,"href":"https:\/\/feuerwehr-vglambrecht.de\/cms\/wp-json\/wp\/v2\/categories?post=2412"},{"taxonomy":"post_tag","embeddable":true,"href":"https:\/\/feuerwehr-vglambrecht.de\/cms\/wp-json\/wp\/v2\/tags?post=2412"},{"taxonomy":"einsatzart","embeddable":true,"href":"https:\/\/feuerwehr-vglambrecht.de\/cms\/wp-json\/wp\/v2\/einsatzart?post=2412"},{"taxonomy":"fahrzeug","embeddable":true,"href":"https:\/\/feuerwehr-vglambrecht.de\/cms\/wp-json\/wp\/v2\/fahrzeug?post=2412"},{"taxonomy":"exteinsatzmittel","embeddable":true,"href":"https:\/\/feuerwehr-vglambrecht.de\/cms\/wp-json\/wp\/v2\/exteinsatzmittel?post=2412"},{"taxonomy":"alarmierungsart","embeddable":true,"href":"https:\/\/feuerwehr-vglambrecht.de\/cms\/wp-json\/wp\/v2\/alarmierungsart?post=2412"},{"taxonomy":"evw_unit","embeddable":true,"href":"https:\/\/feuerwehr-vglambrecht.de\/cms\/wp-json\/wp\/v2\/evw_unit?post=2412"}],"curies":[{"name":"wp","href":"https:\/\/api.w.org\/{rel}","templated":true}]}}

<p style="text-align: justify;">Um 16:46 Uhr wurden die Einheiten Esthal und Frankeneck zu einem Sturmschaden in die Esthaler Hauptstrasse alarmiert. Die Abdeckung einer Photovoltaik-Anlage hatte sich bedingt durch starke Sturmböen teilweise gelöst. Durch die Feuerwehr wurde die Abdeckung komplett entfernt. Die Einsatzstelle wurde dem Eigentümer zur Ergreifung geeigneter Maßnahmen, ggf. durch ein Unternehmen, übergeben.</p>

Hauptstraße, Esthal
