{"id":14569,"date":"2026-01-15T17:45:00","date_gmt":"2026-01-15T16:45:00","guid":{"rendered":"https:\/\/feuerwehr-vglambrecht.de\/cms\/?post_type=einsatz&#038;p=14569"},"modified":"2026-01-16T17:32:20","modified_gmt":"2026-01-16T16:32:20","slug":"brandeinsatz-rauchentwicklung-gebaeude-b2-01-2","status":"publish","type":"einsatz","link":"https:\/\/feuerwehr-vglambrecht.de\/cms\/einsatzberichte\/brandeinsatz-rauchentwicklung-gebaeude-b2-01-2\/","title":{"rendered":"Brandeinsatz &#8211; Rauchentwicklung Geb\u00e4ude (B2.01)"},"content":{"rendered":"<p>Am Donnerstag, den 15.01.2025, wandte sich ein Lambrechter B\u00fcrger mit einem Notruf an die integrierte Leitstelle in Ludwigshafen. Ihm war eine besorgniserregende Menge Rauch aus dem Bereich eines Wohngeb\u00e4udes aufgefallen. Daraufhin alarmierte die Leitstelle um 17:45 Uhr die Einheiten Lambrecht und Lindenberg, da neben der Rauchentwicklung auch unklar war, ob sich Personen im Geb\u00e4ude befanden. Vor Ort eingetroffen stellte sich die Rauchentwicklung als Ergebnis eines holzbefeuerten Ofens heraus, was weitere Ma\u00dfnahmen seitens der Feuerwehr nicht erforderlich machte. Personen kamen nicht zu Schaden. Der Einsatz war f\u00fcr die Kr\u00e4fte der Feuerwehr nach rund 30 Minuten beendet.<\/p>\n<p>&nbsp;<\/p>\n","protected":false},"author":22,"featured_media":13430,"template":"","meta":{"einsatz_weight":1,"footnotes":""},"categories":[],"tags":[180,388,383,373,142,235,398],"einsatzart":[7],"fahrzeug":[49,50,51,53,54,58,57],"exteinsatzmittel":[18,19,299,321,30,31],"alarmierungsart":[10],"evw_unit":[571,572],"class_list":["post-14569","einsatz","type-einsatz","status-publish","has-post-thumbnail","hentry","tag-brand","tag-ehrenamt","tag-feuerwehrvglambrecht","tag-immerda","tag-lambrecht","tag-rauchentwicklung","tag-wirfuereuch","einsatzart-brand","fahrzeug-lambrecht-11","fahrzeug-lambrecht-21","fahrzeug-lambrecht-241","fahrzeug-lambrecht-33","fahrzeug-lambrecht-44","fahrzeug-lindenberg-19","fahrzeug-lindenberg-47","exteinsatzmittel-fw_lam","exteinsatzmittel-fw_lin","exteinsatzmittel-fez-neustadt","exteinsatzmittel-fez-lambrecht","exteinsatzmittel-pol","exteinsatzmittel-drk","alarmierungsart-dme-digitaler-meldeempfaenger","evw_unit-lambrecht","evw_unit-lindenberg"],"better_featured_image":{"id":13430,"alt_text":"","caption":"","description":"","media_type":"image","media_details":{"width":341,"height":181,"file":"2024\/12\/Notruf-460x0-c-default-e1734692013672.jpg","filesize":697782,"sizes":{"wptouch-new-thumbnail":{"file":"Notruf-460x0-c-default-e1734692013672-144x144.jpg","width":144,"height":144,"mime-type":"image\/jpeg","filesize":681705,"source_url":"https:\/\/feuerwehr-vglambrecht.de\/cms\/wp-content\/uploads\/2024\/12\/Notruf-460x0-c-default-e1734692013672-144x144.jpg"},"thumbnail":{"file":"Notruf-460x0-c-default-e1734692013672-150x150.jpg","width":150,"height":150,"mime-type":"image\/jpeg","filesize":682081,"source_url":"https:\/\/feuerwehr-vglambrecht.de\/cms\/wp-content\/uploads\/2024\/12\/Notruf-460x0-c-default-e1734692013672-150x150.jpg"},"medium":{"file":"Notruf-460x0-c-default-e1734692013672-300x159.jpg","width":300,"height":159,"mime-type":"image\/jpeg","filesize":689441,"source_url":"https:\/\/feuerwehr-vglambrecht.de\/cms\/wp-content\/uploads\/2024\/12\/Notruf-460x0-c-default-e1734692013672-300x159.jpg"}},"image_meta":{"aperture":"0","credit":"","camera":"","caption":"","created_timestamp":"0","copyright":"","focal_length":"0","iso":"0","shutter_speed":"0","title":"","orientation":"0","keywords":[]},"image-converter":{"thumbnail":"IME","medium":"IME"}},"post":null,"source_url":"https:\/\/feuerwehr-vglambrecht.de\/cms\/wp-content\/uploads\/2024\/12\/Notruf-460x0-c-default-e1734692013672.jpg"},"einsatz_ort":"Lambrecht","einsatz_ende":"2026-01-15 18:14","einsatz_beginn":"","_links":{"self":[{"href":"https:\/\/feuerwehr-vglambrecht.de\/cms\/wp-json\/wp\/v2\/einsatz\/14569","targetHints":{"allow":["GET"]}}],"collection":[{"href":"https:\/\/feuerwehr-vglambrecht.de\/cms\/wp-json\/wp\/v2\/einsatz"}],"about":[{"href":"https:\/\/feuerwehr-vglambrecht.de\/cms\/wp-json\/wp\/v2\/types\/einsatz"}],"author":[{"embeddable":true,"href":"https:\/\/feuerwehr-vglambrecht.de\/cms\/wp-json\/wp\/v2\/users\/22"}],"version-history":[{"count":1,"href":"https:\/\/feuerwehr-vglambrecht.de\/cms\/wp-json\/wp\/v2\/einsatz\/14569\/revisions"}],"predecessor-version":[{"id":14570,"href":"https:\/\/feuerwehr-vglambrecht.de\/cms\/wp-json\/wp\/v2\/einsatz\/14569\/revisions\/14570"}],"wp:featuredmedia":[{"embeddable":true,"href":"https:\/\/feuerwehr-vglambrecht.de\/cms\/wp-json\/wp\/v2\/media\/13430"}],"wp:attachment":[{"href":"https:\/\/feuerwehr-vglambrecht.de\/cms\/wp-json\/wp\/v2\/media?parent=14569"}],"wp:term":[{"taxonomy":"category","embeddable":true,"href":"https:\/\/feuerwehr-vglambrecht.de\/cms\/wp-json\/wp\/v2\/categories?post=14569"},{"taxonomy":"post_tag","embeddable":true,"href":"https:\/\/feuerwehr-vglambrecht.de\/cms\/wp-json\/wp\/v2\/tags?post=14569"},{"taxonomy":"einsatzart","embeddable":true,"href":"https:\/\/feuerwehr-vglambrecht.de\/cms\/wp-json\/wp\/v2\/einsatzart?post=14569"},{"taxonomy":"fahrzeug","embeddable":true,"href":"https:\/\/feuerwehr-vglambrecht.de\/cms\/wp-json\/wp\/v2\/fahrzeug?post=14569"},{"taxonomy":"exteinsatzmittel","embeddable":true,"href":"https:\/\/feuerwehr-vglambrecht.de\/cms\/wp-json\/wp\/v2\/exteinsatzmittel?post=14569"},{"taxonomy":"alarmierungsart","embeddable":true,"href":"https:\/\/feuerwehr-vglambrecht.de\/cms\/wp-json\/wp\/v2\/alarmierungsart?post=14569"},{"taxonomy":"evw_unit","embeddable":true,"href":"https:\/\/feuerwehr-vglambrecht.de\/cms\/wp-json\/wp\/v2\/evw_unit?post=14569"}],"curies":[{"name":"wp","href":"https:\/\/api.w.org\/{rel}","templated":true}]}}

Brandeinsatz &#8211; Rauchentwicklung Gebäude (B2.01)

<p>Am Donnerstag, den 15.01.2025, wandte sich ein Lambrechter Bürger mit einem Notruf an die integrierte Leitstelle in Ludwigshafen. Ihm war eine besorgniserregende Menge Rauch aus dem Bereich eines Wohngebäudes aufgefallen. Daraufhin alarmierte die Leitstelle um 17:45 Uhr die Einheiten Lambrecht und Lindenberg, da neben der Rauchentwicklung auch unklar war, ob sich Personen im Gebäude befanden. Vor Ort eingetroffen stellte sich die Rauchentwicklung als Ergebnis eines holzbefeuerten Ofens heraus, was weitere Maßnahmen seitens der Feuerwehr nicht erforderlich machte. Personen kamen nicht zu Schaden. Der Einsatz war für die Kräfte der Feuerwehr nach rund 30 Minuten beendet.</p>
<p>&nbsp;</p>
