{"id":14204,"date":"2025-09-04T10:07:00","date_gmt":"2025-09-04T08:07:00","guid":{"rendered":"https:\/\/feuerwehr-vglambrecht.de\/cms\/?post_type=einsatz&#038;p=14204"},"modified":"2025-09-06T14:18:12","modified_gmt":"2025-09-06T12:18:12","slug":"einfache-hilfeleistung-h1-07-54","status":"publish","type":"einsatz","link":"https:\/\/feuerwehr-vglambrecht.de\/cms\/einsatzberichte\/einfache-hilfeleistung-h1-07-54\/","title":{"rendered":"Einfache Hilfeleistung (H1.07)"},"content":{"rendered":"<p>Am 04.09.2025 wurden die Einheiten Iggelbach und Elmstein zur eine Amtshilfe f\u00fcr die Polizei in Schwarzbach t\u00e4tig. In Absprache mit Polizei und der Deutschen Telekom musste eine st\u00f6rende Telefonleitung gekappt werden.<\/p>\n","protected":false},"author":17,"featured_media":0,"template":"","meta":{"einsatz_weight":1,"footnotes":""},"categories":[],"tags":[],"einsatzart":[33],"fahrzeug":[38,40,513],"exteinsatzmittel":[11,17,30],"alarmierungsart":[10],"evw_unit":[575,576],"class_list":["post-14204","einsatz","type-einsatz","status-publish","hentry","einsatzart-th","fahrzeug-elmstein-44","fahrzeug-elmstein-73","fahrzeug-513","exteinsatzmittel-fw_elm","exteinsatzmittel-fw_igg","exteinsatzmittel-pol","alarmierungsart-dme-digitaler-meldeempfaenger","evw_unit-elmstein","evw_unit-iggelbach"],"better_featured_image":null,"einsatz_ort":"Schwarzbach","einsatz_ende":"2025-09-04 11:48","einsatz_beginn":"","_links":{"self":[{"href":"https:\/\/feuerwehr-vglambrecht.de\/cms\/wp-json\/wp\/v2\/einsatz\/14204","targetHints":{"allow":["GET"]}}],"collection":[{"href":"https:\/\/feuerwehr-vglambrecht.de\/cms\/wp-json\/wp\/v2\/einsatz"}],"about":[{"href":"https:\/\/feuerwehr-vglambrecht.de\/cms\/wp-json\/wp\/v2\/types\/einsatz"}],"author":[{"embeddable":true,"href":"https:\/\/feuerwehr-vglambrecht.de\/cms\/wp-json\/wp\/v2\/users\/17"}],"version-history":[{"count":1,"href":"https:\/\/feuerwehr-vglambrecht.de\/cms\/wp-json\/wp\/v2\/einsatz\/14204\/revisions"}],"predecessor-version":[{"id":14205,"href":"https:\/\/feuerwehr-vglambrecht.de\/cms\/wp-json\/wp\/v2\/einsatz\/14204\/revisions\/14205"}],"wp:attachment":[{"href":"https:\/\/feuerwehr-vglambrecht.de\/cms\/wp-json\/wp\/v2\/media?parent=14204"}],"wp:term":[{"taxonomy":"category","embeddable":true,"href":"https:\/\/feuerwehr-vglambrecht.de\/cms\/wp-json\/wp\/v2\/categories?post=14204"},{"taxonomy":"post_tag","embeddable":true,"href":"https:\/\/feuerwehr-vglambrecht.de\/cms\/wp-json\/wp\/v2\/tags?post=14204"},{"taxonomy":"einsatzart","embeddable":true,"href":"https:\/\/feuerwehr-vglambrecht.de\/cms\/wp-json\/wp\/v2\/einsatzart?post=14204"},{"taxonomy":"fahrzeug","embeddable":true,"href":"https:\/\/feuerwehr-vglambrecht.de\/cms\/wp-json\/wp\/v2\/fahrzeug?post=14204"},{"taxonomy":"exteinsatzmittel","embeddable":true,"href":"https:\/\/feuerwehr-vglambrecht.de\/cms\/wp-json\/wp\/v2\/exteinsatzmittel?post=14204"},{"taxonomy":"alarmierungsart","embeddable":true,"href":"https:\/\/feuerwehr-vglambrecht.de\/cms\/wp-json\/wp\/v2\/alarmierungsart?post=14204"},{"taxonomy":"evw_unit","embeddable":true,"href":"https:\/\/feuerwehr-vglambrecht.de\/cms\/wp-json\/wp\/v2\/evw_unit?post=14204"}],"curies":[{"name":"wp","href":"https:\/\/api.w.org\/{rel}","templated":true}]}}

<p>Am 04.09.2025 wurden die Einheiten Iggelbach und Elmstein zur eine Amtshilfe für die Polizei in Schwarzbach tätig. In Absprache mit Polizei und der Deutschen Telekom musste eine störende Telefonleitung gekappt werden.</p>
