{"id":14122,"date":"2025-08-19T06:20:00","date_gmt":"2025-08-19T04:20:00","guid":{"rendered":"https:\/\/feuerwehr-vglambrecht.de\/cms\/?post_type=einsatz&#038;p=14122"},"modified":"2025-08-20T07:38:59","modified_gmt":"2025-08-20T05:38:59","slug":"tuer-oeffnen-dringend-h2-01-25","status":"publish","type":"einsatz","link":"https:\/\/feuerwehr-vglambrecht.de\/cms\/einsatzberichte\/tuer-oeffnen-dringend-h2-01-25\/","title":{"rendered":"T\u00fcr \u00f6ffnen dringend (H2.01)"},"content":{"rendered":"<p>Zu einer dringenden T\u00fcr\u00f6ffnungen in Neidenfels wurden am fr\u00fchen Dienstagmorgen die Einheiten Neidenfels und Weidenthal alarmiert. Noch auf der Anfahrt wurde der Einsatz durch die Leitstelle storniert.<\/p>\n","protected":false},"author":17,"featured_media":13287,"template":"","meta":{"einsatz_weight":1,"footnotes":""},"categories":[],"tags":[135,136],"einsatzart":[33],"fahrzeug":[61],"exteinsatzmittel":[68,21,31],"alarmierungsart":[10],"evw_unit":[574],"class_list":["post-14122","einsatz","type-einsatz","status-publish","has-post-thumbnail","hentry","tag-neidenfels","tag-weidenthal","einsatzart-th","fahrzeug-neidenfels-73","exteinsatzmittel-fw_nei","exteinsatzmittel-fw_wei","exteinsatzmittel-drk","alarmierungsart-dme-digitaler-meldeempfaenger","evw_unit-neidenfels"],"better_featured_image":{"id":13287,"alt_text":"","caption":"","description":"","media_type":"image","media_details":{"width":465,"height":600,"file":"2024\/11\/Tueroeffnung.png","filesize":546397,"sizes":{"wptouch-new-thumbnail":{"file":"Tueroeffnung-144x144.png","width":144,"height":144,"mime-type":"image\/png","filesize":31756,"source_url":"https:\/\/feuerwehr-vglambrecht.de\/cms\/wp-content\/uploads\/2024\/11\/Tueroeffnung-144x144.png"},"landing_image":{"file":"Tueroeffnung-465x460.png","width":465,"height":460,"mime-type":"image\/png","filesize":371241,"source_url":"https:\/\/feuerwehr-vglambrecht.de\/cms\/wp-content\/uploads\/2024\/11\/Tueroeffnung-465x460.png"},"thumbnail":{"file":"Tueroeffnung-150x150.png","width":150,"height":150,"source_url":"https:\/\/feuerwehr-vglambrecht.de\/cms\/wp-content\/uploads\/2024\/11\/Tueroeffnung-150x150.png"},"medium":{"file":"Tueroeffnung-233x300.png","width":233,"height":300,"source_url":"https:\/\/feuerwehr-vglambrecht.de\/cms\/wp-content\/uploads\/2024\/11\/Tueroeffnung-233x300.png"}},"image_meta":{"aperture":"0","credit":"","camera":"","caption":"","created_timestamp":"0","copyright":"","focal_length":"0","iso":"0","shutter_speed":"0","title":"","orientation":"0","keywords":[]},"image-converter":{"thumbnail":"IME","medium":"IME"}},"post":13286,"source_url":"https:\/\/feuerwehr-vglambrecht.de\/cms\/wp-content\/uploads\/2024\/11\/Tueroeffnung.png"},"einsatz_ort":"Neidenfels","einsatz_ende":"2025-08-19 06:23","einsatz_beginn":"","_links":{"self":[{"href":"https:\/\/feuerwehr-vglambrecht.de\/cms\/wp-json\/wp\/v2\/einsatz\/14122","targetHints":{"allow":["GET"]}}],"collection":[{"href":"https:\/\/feuerwehr-vglambrecht.de\/cms\/wp-json\/wp\/v2\/einsatz"}],"about":[{"href":"https:\/\/feuerwehr-vglambrecht.de\/cms\/wp-json\/wp\/v2\/types\/einsatz"}],"author":[{"embeddable":true,"href":"https:\/\/feuerwehr-vglambrecht.de\/cms\/wp-json\/wp\/v2\/users\/17"}],"version-history":[{"count":1,"href":"https:\/\/feuerwehr-vglambrecht.de\/cms\/wp-json\/wp\/v2\/einsatz\/14122\/revisions"}],"predecessor-version":[{"id":14123,"href":"https:\/\/feuerwehr-vglambrecht.de\/cms\/wp-json\/wp\/v2\/einsatz\/14122\/revisions\/14123"}],"wp:featuredmedia":[{"embeddable":true,"href":"https:\/\/feuerwehr-vglambrecht.de\/cms\/wp-json\/wp\/v2\/media\/13287"}],"wp:attachment":[{"href":"https:\/\/feuerwehr-vglambrecht.de\/cms\/wp-json\/wp\/v2\/media?parent=14122"}],"wp:term":[{"taxonomy":"category","embeddable":true,"href":"https:\/\/feuerwehr-vglambrecht.de\/cms\/wp-json\/wp\/v2\/categories?post=14122"},{"taxonomy":"post_tag","embeddable":true,"href":"https:\/\/feuerwehr-vglambrecht.de\/cms\/wp-json\/wp\/v2\/tags?post=14122"},{"taxonomy":"einsatzart","embeddable":true,"href":"https:\/\/feuerwehr-vglambrecht.de\/cms\/wp-json\/wp\/v2\/einsatzart?post=14122"},{"taxonomy":"fahrzeug","embeddable":true,"href":"https:\/\/feuerwehr-vglambrecht.de\/cms\/wp-json\/wp\/v2\/fahrzeug?post=14122"},{"taxonomy":"exteinsatzmittel","embeddable":true,"href":"https:\/\/feuerwehr-vglambrecht.de\/cms\/wp-json\/wp\/v2\/exteinsatzmittel?post=14122"},{"taxonomy":"alarmierungsart","embeddable":true,"href":"https:\/\/feuerwehr-vglambrecht.de\/cms\/wp-json\/wp\/v2\/alarmierungsart?post=14122"},{"taxonomy":"evw_unit","embeddable":true,"href":"https:\/\/feuerwehr-vglambrecht.de\/cms\/wp-json\/wp\/v2\/evw_unit?post=14122"}],"curies":[{"name":"wp","href":"https:\/\/api.w.org\/{rel}","templated":true}]}}

Tür öffnen dringend (H2.01)

<p>Zu einer dringenden Türöffnungen in Neidenfels wurden am frühen Dienstagmorgen die Einheiten Neidenfels und Weidenthal alarmiert. Noch auf der Anfahrt wurde der Einsatz durch die Leitstelle storniert.</p>
