{"id":14010,"date":"2025-07-11T18:43:00","date_gmt":"2025-07-11T16:43:00","guid":{"rendered":"https:\/\/feuerwehr-vglambrecht.de\/cms\/?post_type=einsatz&#038;p=14010"},"modified":"2025-07-12T12:05:36","modified_gmt":"2025-07-12T10:05:36","slug":"fahrzeugbrand-gross-b2-03-4","status":"publish","type":"einsatz","link":"https:\/\/feuerwehr-vglambrecht.de\/cms\/einsatzberichte\/fahrzeugbrand-gross-b2-03-4\/","title":{"rendered":"Fahrzeugbrand gro\u00df B2.03"},"content":{"rendered":"<p>Die Feuerwehren Elmstein, Iggelbach und Lambrecht wurden am 11.07.2025 um 18:43 Uhr zu einem Fahrzeugbrand gro\u00df an den Flugsicherungsturm nahe der B48 alarmiert.<\/p>\n<p>An der \u00d6rtlichkeit konnte ein in Vollbrand stehender PKW vorgefunden werden. Durch die enorme Hitzeentwicklung setzte sich auch ein daneben befindlicher Baum sowie der umliegende Waldboden in Flammen. Durch den schnellen und gezielten L\u00f6schangriff konnte die Feuerwehr eine weitere Ausbreitung des Brandes und somit auch die Entstehung eines gr\u00f6\u00dferen Waldbrandes verhindern.<\/p>\n<p>Die L\u00f6schwasserversorgung konnte durch die TLF`s der Einheiten Elmstein und Lambrecht sichergestellt werden, sodass keine Wasserentnahmestelle eingerichtet werden musste.<\/p>\n<p>Im Anschluss an die L\u00f6schma\u00dfnahmen wurde die Einsatzstelle an die Polizei \u00fcbergeben.<\/p>\n\n<div class=\"ngg-galleryoverview\" id=\"ngg-gallery-550-14010\">\n\n\t<!-- Slideshow link -->\n\t<div class=\"slideshowlink\">\n\t\t<a class=\"slideshowlink\" href=\"https:\/\/feuerwehr-vglambrecht.de\/cms\/einsatzberichte\/fahrzeugbrand-gross-b2-03-4\/nggallery\/slideshow\">\n\t\t\t[Show as slideshow]\t\t<\/a>\n\t<\/div>\n\n\t\n\t<!-- Thumbnails -->\n\t\t\n\t<div id=\"ngg-image-3268\" class=\"ngg-gallery-thumbnail-box\"  >\n\t\t<div class=\"ngg-gallery-thumbnail\" >\n\t\t\t<a href=\"https:\/\/feuerwehr-vglambrecht.de\/cms\/wp-content\/gallery\/pkw-brand_1\/img_2474.jpg\" title=\" \" class=\"shutterset_set_550\" >\n\t\t\t\t\t\t\t\t<img loading=\"lazy\" decoding=\"async\" title=\"img_2474\" alt=\"img_2474\" src=\"https:\/\/feuerwehr-vglambrecht.de\/cms\/wp-content\/gallery\/pkw-brand_1\/thumbs\/thumbs_img_2474.jpg\" width=\"100\" height=\"75\" \/>\n\t\t\t\t\t\t\t<\/a>\n\t\t<\/div>\n\t<\/div>\n\t\n\t\t\n \t\t\n\t<div id=\"ngg-image-3269\" class=\"ngg-gallery-thumbnail-box\"  >\n\t\t<div class=\"ngg-gallery-thumbnail\" >\n\t\t\t<a href=\"https:\/\/feuerwehr-vglambrecht.de\/cms\/wp-content\/gallery\/pkw-brand_1\/img_2477.jpg\" title=\" \" class=\"shutterset_set_550\" >\n\t\t\t\t\t\t\t\t<img loading=\"lazy\" decoding=\"async\" title=\"img_2477\" alt=\"img_2477\" src=\"https:\/\/feuerwehr-vglambrecht.de\/cms\/wp-content\/gallery\/pkw-brand_1\/thumbs\/thumbs_img_2477.jpg\" width=\"100\" height=\"75\" \/>\n\t\t\t\t\t\t\t<\/a>\n\t\t<\/div>\n\t<\/div>\n\t\n\t\t\n \t\t\n\t<div id=\"ngg-image-3270\" class=\"ngg-gallery-thumbnail-box\"  >\n\t\t<div class=\"ngg-gallery-thumbnail\" >\n\t\t\t<a href=\"https:\/\/feuerwehr-vglambrecht.de\/cms\/wp-content\/gallery\/pkw-brand_1\/img_2478.jpg\" title=\" \" class=\"shutterset_set_550\" >\n\t\t\t\t\t\t\t\t<img loading=\"lazy\" decoding=\"async\" title=\"img_2478\" alt=\"img_2478\" src=\"https:\/\/feuerwehr-vglambrecht.de\/cms\/wp-content\/gallery\/pkw-brand_1\/thumbs\/thumbs_img_2478.jpg\" width=\"100\" height=\"75\" \/>\n\t\t\t\t\t\t\t<\/a>\n\t\t<\/div>\n\t<\/div>\n\t\n\t\t\n \t\t\n\t<div id=\"ngg-image-3271\" class=\"ngg-gallery-thumbnail-box\"  >\n\t\t<div class=\"ngg-gallery-thumbnail\" >\n\t\t\t<a href=\"https:\/\/feuerwehr-vglambrecht.de\/cms\/wp-content\/gallery\/pkw-brand_1\/img_2479.jpg\" title=\" \" class=\"shutterset_set_550\" >\n\t\t\t\t\t\t\t\t<img loading=\"lazy\" decoding=\"async\" title=\"img_2479\" alt=\"img_2479\" src=\"https:\/\/feuerwehr-vglambrecht.de\/cms\/wp-content\/gallery\/pkw-brand_1\/thumbs\/thumbs_img_2479.jpg\" width=\"100\" height=\"75\" \/>\n\t\t\t\t\t\t\t<\/a>\n\t\t<\/div>\n\t<\/div>\n\t\n\t\t\n \t\t\n\t<div id=\"ngg-image-3272\" class=\"ngg-gallery-thumbnail-box\"  >\n\t\t<div class=\"ngg-gallery-thumbnail\" >\n\t\t\t<a href=\"https:\/\/feuerwehr-vglambrecht.de\/cms\/wp-content\/gallery\/pkw-brand_1\/img_2480.jpg\" title=\" \" class=\"shutterset_set_550\" >\n\t\t\t\t\t\t\t\t<img loading=\"lazy\" decoding=\"async\" title=\"img_2480\" alt=\"img_2480\" src=\"https:\/\/feuerwehr-vglambrecht.de\/cms\/wp-content\/gallery\/pkw-brand_1\/thumbs\/thumbs_img_2480.jpg\" width=\"100\" height=\"75\" \/>\n\t\t\t\t\t\t\t<\/a>\n\t\t<\/div>\n\t<\/div>\n\t\n\t\t\n \t\t\n\t<div id=\"ngg-image-3273\" class=\"ngg-gallery-thumbnail-box\"  >\n\t\t<div class=\"ngg-gallery-thumbnail\" >\n\t\t\t<a href=\"https:\/\/feuerwehr-vglambrecht.de\/cms\/wp-content\/gallery\/pkw-brand_1\/img_2481.jpg\" title=\" \" class=\"shutterset_set_550\" >\n\t\t\t\t\t\t\t\t<img loading=\"lazy\" decoding=\"async\" title=\"img_2481\" alt=\"img_2481\" src=\"https:\/\/feuerwehr-vglambrecht.de\/cms\/wp-content\/gallery\/pkw-brand_1\/thumbs\/thumbs_img_2481.jpg\" width=\"100\" height=\"75\" \/>\n\t\t\t\t\t\t\t<\/a>\n\t\t<\/div>\n\t<\/div>\n\t\n\t\t\n \t \t\n\t<!-- Pagination -->\n \t<div class='ngg-clear'><\/div>\n \t\n<\/div>\n\n\n","protected":false},"author":20,"featured_media":14011,"template":"","meta":{"einsatz_weight":1,"footnotes":""},"categories":[],"tags":[613,226],"einsatzart":[7],"fahrzeug":[499,41,38,40,51,54,550,47,513,570],"exteinsatzmittel":[11,17,18,30],"alarmierungsart":[568],"evw_unit":[575,576,571],"class_list":["post-14010","einsatz","type-einsatz","status-publish","has-post-thumbnail","hentry","tag-fahrzeugbrand-gross","tag-waldbrand","einsatzart-brand","fahrzeug-1-17-1","fahrzeug-elmstein-21","fahrzeug-elmstein-44","fahrzeug-elmstein-73","fahrzeug-lambrecht-241","fahrzeug-lambrecht-44","fahrzeug-4-71-1","fahrzeug-iggelbach-19","fahrzeug-513","fahrzeug-rheinpfalz-lu-1-23-8","exteinsatzmittel-fw_elm","exteinsatzmittel-fw_igg","exteinsatzmittel-fw_lam","exteinsatzmittel-pol","alarmierungsart-dme","evw_unit-elmstein","evw_unit-iggelbach","evw_unit-lambrecht"],"better_featured_image":{"id":14011,"alt_text":"","caption":"","description":"","media_type":"image","media_details":{"width":1920,"height":2560,"file":"2025\/07\/IMG_2474-scaled.jpg","filesize":1111935,"sizes":{"medium_large":{"file":"IMG_2474-768x1024.jpg","width":768,"height":1024,"mime-type":"image\/jpeg","filesize":195600,"source_url":"https:\/\/feuerwehr-vglambrecht.de\/cms\/wp-content\/uploads\/2025\/07\/IMG_2474-768x1024.jpg"},"1536x1536":{"file":"IMG_2474-1152x1536.jpg","width":1152,"height":1536,"mime-type":"image\/jpeg","filesize":422268,"source_url":"https:\/\/feuerwehr-vglambrecht.de\/cms\/wp-content\/uploads\/2025\/07\/IMG_2474-1152x1536.jpg"},"2048x2048":{"file":"IMG_2474-1536x2048.jpg","width":1536,"height":2048,"mime-type":"image\/jpeg","filesize":733525,"source_url":"https:\/\/feuerwehr-vglambrecht.de\/cms\/wp-content\/uploads\/2025\/07\/IMG_2474-1536x2048.jpg"},"wptouch-new-thumbnail":{"file":"IMG_2474-144x144.jpg","width":144,"height":144,"mime-type":"image\/jpeg","filesize":19333,"source_url":"https:\/\/feuerwehr-vglambrecht.de\/cms\/wp-content\/uploads\/2025\/07\/IMG_2474-144x144.jpg"},"landing_image":{"file":"IMG_2474-1024x460.jpg","width":1024,"height":460,"mime-type":"image\/jpeg","filesize":93503,"source_url":"https:\/\/feuerwehr-vglambrecht.de\/cms\/wp-content\/uploads\/2025\/07\/IMG_2474-1024x460.jpg"},"thumbnail":{"file":"IMG_2474-150x150.jpg","width":150,"height":150,"source_url":"https:\/\/feuerwehr-vglambrecht.de\/cms\/wp-content\/uploads\/2025\/07\/IMG_2474-150x150.jpg"},"medium":{"file":"IMG_2474-300x225.jpg","width":300,"height":225,"source_url":"https:\/\/feuerwehr-vglambrecht.de\/cms\/wp-content\/uploads\/2025\/07\/IMG_2474-300x225.jpg"},"large":{"file":"IMG_2474-1024x768.jpg","width":1024,"height":768,"source_url":"https:\/\/feuerwehr-vglambrecht.de\/cms\/wp-content\/uploads\/2025\/07\/IMG_2474-1024x768.jpg"}},"image_meta":{"aperture":"1.78","credit":"","camera":"iPhone 16 Pro","caption":"","created_timestamp":"1752260615","copyright":"","focal_length":"6.7649998656528","iso":"80","shutter_speed":"0.00091659028414299","title":"","orientation":1,"keywords":[]},"original_image":"IMG_2474.jpg","image-converter":{"thumbnail":"IME","medium":"IME","large":"IME"}},"post":14010,"source_url":"https:\/\/feuerwehr-vglambrecht.de\/cms\/wp-content\/uploads\/2025\/07\/IMG_2474-scaled.jpg"},"einsatz_ort":"Wald am Flugsicherungsturm B48","einsatz_ende":"2025-07-11 20:31","einsatz_beginn":"","_links":{"self":[{"href":"https:\/\/feuerwehr-vglambrecht.de\/cms\/wp-json\/wp\/v2\/einsatz\/14010","targetHints":{"allow":["GET"]}}],"collection":[{"href":"https:\/\/feuerwehr-vglambrecht.de\/cms\/wp-json\/wp\/v2\/einsatz"}],"about":[{"href":"https:\/\/feuerwehr-vglambrecht.de\/cms\/wp-json\/wp\/v2\/types\/einsatz"}],"author":[{"embeddable":true,"href":"https:\/\/feuerwehr-vglambrecht.de\/cms\/wp-json\/wp\/v2\/users\/20"}],"version-history":[{"count":3,"href":"https:\/\/feuerwehr-vglambrecht.de\/cms\/wp-json\/wp\/v2\/einsatz\/14010\/revisions"}],"predecessor-version":[{"id":14015,"href":"https:\/\/feuerwehr-vglambrecht.de\/cms\/wp-json\/wp\/v2\/einsatz\/14010\/revisions\/14015"}],"wp:featuredmedia":[{"embeddable":true,"href":"https:\/\/feuerwehr-vglambrecht.de\/cms\/wp-json\/wp\/v2\/media\/14011"}],"wp:attachment":[{"href":"https:\/\/feuerwehr-vglambrecht.de\/cms\/wp-json\/wp\/v2\/media?parent=14010"}],"wp:term":[{"taxonomy":"category","embeddable":true,"href":"https:\/\/feuerwehr-vglambrecht.de\/cms\/wp-json\/wp\/v2\/categories?post=14010"},{"taxonomy":"post_tag","embeddable":true,"href":"https:\/\/feuerwehr-vglambrecht.de\/cms\/wp-json\/wp\/v2\/tags?post=14010"},{"taxonomy":"einsatzart","embeddable":true,"href":"https:\/\/feuerwehr-vglambrecht.de\/cms\/wp-json\/wp\/v2\/einsatzart?post=14010"},{"taxonomy":"fahrzeug","embeddable":true,"href":"https:\/\/feuerwehr-vglambrecht.de\/cms\/wp-json\/wp\/v2\/fahrzeug?post=14010"},{"taxonomy":"exteinsatzmittel","embeddable":true,"href":"https:\/\/feuerwehr-vglambrecht.de\/cms\/wp-json\/wp\/v2\/exteinsatzmittel?post=14010"},{"taxonomy":"alarmierungsart","embeddable":true,"href":"https:\/\/feuerwehr-vglambrecht.de\/cms\/wp-json\/wp\/v2\/alarmierungsart?post=14010"},{"taxonomy":"evw_unit","embeddable":true,"href":"https:\/\/feuerwehr-vglambrecht.de\/cms\/wp-json\/wp\/v2\/evw_unit?post=14010"}],"curies":[{"name":"wp","href":"https:\/\/api.w.org\/{rel}","templated":true}]}}

Fahrzeugbrand groß B2.03

<p>Die Feuerwehren Elmstein, Iggelbach und Lambrecht wurden am 11.07.2025 um 18:43 Uhr zu einem Fahrzeugbrand groß an den Flugsicherungsturm nahe der B48 alarmiert.</p>
<p>An der Örtlichkeit konnte ein in Vollbrand stehender PKW vorgefunden werden. Durch die enorme Hitzeentwicklung setzte sich auch ein daneben befindlicher Baum sowie der umliegende Waldboden in Flammen. Durch den schnellen und gezielten Löschangriff konnte die Feuerwehr eine weitere Ausbreitung des Brandes und somit auch die Entstehung eines größeren Waldbrandes verhindern.</p>
<p>Die Löschwasserversorgung konnte durch die TLF`s der Einheiten Elmstein und Lambrecht sichergestellt werden, sodass keine Wasserentnahmestelle eingerichtet werden musste.</p>
<p>Im Anschluss an die Löschmaßnahmen wurde die Einsatzstelle an die Polizei übergeben.</p>

<div class="ngg-galleryoverview" id="ngg-gallery-550-14010">

	<!-- Slideshow link -->
	<div class="slideshowlink">
		<a class="slideshowlink" href="https://feuerwehr-vglambrecht.de/cms/einsatzberichte/fahrzeugbrand-gross-b2-03-4/nggallery/slideshow">
			[Show as slideshow]		</a>
	</div>

	
	<!-- Thumbnails -->
		
	<div id="ngg-image-3268" class="ngg-gallery-thumbnail-box"  >
		<div class="ngg-gallery-thumbnail" >
			<a href="https://feuerwehr-vglambrecht.de/cms/wp-content/gallery/pkw-brand_1/img_2474.jpg" title=" " class="shutterset_set_550" >
								<img loading="lazy" decoding="async" title="img_2474" alt="img_2474" src="https://feuerwehr-vglambrecht.de/cms/wp-content/gallery/pkw-brand_1/thumbs/thumbs_img_2474.jpg" width="100" height="75" />
							</a>
		</div>
	</div>
	
		
 		
	<div id="ngg-image-3269" class="ngg-gallery-thumbnail-box"  >
		<div class="ngg-gallery-thumbnail" >
			<a href="https://feuerwehr-vglambrecht.de/cms/wp-content/gallery/pkw-brand_1/img_2477.jpg" title=" " class="shutterset_set_550" >
								<img loading="lazy" decoding="async" title="img_2477" alt="img_2477" src="https://feuerwehr-vglambrecht.de/cms/wp-content/gallery/pkw-brand_1/thumbs/thumbs_img_2477.jpg" width="100" height="75" />
							</a>
		</div>
	</div>
	
		
 		
	<div id="ngg-image-3270" class="ngg-gallery-thumbnail-box"  >
		<div class="ngg-gallery-thumbnail" >
			<a href="https://feuerwehr-vglambrecht.de/cms/wp-content/gallery/pkw-brand_1/img_2478.jpg" title=" " class="shutterset_set_550" >
								<img loading="lazy" decoding="async" title="img_2478" alt="img_2478" src="https://feuerwehr-vglambrecht.de/cms/wp-content/gallery/pkw-brand_1/thumbs/thumbs_img_2478.jpg" width="100" height="75" />
							</a>
		</div>
	</div>
	
		
 		
	<div id="ngg-image-3271" class="ngg-gallery-thumbnail-box"  >
		<div class="ngg-gallery-thumbnail" >
			<a href="https://feuerwehr-vglambrecht.de/cms/wp-content/gallery/pkw-brand_1/img_2479.jpg" title=" " class="shutterset_set_550" >
								<img loading="lazy" decoding="async" title="img_2479" alt="img_2479" src="https://feuerwehr-vglambrecht.de/cms/wp-content/gallery/pkw-brand_1/thumbs/thumbs_img_2479.jpg" width="100" height="75" />
							</a>
		</div>
	</div>
	
		
 		
	<div id="ngg-image-3272" class="ngg-gallery-thumbnail-box"  >
		<div class="ngg-gallery-thumbnail" >
			<a href="https://feuerwehr-vglambrecht.de/cms/wp-content/gallery/pkw-brand_1/img_2480.jpg" title=" " class="shutterset_set_550" >
								<img loading="lazy" decoding="async" title="img_2480" alt="img_2480" src="https://feuerwehr-vglambrecht.de/cms/wp-content/gallery/pkw-brand_1/thumbs/thumbs_img_2480.jpg" width="100" height="75" />
							</a>
		</div>
	</div>
	
		
 		
	<div id="ngg-image-3273" class="ngg-gallery-thumbnail-box"  >
		<div class="ngg-gallery-thumbnail" >
			<a href="https://feuerwehr-vglambrecht.de/cms/wp-content/gallery/pkw-brand_1/img_2481.jpg" title=" " class="shutterset_set_550" >
								<img loading="lazy" decoding="async" title="img_2481" alt="img_2481" src="https://feuerwehr-vglambrecht.de/cms/wp-content/gallery/pkw-brand_1/thumbs/thumbs_img_2481.jpg" width="100" height="75" />
							</a>
		</div>
	</div>
	
		
 	 	
	<!-- Pagination -->
 	<div class='ngg-clear'></div>
 	
</div>
