{"id":13983,"date":"2025-07-02T23:05:00","date_gmt":"2025-07-02T21:05:00","guid":{"rendered":"https:\/\/feuerwehr-vglambrecht.de\/cms\/?post_type=einsatz&#038;p=13983"},"modified":"2025-07-15T07:49:41","modified_gmt":"2025-07-15T05:49:41","slug":"tuer-oeffnen-dringend-h2-01-24","status":"publish","type":"einsatz","link":"https:\/\/feuerwehr-vglambrecht.de\/cms\/einsatzberichte\/tuer-oeffnen-dringend-h2-01-24\/","title":{"rendered":"T\u00fcr \u00f6ffnen dringend (H2.01)"},"content":{"rendered":"<p>Am Mittwochabend, dem 02.07.2025, wurden die Feuerwehren Weidenthal und Neidenfels um 23:05 Uhr zu einer dringenden T\u00fcr\u00f6ffnung in Weidenthal alarmiert. Die Feuerwehr verschaffte sich Zugang zur Wohnung und \u00fcbergab die Einsatzstelle an den anwesenden Rettungsdienst.<\/p>\n","protected":false},"author":1,"featured_media":11002,"template":"","meta":{"einsatz_weight":1,"footnotes":""},"categories":[1],"tags":[],"einsatzart":[33],"fahrzeug":[59,61,498],"exteinsatzmittel":[68,21,30,323],"alarmierungsart":[10],"evw_unit":[574,569],"class_list":["post-13983","einsatz","type-einsatz","status-publish","has-post-thumbnail","hentry","category-allgemein","einsatzart-th","fahrzeug-neidenfels-47","fahrzeug-neidenfels-73","fahrzeug-7-44-1","exteinsatzmittel-fw_nei","exteinsatzmittel-fw_wei","exteinsatzmittel-pol","exteinsatzmittel-rettungdienst","alarmierungsart-dme-digitaler-meldeempfaenger","evw_unit-neidenfels","evw_unit-weidenthal"],"better_featured_image":{"id":11002,"alt_text":"","caption":"","description":"","media_type":"image","media_details":{"width":310,"height":400,"file":"2022\/11\/Tueroeffnung.png","filesize":176793,"sizes":{"wptouch-new-thumbnail":{"file":"Tueroeffnung-144x144.png","width":144,"height":144,"mime-type":"image\/png","filesize":30607,"source_url":"https:\/\/feuerwehr-vglambrecht.de\/cms\/wp-content\/uploads\/2022\/11\/Tueroeffnung-144x144.png"},"thumbnail":{"file":"Tueroeffnung-150x150.png","width":150,"height":150,"source_url":"https:\/\/feuerwehr-vglambrecht.de\/cms\/wp-content\/uploads\/2022\/11\/Tueroeffnung-150x150.png"},"medium":{"file":"Tueroeffnung-233x300.png","width":233,"height":300,"source_url":"https:\/\/feuerwehr-vglambrecht.de\/cms\/wp-content\/uploads\/2022\/11\/Tueroeffnung-233x300.png"}},"image_meta":{"aperture":"0","credit":"","camera":"","caption":"","created_timestamp":"0","copyright":"","focal_length":"0","iso":"0","shutter_speed":"0","title":"","orientation":"0","keywords":[]},"image-converter":{"thumbnail":"IME","medium":"IME"}},"post":11000,"source_url":"https:\/\/feuerwehr-vglambrecht.de\/cms\/wp-content\/uploads\/2022\/11\/Tueroeffnung.png"},"einsatz_ort":"","einsatz_ende":"2025-07-02 23:39","einsatz_beginn":"","_links":{"self":[{"href":"https:\/\/feuerwehr-vglambrecht.de\/cms\/wp-json\/wp\/v2\/einsatz\/13983","targetHints":{"allow":["GET"]}}],"collection":[{"href":"https:\/\/feuerwehr-vglambrecht.de\/cms\/wp-json\/wp\/v2\/einsatz"}],"about":[{"href":"https:\/\/feuerwehr-vglambrecht.de\/cms\/wp-json\/wp\/v2\/types\/einsatz"}],"author":[{"embeddable":true,"href":"https:\/\/feuerwehr-vglambrecht.de\/cms\/wp-json\/wp\/v2\/users\/1"}],"version-history":[{"count":3,"href":"https:\/\/feuerwehr-vglambrecht.de\/cms\/wp-json\/wp\/v2\/einsatz\/13983\/revisions"}],"predecessor-version":[{"id":13986,"href":"https:\/\/feuerwehr-vglambrecht.de\/cms\/wp-json\/wp\/v2\/einsatz\/13983\/revisions\/13986"}],"wp:featuredmedia":[{"embeddable":true,"href":"https:\/\/feuerwehr-vglambrecht.de\/cms\/wp-json\/wp\/v2\/media\/11002"}],"wp:attachment":[{"href":"https:\/\/feuerwehr-vglambrecht.de\/cms\/wp-json\/wp\/v2\/media?parent=13983"}],"wp:term":[{"taxonomy":"category","embeddable":true,"href":"https:\/\/feuerwehr-vglambrecht.de\/cms\/wp-json\/wp\/v2\/categories?post=13983"},{"taxonomy":"post_tag","embeddable":true,"href":"https:\/\/feuerwehr-vglambrecht.de\/cms\/wp-json\/wp\/v2\/tags?post=13983"},{"taxonomy":"einsatzart","embeddable":true,"href":"https:\/\/feuerwehr-vglambrecht.de\/cms\/wp-json\/wp\/v2\/einsatzart?post=13983"},{"taxonomy":"fahrzeug","embeddable":true,"href":"https:\/\/feuerwehr-vglambrecht.de\/cms\/wp-json\/wp\/v2\/fahrzeug?post=13983"},{"taxonomy":"exteinsatzmittel","embeddable":true,"href":"https:\/\/feuerwehr-vglambrecht.de\/cms\/wp-json\/wp\/v2\/exteinsatzmittel?post=13983"},{"taxonomy":"alarmierungsart","embeddable":true,"href":"https:\/\/feuerwehr-vglambrecht.de\/cms\/wp-json\/wp\/v2\/alarmierungsart?post=13983"},{"taxonomy":"evw_unit","embeddable":true,"href":"https:\/\/feuerwehr-vglambrecht.de\/cms\/wp-json\/wp\/v2\/evw_unit?post=13983"}],"curies":[{"name":"wp","href":"https:\/\/api.w.org\/{rel}","templated":true}]}}

Tür öffnen dringend (H2.01)

<p>Am Mittwochabend, dem 02.07.2025, wurden die Feuerwehren Weidenthal und Neidenfels um 23:05 Uhr zu einer dringenden Türöffnung in Weidenthal alarmiert. Die Feuerwehr verschaffte sich Zugang zur Wohnung und übergab die Einsatzstelle an den anwesenden Rettungsdienst.</p>
