{"id":13844,"date":"2025-05-17T19:12:00","date_gmt":"2025-05-17T17:12:00","guid":{"rendered":"https:\/\/feuerwehr-vglambrecht.de\/cms\/?post_type=einsatz&#038;p=13844"},"modified":"2025-05-19T15:35:03","modified_gmt":"2025-05-19T13:35:03","slug":"brandeinsatz-rauchentwicklung-im-freien-b1-05-2","status":"publish","type":"einsatz","link":"https:\/\/feuerwehr-vglambrecht.de\/cms\/einsatzberichte\/brandeinsatz-rauchentwicklung-im-freien-b1-05-2\/","title":{"rendered":"Brandeinsatz &#8211; Rauchentwicklung im Freien (B1.05)"},"content":{"rendered":"<p>Die st\u00e4rkere Rauchentwicklung eines Grillfeuers machte am Samstag, den 17.05.2025 um 19:12 Uhr den Einsatz der Einheit Lambrecht erforderlich. Die meldende Person hatte auf der gegen\u00fcberliegenden Hangseite Rauch und Feuer in Waldrandn\u00e4he wahrgenommen und daraufhin einen Notruf abgesetzt. Der Aufforderung der Leitstelle, sich zur n\u00e4heren Einweisung der alarmierten Kr\u00e4fte dort einzufinden und nochmals Kontakt per Notruf aufzunehmen, kam sie nicht nach. Auch n\u00e4here Angaben zu Ort oder Art des Feuers konnten nicht gemacht werden. Vor Ort stellte sich die Rauchentwicklung nach Erkundung als Grillfeuer heraus, welches keine Ma\u00dfnahmen seitens der eingesetzten Kr\u00e4fte erforderlich machte. Der Einsatz war nach etwa 15 Minuten beendet.<\/p>\n","protected":false},"author":22,"featured_media":12478,"template":"","meta":{"einsatz_weight":1,"footnotes":""},"categories":[],"tags":[180,388,243,373,142,235,398],"einsatzart":[7],"fahrzeug":[50,51,550],"exteinsatzmittel":[18,299,30],"alarmierungsart":[10],"evw_unit":[571],"class_list":["post-13844","einsatz","type-einsatz","status-publish","has-post-thumbnail","hentry","tag-brand","tag-ehrenamt","tag-feuerwehr-vg-lambrecht","tag-immerda","tag-lambrecht","tag-rauchentwicklung","tag-wirfuereuch","einsatzart-brand","fahrzeug-lambrecht-21","fahrzeug-lambrecht-241","fahrzeug-4-71-1","exteinsatzmittel-fw_lam","exteinsatzmittel-fez-neustadt","exteinsatzmittel-pol","alarmierungsart-dme-digitaler-meldeempfaenger","evw_unit-lambrecht"],"better_featured_image":{"id":12478,"alt_text":"Feuerwehr Warndreieck Symbolbild","caption":"","description":"Feuerwehr Warndreieck Symbolbild","media_type":"image","media_details":{"width":1080,"height":608,"file":"2024\/03\/572709_1_detailsm2x_965834_NATIVE_62c2b1f29b9da.jpg","filesize":198988,"sizes":{"medium_large":{"file":"572709_1_detailsm2x_965834_NATIVE_62c2b1f29b9da-768x432.jpg","width":768,"height":432,"mime-type":"image\/jpeg","filesize":69185,"source_url":"https:\/\/feuerwehr-vglambrecht.de\/cms\/wp-content\/uploads\/2024\/03\/572709_1_detailsm2x_965834_NATIVE_62c2b1f29b9da-768x432.jpg"},"wptouch-new-thumbnail":{"file":"572709_1_detailsm2x_965834_NATIVE_62c2b1f29b9da-144x144.jpg","width":144,"height":144,"mime-type":"image\/jpeg","filesize":10222,"source_url":"https:\/\/feuerwehr-vglambrecht.de\/cms\/wp-content\/uploads\/2024\/03\/572709_1_detailsm2x_965834_NATIVE_62c2b1f29b9da-144x144.jpg"},"landing_image":{"file":"572709_1_detailsm2x_965834_NATIVE_62c2b1f29b9da-1024x460.jpg","width":1024,"height":460,"mime-type":"image\/jpeg","filesize":86467,"source_url":"https:\/\/feuerwehr-vglambrecht.de\/cms\/wp-content\/uploads\/2024\/03\/572709_1_detailsm2x_965834_NATIVE_62c2b1f29b9da-1024x460.jpg"},"thumbnail":{"file":"572709_1_detailsm2x_965834_NATIVE_62c2b1f29b9da-150x150.jpg","width":150,"height":150,"source_url":"https:\/\/feuerwehr-vglambrecht.de\/cms\/wp-content\/uploads\/2024\/03\/572709_1_detailsm2x_965834_NATIVE_62c2b1f29b9da-150x150.jpg"},"medium":{"file":"572709_1_detailsm2x_965834_NATIVE_62c2b1f29b9da-300x169.jpg","width":300,"height":169,"source_url":"https:\/\/feuerwehr-vglambrecht.de\/cms\/wp-content\/uploads\/2024\/03\/572709_1_detailsm2x_965834_NATIVE_62c2b1f29b9da-300x169.jpg"},"large":{"file":"572709_1_detailsm2x_965834_NATIVE_62c2b1f29b9da-1024x576.jpg","width":1024,"height":576,"source_url":"https:\/\/feuerwehr-vglambrecht.de\/cms\/wp-content\/uploads\/2024\/03\/572709_1_detailsm2x_965834_NATIVE_62c2b1f29b9da-1024x576.jpg"}},"image_meta":{"aperture":"9","credit":"","camera":"ILCE-7M3","caption":"","created_timestamp":"1597915246","copyright":"","focal_length":"105","iso":"500","shutter_speed":"0.0025","title":"","orientation":"1","keywords":[]},"image-converter":{"thumbnail":"IME","medium":"IME","large":"IME"}},"post":12477,"source_url":"https:\/\/feuerwehr-vglambrecht.de\/cms\/wp-content\/uploads\/2024\/03\/572709_1_detailsm2x_965834_NATIVE_62c2b1f29b9da.jpg"},"einsatz_ort":"Lambrecht","einsatz_ende":"2025-05-17 19:27","einsatz_beginn":"","_links":{"self":[{"href":"https:\/\/feuerwehr-vglambrecht.de\/cms\/wp-json\/wp\/v2\/einsatz\/13844","targetHints":{"allow":["GET"]}}],"collection":[{"href":"https:\/\/feuerwehr-vglambrecht.de\/cms\/wp-json\/wp\/v2\/einsatz"}],"about":[{"href":"https:\/\/feuerwehr-vglambrecht.de\/cms\/wp-json\/wp\/v2\/types\/einsatz"}],"author":[{"embeddable":true,"href":"https:\/\/feuerwehr-vglambrecht.de\/cms\/wp-json\/wp\/v2\/users\/22"}],"version-history":[{"count":1,"href":"https:\/\/feuerwehr-vglambrecht.de\/cms\/wp-json\/wp\/v2\/einsatz\/13844\/revisions"}],"predecessor-version":[{"id":13845,"href":"https:\/\/feuerwehr-vglambrecht.de\/cms\/wp-json\/wp\/v2\/einsatz\/13844\/revisions\/13845"}],"wp:featuredmedia":[{"embeddable":true,"href":"https:\/\/feuerwehr-vglambrecht.de\/cms\/wp-json\/wp\/v2\/media\/12478"}],"wp:attachment":[{"href":"https:\/\/feuerwehr-vglambrecht.de\/cms\/wp-json\/wp\/v2\/media?parent=13844"}],"wp:term":[{"taxonomy":"category","embeddable":true,"href":"https:\/\/feuerwehr-vglambrecht.de\/cms\/wp-json\/wp\/v2\/categories?post=13844"},{"taxonomy":"post_tag","embeddable":true,"href":"https:\/\/feuerwehr-vglambrecht.de\/cms\/wp-json\/wp\/v2\/tags?post=13844"},{"taxonomy":"einsatzart","embeddable":true,"href":"https:\/\/feuerwehr-vglambrecht.de\/cms\/wp-json\/wp\/v2\/einsatzart?post=13844"},{"taxonomy":"fahrzeug","embeddable":true,"href":"https:\/\/feuerwehr-vglambrecht.de\/cms\/wp-json\/wp\/v2\/fahrzeug?post=13844"},{"taxonomy":"exteinsatzmittel","embeddable":true,"href":"https:\/\/feuerwehr-vglambrecht.de\/cms\/wp-json\/wp\/v2\/exteinsatzmittel?post=13844"},{"taxonomy":"alarmierungsart","embeddable":true,"href":"https:\/\/feuerwehr-vglambrecht.de\/cms\/wp-json\/wp\/v2\/alarmierungsart?post=13844"},{"taxonomy":"evw_unit","embeddable":true,"href":"https:\/\/feuerwehr-vglambrecht.de\/cms\/wp-json\/wp\/v2\/evw_unit?post=13844"}],"curies":[{"name":"wp","href":"https:\/\/api.w.org\/{rel}","templated":true}]}}

<p>Die stärkere Rauchentwicklung eines Grillfeuers machte am Samstag, den 17.05.2025 um 19:12 Uhr den Einsatz der Einheit Lambrecht erforderlich. Die meldende Person hatte auf der gegenüberliegenden Hangseite Rauch und Feuer in Waldrandnähe wahrgenommen und daraufhin einen Notruf abgesetzt. Der Aufforderung der Leitstelle, sich zur näheren Einweisung der alarmierten Kräfte dort einzufinden und nochmals Kontakt per Notruf aufzunehmen, kam sie nicht nach. Auch nähere Angaben zu Ort oder Art des Feuers konnten nicht gemacht werden. Vor Ort stellte sich die Rauchentwicklung nach Erkundung als Grillfeuer heraus, welches keine Maßnahmen seitens der eingesetzten Kräfte erforderlich machte. Der Einsatz war nach etwa 15 Minuten beendet.</p>
