{"id":13795,"date":"2025-05-02T14:58:00","date_gmt":"2025-05-02T12:58:00","guid":{"rendered":"https:\/\/feuerwehr-vglambrecht.de\/cms\/?post_type=einsatz&#038;p=13795"},"modified":"2025-05-03T09:45:00","modified_gmt":"2025-05-03T07:45:00","slug":"hilfeleistung-tuer-oeffnen-dringend-h2-01-6","status":"publish","type":"einsatz","link":"https:\/\/feuerwehr-vglambrecht.de\/cms\/einsatzberichte\/hilfeleistung-tuer-oeffnen-dringend-h2-01-6\/","title":{"rendered":"Hilfeleistung &#8211; T\u00fcr \u00f6ffnen dringend (H2.01)"},"content":{"rendered":"<p>Am Freitag, den 02.05.2025 wurde die Einheit Lambrecht mit dem Einsatzstichwort &#8222;T\u00fcr \u00f6ffnen dringend&#8220; um 14:58 Uhr zu einer Wohnung in Lambrecht alarmiert. Ein Nachbar hatte zu dem Bewohner seit Tagen nur noch verbalen Kontakt durch die T\u00fcr und zeigte sich besorgt \u00fcber den Zustand der von ihm betreuten Person, was zu dem Hilfeersuchen f\u00fchrte.<\/p>\n<p>Nach Ansprache durch den parallel alarmierten Rettungsdienstes konnte die Person die T\u00fcr noch aus eigener Kraft \u00f6ffnen und versorgt werden, was Ma\u00dfnahmen seitens der Feuerwehr nicht erforderlich machte. Der Einsatz war nach etwa 15 Minuten beendet.<\/p>\n<p>&nbsp;<\/p>\n","protected":false},"author":22,"featured_media":12229,"template":"","meta":{"einsatz_weight":1,"footnotes":""},"categories":[],"tags":[388,383,373,142,186,398],"einsatzart":[33],"fahrzeug":[54],"exteinsatzmittel":[18,299,30,31],"alarmierungsart":[10],"evw_unit":[571],"class_list":["post-13795","einsatz","type-einsatz","status-publish","has-post-thumbnail","hentry","tag-ehrenamt","tag-feuerwehrvglambrecht","tag-immerda","tag-lambrecht","tag-tueroeffnung-sos","tag-wirfuereuch","einsatzart-th","fahrzeug-lambrecht-44","exteinsatzmittel-fw_lam","exteinsatzmittel-fez-neustadt","exteinsatzmittel-pol","exteinsatzmittel-drk","alarmierungsart-dme-digitaler-meldeempfaenger","evw_unit-lambrecht"],"better_featured_image":{"id":12229,"alt_text":"","caption":"","description":"","media_type":"image","media_details":{"width":233,"height":300,"file":"2024\/01\/Tueroeffnung-cut.png","filesize":98357,"sizes":{"wptouch-new-thumbnail":{"file":"Tueroeffnung-cut-144x144.png","width":144,"height":144,"mime-type":"image\/png","filesize":30084,"source_url":"https:\/\/feuerwehr-vglambrecht.de\/cms\/wp-content\/uploads\/2024\/01\/Tueroeffnung-cut-144x144.png"},"thumbnail":{"file":"Tueroeffnung-cut-150x150.png","width":150,"height":150,"source_url":"https:\/\/feuerwehr-vglambrecht.de\/cms\/wp-content\/uploads\/2024\/01\/Tueroeffnung-cut-150x150.png"}},"image_meta":{"aperture":"0","credit":"","camera":"","caption":"","created_timestamp":"0","copyright":"","focal_length":"0","iso":"0","shutter_speed":"0","title":"","orientation":"0","keywords":[]},"image-converter":{"thumbnail":"IME"}},"post":null,"source_url":"https:\/\/feuerwehr-vglambrecht.de\/cms\/wp-content\/uploads\/2024\/01\/Tueroeffnung-cut.png"},"einsatz_ort":"Lambrecht","einsatz_ende":"2025-05-02 15:14","einsatz_beginn":"","_links":{"self":[{"href":"https:\/\/feuerwehr-vglambrecht.de\/cms\/wp-json\/wp\/v2\/einsatz\/13795","targetHints":{"allow":["GET"]}}],"collection":[{"href":"https:\/\/feuerwehr-vglambrecht.de\/cms\/wp-json\/wp\/v2\/einsatz"}],"about":[{"href":"https:\/\/feuerwehr-vglambrecht.de\/cms\/wp-json\/wp\/v2\/types\/einsatz"}],"author":[{"embeddable":true,"href":"https:\/\/feuerwehr-vglambrecht.de\/cms\/wp-json\/wp\/v2\/users\/22"}],"version-history":[{"count":3,"href":"https:\/\/feuerwehr-vglambrecht.de\/cms\/wp-json\/wp\/v2\/einsatz\/13795\/revisions"}],"predecessor-version":[{"id":13798,"href":"https:\/\/feuerwehr-vglambrecht.de\/cms\/wp-json\/wp\/v2\/einsatz\/13795\/revisions\/13798"}],"wp:featuredmedia":[{"embeddable":true,"href":"https:\/\/feuerwehr-vglambrecht.de\/cms\/wp-json\/wp\/v2\/media\/12229"}],"wp:attachment":[{"href":"https:\/\/feuerwehr-vglambrecht.de\/cms\/wp-json\/wp\/v2\/media?parent=13795"}],"wp:term":[{"taxonomy":"category","embeddable":true,"href":"https:\/\/feuerwehr-vglambrecht.de\/cms\/wp-json\/wp\/v2\/categories?post=13795"},{"taxonomy":"post_tag","embeddable":true,"href":"https:\/\/feuerwehr-vglambrecht.de\/cms\/wp-json\/wp\/v2\/tags?post=13795"},{"taxonomy":"einsatzart","embeddable":true,"href":"https:\/\/feuerwehr-vglambrecht.de\/cms\/wp-json\/wp\/v2\/einsatzart?post=13795"},{"taxonomy":"fahrzeug","embeddable":true,"href":"https:\/\/feuerwehr-vglambrecht.de\/cms\/wp-json\/wp\/v2\/fahrzeug?post=13795"},{"taxonomy":"exteinsatzmittel","embeddable":true,"href":"https:\/\/feuerwehr-vglambrecht.de\/cms\/wp-json\/wp\/v2\/exteinsatzmittel?post=13795"},{"taxonomy":"alarmierungsart","embeddable":true,"href":"https:\/\/feuerwehr-vglambrecht.de\/cms\/wp-json\/wp\/v2\/alarmierungsart?post=13795"},{"taxonomy":"evw_unit","embeddable":true,"href":"https:\/\/feuerwehr-vglambrecht.de\/cms\/wp-json\/wp\/v2\/evw_unit?post=13795"}],"curies":[{"name":"wp","href":"https:\/\/api.w.org\/{rel}","templated":true}]}}

Hilfeleistung &#8211; Tür öffnen dringend (H2.01)

<p>Am Freitag, den 02.05.2025 wurde die Einheit Lambrecht mit dem Einsatzstichwort &#8222;Tür öffnen dringend&#8220; um 14:58 Uhr zu einer Wohnung in Lambrecht alarmiert. Ein Nachbar hatte zu dem Bewohner seit Tagen nur noch verbalen Kontakt durch die Tür und zeigte sich besorgt über den Zustand der von ihm betreuten Person, was zu dem Hilfeersuchen führte.</p>
<p>Nach Ansprache durch den parallel alarmierten Rettungsdienstes konnte die Person die Tür noch aus eigener Kraft öffnen und versorgt werden, was Maßnahmen seitens der Feuerwehr nicht erforderlich machte. Der Einsatz war nach etwa 15 Minuten beendet.</p>
<p>&nbsp;</p>
