{"id":13789,"date":"2025-04-27T22:34:00","date_gmt":"2025-04-27T20:34:00","guid":{"rendered":"https:\/\/feuerwehr-vglambrecht.de\/cms\/?post_type=einsatz&#038;p=13789"},"modified":"2025-04-28T08:40:20","modified_gmt":"2025-04-28T06:40:20","slug":"hilfeleistung-tuer-oeffnen-dringend-h2-01-5","status":"publish","type":"einsatz","link":"https:\/\/feuerwehr-vglambrecht.de\/cms\/einsatzberichte\/hilfeleistung-tuer-oeffnen-dringend-h2-01-5\/","title":{"rendered":"Hilfeleistung &#8211; T\u00fcr \u00f6ffnen dringend (H2.01)"},"content":{"rendered":"<p>Am Sonntag, den 27.04.2025 wurde die Einheit Lambrecht aufgrund eines medizinischen Notfalls zu einer T\u00fcr\u00f6ffnung alarmiert. Da nach Eingang des Hilfeersuchens kein Kontakt mehr hergestellt werden konnte und somit keine genaueren Details zur physischen Erreichbarkeit oder Lage der Person vor Ort vorlagen, erging um 22:34 Uhr, parallel zu den Kr\u00e4ften des Rettungsdienstes, der Einsatzauftrag an die Feuerwehr.<\/p>\n<p>Gl\u00fccklicherweise verf\u00fcgte die Person \u00fcber einen Hausnotrufanschluss mit bei der betreibenden Organisation hinterlegtem Zweitschl\u00fcssel, so dass der Zugang zur Wohnung schnell und zerst\u00f6rungsfrei hergestellt, sowie die Versorgung eingeleitet werden konnten. Nach \u00dcbergabe an den Rettungsdienst waren seitens der Feuerwehr somit keine weiteren Ma\u00dfnahmen erforderlich und der Einsatz konnte nach etwa 20 Minuten beendet werden.<\/p>\n<p>Auch bei hinterlegten Zweitschl\u00fcsseln zu Wohnungen ist im Notfall die parallele Alarmierung der Feuerwehr zu T\u00fcr\u00f6ffnungen bzw. Unterst\u00fctzung des Rettungsdienstes \u00fcblich und notwendig. Aufgrund von mehrfach verriegelten T\u00fcren mittels zus\u00e4tzlicher Schl\u00f6sser, T\u00fcrketten oder schlicht von innen steckender Schl\u00fcssel kann neben einer gewaltsamen T\u00fcr\u00f6ffnung auch ein alternativer Zugang zur Wohnung erforderlich werden.<\/p>\n","protected":false},"author":17,"featured_media":12478,"template":"","meta":{"einsatz_weight":1,"footnotes":""},"categories":[],"tags":[395,388,383,378,373,142,186,398],"einsatzart":[33],"fahrzeug":[49,54],"exteinsatzmittel":[18,187,30,31],"alarmierungsart":[10],"evw_unit":[571],"class_list":["post-13789","einsatz","type-einsatz","status-publish","has-post-thumbnail","hentry","tag-blaulicht","tag-ehrenamt","tag-feuerwehrvglambrecht","tag-hilfeleistung","tag-immerda","tag-lambrecht","tag-tueroeffnung-sos","tag-wirfuereuch","einsatzart-th","fahrzeug-lambrecht-11","fahrzeug-lambrecht-44","exteinsatzmittel-fw_lam","exteinsatzmittel-notarzt","exteinsatzmittel-pol","exteinsatzmittel-drk","alarmierungsart-dme-digitaler-meldeempfaenger","evw_unit-lambrecht"],"better_featured_image":{"id":12478,"alt_text":"Feuerwehr Warndreieck Symbolbild","caption":"","description":"Feuerwehr Warndreieck Symbolbild","media_type":"image","media_details":{"width":1080,"height":608,"file":"2024\/03\/572709_1_detailsm2x_965834_NATIVE_62c2b1f29b9da.jpg","filesize":198988,"sizes":{"medium_large":{"file":"572709_1_detailsm2x_965834_NATIVE_62c2b1f29b9da-768x432.jpg","width":768,"height":432,"mime-type":"image\/jpeg","filesize":69185,"source_url":"https:\/\/feuerwehr-vglambrecht.de\/cms\/wp-content\/uploads\/2024\/03\/572709_1_detailsm2x_965834_NATIVE_62c2b1f29b9da-768x432.jpg"},"wptouch-new-thumbnail":{"file":"572709_1_detailsm2x_965834_NATIVE_62c2b1f29b9da-144x144.jpg","width":144,"height":144,"mime-type":"image\/jpeg","filesize":10222,"source_url":"https:\/\/feuerwehr-vglambrecht.de\/cms\/wp-content\/uploads\/2024\/03\/572709_1_detailsm2x_965834_NATIVE_62c2b1f29b9da-144x144.jpg"},"landing_image":{"file":"572709_1_detailsm2x_965834_NATIVE_62c2b1f29b9da-1024x460.jpg","width":1024,"height":460,"mime-type":"image\/jpeg","filesize":86467,"source_url":"https:\/\/feuerwehr-vglambrecht.de\/cms\/wp-content\/uploads\/2024\/03\/572709_1_detailsm2x_965834_NATIVE_62c2b1f29b9da-1024x460.jpg"},"thumbnail":{"file":"572709_1_detailsm2x_965834_NATIVE_62c2b1f29b9da-150x150.jpg","width":150,"height":150,"source_url":"https:\/\/feuerwehr-vglambrecht.de\/cms\/wp-content\/uploads\/2024\/03\/572709_1_detailsm2x_965834_NATIVE_62c2b1f29b9da-150x150.jpg"},"medium":{"file":"572709_1_detailsm2x_965834_NATIVE_62c2b1f29b9da-300x169.jpg","width":300,"height":169,"source_url":"https:\/\/feuerwehr-vglambrecht.de\/cms\/wp-content\/uploads\/2024\/03\/572709_1_detailsm2x_965834_NATIVE_62c2b1f29b9da-300x169.jpg"},"large":{"file":"572709_1_detailsm2x_965834_NATIVE_62c2b1f29b9da-1024x576.jpg","width":1024,"height":576,"source_url":"https:\/\/feuerwehr-vglambrecht.de\/cms\/wp-content\/uploads\/2024\/03\/572709_1_detailsm2x_965834_NATIVE_62c2b1f29b9da-1024x576.jpg"}},"image_meta":{"aperture":"9","credit":"","camera":"ILCE-7M3","caption":"","created_timestamp":"1597915246","copyright":"","focal_length":"105","iso":"500","shutter_speed":"0.0025","title":"","orientation":"1","keywords":[]},"image-converter":{"thumbnail":"IME","medium":"IME","large":"IME"}},"post":12477,"source_url":"https:\/\/feuerwehr-vglambrecht.de\/cms\/wp-content\/uploads\/2024\/03\/572709_1_detailsm2x_965834_NATIVE_62c2b1f29b9da.jpg"},"einsatz_ort":"Lambrecht","einsatz_ende":"2025-04-27 22:54","einsatz_beginn":"","_links":{"self":[{"href":"https:\/\/feuerwehr-vglambrecht.de\/cms\/wp-json\/wp\/v2\/einsatz\/13789","targetHints":{"allow":["GET"]}}],"collection":[{"href":"https:\/\/feuerwehr-vglambrecht.de\/cms\/wp-json\/wp\/v2\/einsatz"}],"about":[{"href":"https:\/\/feuerwehr-vglambrecht.de\/cms\/wp-json\/wp\/v2\/types\/einsatz"}],"author":[{"embeddable":true,"href":"https:\/\/feuerwehr-vglambrecht.de\/cms\/wp-json\/wp\/v2\/users\/17"}],"version-history":[{"count":5,"href":"https:\/\/feuerwehr-vglambrecht.de\/cms\/wp-json\/wp\/v2\/einsatz\/13789\/revisions"}],"predecessor-version":[{"id":13794,"href":"https:\/\/feuerwehr-vglambrecht.de\/cms\/wp-json\/wp\/v2\/einsatz\/13789\/revisions\/13794"}],"wp:featuredmedia":[{"embeddable":true,"href":"https:\/\/feuerwehr-vglambrecht.de\/cms\/wp-json\/wp\/v2\/media\/12478"}],"wp:attachment":[{"href":"https:\/\/feuerwehr-vglambrecht.de\/cms\/wp-json\/wp\/v2\/media?parent=13789"}],"wp:term":[{"taxonomy":"category","embeddable":true,"href":"https:\/\/feuerwehr-vglambrecht.de\/cms\/wp-json\/wp\/v2\/categories?post=13789"},{"taxonomy":"post_tag","embeddable":true,"href":"https:\/\/feuerwehr-vglambrecht.de\/cms\/wp-json\/wp\/v2\/tags?post=13789"},{"taxonomy":"einsatzart","embeddable":true,"href":"https:\/\/feuerwehr-vglambrecht.de\/cms\/wp-json\/wp\/v2\/einsatzart?post=13789"},{"taxonomy":"fahrzeug","embeddable":true,"href":"https:\/\/feuerwehr-vglambrecht.de\/cms\/wp-json\/wp\/v2\/fahrzeug?post=13789"},{"taxonomy":"exteinsatzmittel","embeddable":true,"href":"https:\/\/feuerwehr-vglambrecht.de\/cms\/wp-json\/wp\/v2\/exteinsatzmittel?post=13789"},{"taxonomy":"alarmierungsart","embeddable":true,"href":"https:\/\/feuerwehr-vglambrecht.de\/cms\/wp-json\/wp\/v2\/alarmierungsart?post=13789"},{"taxonomy":"evw_unit","embeddable":true,"href":"https:\/\/feuerwehr-vglambrecht.de\/cms\/wp-json\/wp\/v2\/evw_unit?post=13789"}],"curies":[{"name":"wp","href":"https:\/\/api.w.org\/{rel}","templated":true}]}}

Hilfeleistung &#8211; Tür öffnen dringend (H2.01)

<p>Am Sonntag, den 27.04.2025 wurde die Einheit Lambrecht aufgrund eines medizinischen Notfalls zu einer Türöffnung alarmiert. Da nach Eingang des Hilfeersuchens kein Kontakt mehr hergestellt werden konnte und somit keine genaueren Details zur physischen Erreichbarkeit oder Lage der Person vor Ort vorlagen, erging um 22:34 Uhr, parallel zu den Kräften des Rettungsdienstes, der Einsatzauftrag an die Feuerwehr.</p>
<p>Glücklicherweise verfügte die Person über einen Hausnotrufanschluss mit bei der betreibenden Organisation hinterlegtem Zweitschlüssel, so dass der Zugang zur Wohnung schnell und zerstörungsfrei hergestellt, sowie die Versorgung eingeleitet werden konnten. Nach Übergabe an den Rettungsdienst waren seitens der Feuerwehr somit keine weiteren Maßnahmen erforderlich und der Einsatz konnte nach etwa 20 Minuten beendet werden.</p>
<p>Auch bei hinterlegten Zweitschlüsseln zu Wohnungen ist im Notfall die parallele Alarmierung der Feuerwehr zu Türöffnungen bzw. Unterstützung des Rettungsdienstes üblich und notwendig. Aufgrund von mehrfach verriegelten Türen mittels zusätzlicher Schlösser, Türketten oder schlicht von innen steckender Schlüssel kann neben einer gewaltsamen Türöffnung auch ein alternativer Zugang zur Wohnung erforderlich werden.</p>
