{"id":13732,"date":"2025-04-02T11:33:00","date_gmt":"2025-04-02T09:33:00","guid":{"rendered":"https:\/\/feuerwehr-vglambrecht.de\/cms\/?post_type=einsatz&#038;p=13732"},"modified":"2025-04-04T21:23:11","modified_gmt":"2025-04-04T19:23:11","slug":"brandeinsatz-vegetationsbrand-klein-b1-02-2","status":"publish","type":"einsatz","link":"https:\/\/feuerwehr-vglambrecht.de\/cms\/einsatzberichte\/brandeinsatz-vegetationsbrand-klein-b1-02-2\/","title":{"rendered":"Brandeinsatz &#8211; Vegetationsbrand klein (B1.02)"},"content":{"rendered":"<p>Zu einem Vegetationsbrand klein wurden die Einheiten Lambrecht und Lindenberg am 02.04.2025 um 11:33 Uhr alarmiert. Ein unterwegs befindlicher Wanderer hatte eine westlich einer Wohnadresse in Lindenberg befindliche Wahrnehmung gemacht und daraufhin einen Notruf abgesetzt, blieb aber im Anschluss daran in Bewegung und war f\u00fcr die Einsatzkr\u00e4fte auch zun\u00e4chst nicht mehr erreichbar. Nach ausgiebiger und weitr\u00e4umiger Erkundung konnte die gemeldete Lage nicht best\u00e4tigt werden, weshalb der Einsatz f\u00fcr die Kr\u00e4fte der Feuerwehr nach etwa anderthalb Stunden beendet wurde.<\/p>\n<p>Die Feuerwehr weist in diesem Zusammenhang darauf hin, dass w\u00e4hrend\/nach Absetzen eines Notrufs die Erreichbarkeit des Meldenden bzw. dessen Verbleib an der Meldestelle, sofern nat\u00fcrlich gefahrlos m\u00f6glich, von gro\u00dfer Wichtigkeit sind, um wie bei vorgenanntem Einsatz f\u00fcr R\u00fcckfragen oder Hinweise zur m\u00f6glichen Einsatzstelle zur Verf\u00fcgung zu stehen.<\/p>\n","protected":false},"author":22,"featured_media":12929,"template":"","meta":{"einsatz_weight":1,"footnotes":""},"categories":[],"tags":[388,383,142,137,226,398],"einsatzart":[7],"fahrzeug":[50,51,550,57],"exteinsatzmittel":[18,19,30],"alarmierungsart":[10],"evw_unit":[571,572],"class_list":["post-13732","einsatz","type-einsatz","status-publish","has-post-thumbnail","hentry","tag-ehrenamt","tag-feuerwehrvglambrecht","tag-lambrecht","tag-lindenberg","tag-waldbrand","tag-wirfuereuch","einsatzart-brand","fahrzeug-lambrecht-21","fahrzeug-lambrecht-241","fahrzeug-4-71-1","fahrzeug-lindenberg-47","exteinsatzmittel-fw_lam","exteinsatzmittel-fw_lin","exteinsatzmittel-pol","alarmierungsart-dme-digitaler-meldeempfaenger","evw_unit-lambrecht","evw_unit-lindenberg"],"better_featured_image":{"id":12929,"alt_text":"","caption":"","description":"","media_type":"image","media_details":{"width":2560,"height":1707,"file":"2024\/08\/DSC02286-scaled.jpg","filesize":1166996,"sizes":{"medium_large":{"file":"DSC02286-768x512.jpg","width":768,"height":512,"mime-type":"image\/jpeg","filesize":233575,"source_url":"https:\/\/feuerwehr-vglambrecht.de\/cms\/wp-content\/uploads\/2024\/08\/DSC02286-768x512.jpg"},"1536x1536":{"file":"DSC02286-1536x1024.jpg","width":1536,"height":1024,"mime-type":"image\/jpeg","filesize":547325,"source_url":"https:\/\/feuerwehr-vglambrecht.de\/cms\/wp-content\/uploads\/2024\/08\/DSC02286-1536x1024.jpg"},"2048x2048":{"file":"DSC02286-2048x1365.jpg","width":2048,"height":1365,"mime-type":"image\/jpeg","filesize":832273,"source_url":"https:\/\/feuerwehr-vglambrecht.de\/cms\/wp-content\/uploads\/2024\/08\/DSC02286-2048x1365.jpg"},"wptouch-new-thumbnail":{"file":"DSC02286-144x144.jpg","width":144,"height":144,"mime-type":"image\/jpeg","filesize":117391,"source_url":"https:\/\/feuerwehr-vglambrecht.de\/cms\/wp-content\/uploads\/2024\/08\/DSC02286-144x144.jpg"},"landing_image":{"file":"DSC02286-1024x460.jpg","width":1024,"height":460,"mime-type":"image\/jpeg","filesize":253988,"source_url":"https:\/\/feuerwehr-vglambrecht.de\/cms\/wp-content\/uploads\/2024\/08\/DSC02286-1024x460.jpg"},"thumbnail":{"file":"DSC02286-150x150.jpg","width":150,"height":150,"source_url":"https:\/\/feuerwehr-vglambrecht.de\/cms\/wp-content\/uploads\/2024\/08\/DSC02286-150x150.jpg"},"medium":{"file":"DSC02286-300x200.jpg","width":300,"height":200,"source_url":"https:\/\/feuerwehr-vglambrecht.de\/cms\/wp-content\/uploads\/2024\/08\/DSC02286-300x200.jpg"},"large":{"file":"DSC02286-1024x683.jpg","width":1024,"height":683,"source_url":"https:\/\/feuerwehr-vglambrecht.de\/cms\/wp-content\/uploads\/2024\/08\/DSC02286-1024x683.jpg"}},"image_meta":{"aperture":"5.6","credit":"","camera":"ILCE-6600","caption":"","created_timestamp":"1719657215","copyright":"","focal_length":"50","iso":"100","shutter_speed":"0.01","title":"","orientation":"1","keywords":[]},"original_image":"DSC02286.jpg","image-converter":{"thumbnail":"IME","medium":"IME","large":"IME"}},"post":12926,"source_url":"https:\/\/feuerwehr-vglambrecht.de\/cms\/wp-content\/uploads\/2024\/08\/DSC02286-scaled.jpg"},"einsatz_ort":"Lindenberg","einsatz_ende":"2025-04-02 12:59","einsatz_beginn":"","_links":{"self":[{"href":"https:\/\/feuerwehr-vglambrecht.de\/cms\/wp-json\/wp\/v2\/einsatz\/13732","targetHints":{"allow":["GET"]}}],"collection":[{"href":"https:\/\/feuerwehr-vglambrecht.de\/cms\/wp-json\/wp\/v2\/einsatz"}],"about":[{"href":"https:\/\/feuerwehr-vglambrecht.de\/cms\/wp-json\/wp\/v2\/types\/einsatz"}],"author":[{"embeddable":true,"href":"https:\/\/feuerwehr-vglambrecht.de\/cms\/wp-json\/wp\/v2\/users\/22"}],"version-history":[{"count":3,"href":"https:\/\/feuerwehr-vglambrecht.de\/cms\/wp-json\/wp\/v2\/einsatz\/13732\/revisions"}],"predecessor-version":[{"id":13746,"href":"https:\/\/feuerwehr-vglambrecht.de\/cms\/wp-json\/wp\/v2\/einsatz\/13732\/revisions\/13746"}],"wp:featuredmedia":[{"embeddable":true,"href":"https:\/\/feuerwehr-vglambrecht.de\/cms\/wp-json\/wp\/v2\/media\/12929"}],"wp:attachment":[{"href":"https:\/\/feuerwehr-vglambrecht.de\/cms\/wp-json\/wp\/v2\/media?parent=13732"}],"wp:term":[{"taxonomy":"category","embeddable":true,"href":"https:\/\/feuerwehr-vglambrecht.de\/cms\/wp-json\/wp\/v2\/categories?post=13732"},{"taxonomy":"post_tag","embeddable":true,"href":"https:\/\/feuerwehr-vglambrecht.de\/cms\/wp-json\/wp\/v2\/tags?post=13732"},{"taxonomy":"einsatzart","embeddable":true,"href":"https:\/\/feuerwehr-vglambrecht.de\/cms\/wp-json\/wp\/v2\/einsatzart?post=13732"},{"taxonomy":"fahrzeug","embeddable":true,"href":"https:\/\/feuerwehr-vglambrecht.de\/cms\/wp-json\/wp\/v2\/fahrzeug?post=13732"},{"taxonomy":"exteinsatzmittel","embeddable":true,"href":"https:\/\/feuerwehr-vglambrecht.de\/cms\/wp-json\/wp\/v2\/exteinsatzmittel?post=13732"},{"taxonomy":"alarmierungsart","embeddable":true,"href":"https:\/\/feuerwehr-vglambrecht.de\/cms\/wp-json\/wp\/v2\/alarmierungsart?post=13732"},{"taxonomy":"evw_unit","embeddable":true,"href":"https:\/\/feuerwehr-vglambrecht.de\/cms\/wp-json\/wp\/v2\/evw_unit?post=13732"}],"curies":[{"name":"wp","href":"https:\/\/api.w.org\/{rel}","templated":true}]}}

<p>Zu einem Vegetationsbrand klein wurden die Einheiten Lambrecht und Lindenberg am 02.04.2025 um 11:33 Uhr alarmiert. Ein unterwegs befindlicher Wanderer hatte eine westlich einer Wohnadresse in Lindenberg befindliche Wahrnehmung gemacht und daraufhin einen Notruf abgesetzt, blieb aber im Anschluss daran in Bewegung und war für die Einsatzkräfte auch zunächst nicht mehr erreichbar. Nach ausgiebiger und weiträumiger Erkundung konnte die gemeldete Lage nicht bestätigt werden, weshalb der Einsatz für die Kräfte der Feuerwehr nach etwa anderthalb Stunden beendet wurde.</p>
<p>Die Feuerwehr weist in diesem Zusammenhang darauf hin, dass während/nach Absetzen eines Notrufs die Erreichbarkeit des Meldenden bzw. dessen Verbleib an der Meldestelle, sofern natürlich gefahrlos möglich, von großer Wichtigkeit sind, um wie bei vorgenanntem Einsatz für Rückfragen oder Hinweise zur möglichen Einsatzstelle zur Verfügung zu stehen.</p>
