{"id":13528,"date":"2025-02-01T08:58:00","date_gmt":"2025-02-01T07:58:00","guid":{"rendered":"https:\/\/feuerwehr-vglambrecht.de\/cms\/?post_type=einsatz&#038;p=13528"},"modified":"2025-02-01T15:56:16","modified_gmt":"2025-02-01T14:56:16","slug":"kaminbrand-b2-04-14","status":"publish","type":"einsatz","link":"https:\/\/feuerwehr-vglambrecht.de\/cms\/einsatzberichte\/kaminbrand-b2-04-14\/","title":{"rendered":"Kaminbrand (B2.04)"},"content":{"rendered":"<p>Die Feuerwehren Esthal und Frankeneck\u00a0 wurden am 01.02.2025 gegen 9Uhr zu einem Kaminbrand in die Frankenecker Talstra\u00dfe alarmiert. Der bereits vor Ort befindliche Schornsteinfeger hatte den Notruf abgesetzt und die Einsatzkr\u00e4fte angefordert. Es befanden sich zum Zeitpunkt des Eintreffens der Feuerwehr keine Personen mehr im betroffenen Geb\u00e4ude. Aufgrund der baulichen Gegebenheiten und nach erster Erkundung, wurde die Feuerwehr Lambrecht mit einer Drehleiter nachalarmiert. In enger Zusammenarbeit mit dem Schornsteinfeger wurde der Schornstein abgel\u00f6scht und vom Dach aus gereinigt, um eine erneute Entz\u00fcndung zu verhindern. Nur dem umsichtigen Handeln des Schornsteinfegers und dem schnellen Eigreifen der Feuerwehr ist es zu verdanken, dass sich der Brand nicht auf den Dachstuhl ausweiten konnte.<\/p>\n<p>W\u00e4hrend des Einsatzes ereignete sich ein medizinischer Notfall. Eine Anwohnerin brach zusammen und war kurzzeitig bewusstlos. Die Einsatzkr\u00e4fte der Feuerwehr leisteten umgehend Erste Hilfe und versorgten die Dame bis zum Eintreffen des Rettungsdienstes.<\/p>\n<p>Die Talstra\u00dfe war f\u00fcr die Dauer der Einsatzma\u00dfnahmen voll gesperrt. Nach Abschluss der L\u00f6scharbeiten und der medizinischen Versorgung konnte die Stra\u00dfe wieder freigegeben werden.<\/p>\n\n<div class=\"ngg-galleryoverview\" id=\"ngg-gallery-523-13528\">\n\n\t<!-- Slideshow link -->\n\t<div class=\"slideshowlink\">\n\t\t<a class=\"slideshowlink\" href=\"https:\/\/feuerwehr-vglambrecht.de\/cms\/einsatzberichte\/kaminbrand-b2-04-14\/nggallery\/slideshow\">\n\t\t\t[Show as slideshow]\t\t<\/a>\n\t<\/div>\n\n\t\n\t<!-- Thumbnails -->\n\t\t\n\t<div id=\"ngg-image-3025\" class=\"ngg-gallery-thumbnail-box\"  >\n\t\t<div class=\"ngg-gallery-thumbnail\" >\n\t\t\t<a href=\"https:\/\/feuerwehr-vglambrecht.de\/cms\/wp-content\/gallery\/kaminbrand\/1.jpg\" title=\" \" class=\"shutterset_set_523\" >\n\t\t\t\t\t\t\t\t<img loading=\"lazy\" decoding=\"async\" title=\"1\" alt=\"1\" src=\"https:\/\/feuerwehr-vglambrecht.de\/cms\/wp-content\/gallery\/kaminbrand\/thumbs\/thumbs_1.jpg\" width=\"100\" height=\"75\" \/>\n\t\t\t\t\t\t\t<\/a>\n\t\t<\/div>\n\t<\/div>\n\t\n\t\t\n \t\t\n\t<div id=\"ngg-image-3026\" class=\"ngg-gallery-thumbnail-box\"  >\n\t\t<div class=\"ngg-gallery-thumbnail\" >\n\t\t\t<a href=\"https:\/\/feuerwehr-vglambrecht.de\/cms\/wp-content\/gallery\/kaminbrand\/2.jpg\" title=\" \" class=\"shutterset_set_523\" >\n\t\t\t\t\t\t\t\t<img loading=\"lazy\" decoding=\"async\" title=\"2\" alt=\"2\" src=\"https:\/\/feuerwehr-vglambrecht.de\/cms\/wp-content\/gallery\/kaminbrand\/thumbs\/thumbs_2.jpg\" width=\"100\" height=\"75\" \/>\n\t\t\t\t\t\t\t<\/a>\n\t\t<\/div>\n\t<\/div>\n\t\n\t\t\n \t\t\n\t<div id=\"ngg-image-3027\" class=\"ngg-gallery-thumbnail-box\"  >\n\t\t<div class=\"ngg-gallery-thumbnail\" >\n\t\t\t<a href=\"https:\/\/feuerwehr-vglambrecht.de\/cms\/wp-content\/gallery\/kaminbrand\/img_0736.jpg\" title=\" \" class=\"shutterset_set_523\" >\n\t\t\t\t\t\t\t\t<img loading=\"lazy\" decoding=\"async\" title=\"img_0736\" alt=\"img_0736\" src=\"https:\/\/feuerwehr-vglambrecht.de\/cms\/wp-content\/gallery\/kaminbrand\/thumbs\/thumbs_img_0736.jpg\" width=\"100\" height=\"75\" \/>\n\t\t\t\t\t\t\t<\/a>\n\t\t<\/div>\n\t<\/div>\n\t\n\t\t\n \t\t\n\t<div id=\"ngg-image-3028\" class=\"ngg-gallery-thumbnail-box\"  >\n\t\t<div class=\"ngg-gallery-thumbnail\" >\n\t\t\t<a href=\"https:\/\/feuerwehr-vglambrecht.de\/cms\/wp-content\/gallery\/kaminbrand\/img_20250201_095505.jpg\" title=\" \" class=\"shutterset_set_523\" >\n\t\t\t\t\t\t\t\t<img loading=\"lazy\" decoding=\"async\" title=\"img_20250201_095505\" alt=\"img_20250201_095505\" src=\"https:\/\/feuerwehr-vglambrecht.de\/cms\/wp-content\/gallery\/kaminbrand\/thumbs\/thumbs_img_20250201_095505.jpg\" width=\"100\" height=\"75\" \/>\n\t\t\t\t\t\t\t<\/a>\n\t\t<\/div>\n\t<\/div>\n\t\n\t\t\n \t\t\n\t<div id=\"ngg-image-3029\" class=\"ngg-gallery-thumbnail-box\"  >\n\t\t<div class=\"ngg-gallery-thumbnail\" >\n\t\t\t<a href=\"https:\/\/feuerwehr-vglambrecht.de\/cms\/wp-content\/gallery\/kaminbrand\/img_20250201_100800.jpg\" title=\" \" class=\"shutterset_set_523\" >\n\t\t\t\t\t\t\t\t<img loading=\"lazy\" decoding=\"async\" title=\"img_20250201_100800\" alt=\"img_20250201_100800\" src=\"https:\/\/feuerwehr-vglambrecht.de\/cms\/wp-content\/gallery\/kaminbrand\/thumbs\/thumbs_img_20250201_100800.jpg\" width=\"100\" height=\"75\" \/>\n\t\t\t\t\t\t\t<\/a>\n\t\t<\/div>\n\t<\/div>\n\t\n\t\t\n \t\t\n\t<div id=\"ngg-image-3030\" class=\"ngg-gallery-thumbnail-box\"  >\n\t\t<div class=\"ngg-gallery-thumbnail\" >\n\t\t\t<a href=\"https:\/\/feuerwehr-vglambrecht.de\/cms\/wp-content\/gallery\/kaminbrand\/img_20250201_100926.jpg\" title=\" \" class=\"shutterset_set_523\" >\n\t\t\t\t\t\t\t\t<img loading=\"lazy\" decoding=\"async\" title=\"img_20250201_100926\" alt=\"img_20250201_100926\" src=\"https:\/\/feuerwehr-vglambrecht.de\/cms\/wp-content\/gallery\/kaminbrand\/thumbs\/thumbs_img_20250201_100926.jpg\" width=\"100\" height=\"75\" \/>\n\t\t\t\t\t\t\t<\/a>\n\t\t<\/div>\n\t<\/div>\n\t\n\t\t\n \t\t\n\t<div id=\"ngg-image-3031\" class=\"ngg-gallery-thumbnail-box\"  >\n\t\t<div class=\"ngg-gallery-thumbnail\" >\n\t\t\t<a href=\"https:\/\/feuerwehr-vglambrecht.de\/cms\/wp-content\/gallery\/kaminbrand\/img_20250201_100957.jpg\" title=\" \" class=\"shutterset_set_523\" >\n\t\t\t\t\t\t\t\t<img loading=\"lazy\" decoding=\"async\" title=\"img_20250201_100957\" alt=\"img_20250201_100957\" src=\"https:\/\/feuerwehr-vglambrecht.de\/cms\/wp-content\/gallery\/kaminbrand\/thumbs\/thumbs_img_20250201_100957.jpg\" width=\"100\" height=\"75\" \/>\n\t\t\t\t\t\t\t<\/a>\n\t\t<\/div>\n\t<\/div>\n\t\n\t\t\n \t\t\n\t<div id=\"ngg-image-3032\" class=\"ngg-gallery-thumbnail-box\"  >\n\t\t<div class=\"ngg-gallery-thumbnail\" >\n\t\t\t<a href=\"https:\/\/feuerwehr-vglambrecht.de\/cms\/wp-content\/gallery\/kaminbrand\/img_20250201_101324.jpg\" title=\" \" class=\"shutterset_set_523\" >\n\t\t\t\t\t\t\t\t<img loading=\"lazy\" decoding=\"async\" title=\"img_20250201_101324\" alt=\"img_20250201_101324\" src=\"https:\/\/feuerwehr-vglambrecht.de\/cms\/wp-content\/gallery\/kaminbrand\/thumbs\/thumbs_img_20250201_101324.jpg\" width=\"100\" height=\"75\" \/>\n\t\t\t\t\t\t\t<\/a>\n\t\t<\/div>\n\t<\/div>\n\t\n\t\t\n \t\t\n\t<div id=\"ngg-image-3033\" class=\"ngg-gallery-thumbnail-box\"  >\n\t\t<div class=\"ngg-gallery-thumbnail\" >\n\t\t\t<a href=\"https:\/\/feuerwehr-vglambrecht.de\/cms\/wp-content\/gallery\/kaminbrand\/img_7024.jpg\" title=\" \" class=\"shutterset_set_523\" >\n\t\t\t\t\t\t\t\t<img loading=\"lazy\" decoding=\"async\" title=\"img_7024\" alt=\"img_7024\" src=\"https:\/\/feuerwehr-vglambrecht.de\/cms\/wp-content\/gallery\/kaminbrand\/thumbs\/thumbs_img_7024.jpg\" width=\"100\" height=\"75\" \/>\n\t\t\t\t\t\t\t<\/a>\n\t\t<\/div>\n\t<\/div>\n\t\n\t\t\n \t \t\n\t<!-- Pagination -->\n \t<div class='ngg-clear'><\/div>\n \t\n<\/div>\n\n\n","protected":false},"author":17,"featured_media":13530,"template":"","meta":{"einsatz_weight":1,"footnotes":""},"categories":[],"tags":[138,141,373,216,142,398],"einsatzart":[7],"fahrzeug":[350,307,44,45,49,51,53],"exteinsatzmittel":[12,13,18,30,468,31],"alarmierungsart":[10],"evw_unit":[577,573,571],"class_list":["post-13528","einsatz","type-einsatz","status-publish","has-post-thumbnail","hentry","tag-esthal","tag-frankeneck","tag-immerda","tag-kaminbrand","tag-lambrecht","tag-wirfuereuch","einsatzart-brand","fahrzeug-esthal-19-2","fahrzeug-307","fahrzeug-frankeneck-40","fahrzeug-frankeneck-73","fahrzeug-lambrecht-11","fahrzeug-lambrecht-241","fahrzeug-lambrecht-33","exteinsatzmittel-fw_est","exteinsatzmittel-fw_fra","exteinsatzmittel-fw_lam","exteinsatzmittel-pol","exteinsatzmittel-presseteam-feuerwehr-vg-lambrecht","exteinsatzmittel-drk","alarmierungsart-dme-digitaler-meldeempfaenger","evw_unit-esthal","evw_unit-frankeneck","evw_unit-lambrecht"],"better_featured_image":{"id":13530,"alt_text":"","caption":"","description":"","media_type":"image","media_details":{"width":2560,"height":1920,"file":"2025\/02\/IMG_0736-scaled.jpg","filesize":745092,"sizes":{"medium_large":{"file":"IMG_0736-768x576.jpg","width":768,"height":576,"mime-type":"image\/jpeg","filesize":91683,"source_url":"https:\/\/feuerwehr-vglambrecht.de\/cms\/wp-content\/uploads\/2025\/02\/IMG_0736-768x576.jpg"},"1536x1536":{"file":"IMG_0736-1536x1152.jpg","width":1536,"height":1152,"mime-type":"image\/jpeg","filesize":298277,"source_url":"https:\/\/feuerwehr-vglambrecht.de\/cms\/wp-content\/uploads\/2025\/02\/IMG_0736-1536x1152.jpg"},"2048x2048":{"file":"IMG_0736-2048x1536.jpg","width":2048,"height":1536,"mime-type":"image\/jpeg","filesize":498786,"source_url":"https:\/\/feuerwehr-vglambrecht.de\/cms\/wp-content\/uploads\/2025\/02\/IMG_0736-2048x1536.jpg"},"wptouch-new-thumbnail":{"file":"IMG_0736-144x144.jpg","width":144,"height":144,"mime-type":"image\/jpeg","filesize":18912,"source_url":"https:\/\/feuerwehr-vglambrecht.de\/cms\/wp-content\/uploads\/2025\/02\/IMG_0736-144x144.jpg"},"landing_image":{"file":"IMG_0736-1024x460.jpg","width":1024,"height":460,"mime-type":"image\/jpeg","filesize":108965,"source_url":"https:\/\/feuerwehr-vglambrecht.de\/cms\/wp-content\/uploads\/2025\/02\/IMG_0736-1024x460.jpg"},"thumbnail":{"file":"IMG_0736-150x150.jpg","width":150,"height":150,"source_url":"https:\/\/feuerwehr-vglambrecht.de\/cms\/wp-content\/uploads\/2025\/02\/IMG_0736-150x150.jpg"},"medium":{"file":"IMG_0736-300x225.jpg","width":300,"height":225,"source_url":"https:\/\/feuerwehr-vglambrecht.de\/cms\/wp-content\/uploads\/2025\/02\/IMG_0736-300x225.jpg"},"large":{"file":"IMG_0736-1024x768.jpg","width":1024,"height":768,"source_url":"https:\/\/feuerwehr-vglambrecht.de\/cms\/wp-content\/uploads\/2025\/02\/IMG_0736-1024x768.jpg"}},"image_meta":{"aperture":"1.6","credit":"","camera":"iPhone 15","caption":"","created_timestamp":"1738402436","copyright":"","focal_length":"5.96","iso":"50","shutter_speed":"0.0015772870662461","title":"","orientation":1,"keywords":[]},"original_image":"IMG_0736.jpg","image-converter":{"thumbnail":"IME","medium":"IME","large":"IME"}},"post":13528,"source_url":"https:\/\/feuerwehr-vglambrecht.de\/cms\/wp-content\/uploads\/2025\/02\/IMG_0736-scaled.jpg"},"einsatz_ort":"Talstra\u00dfe, Frankeneck","einsatz_ende":"2025-02-01 10:40","einsatz_beginn":"","_links":{"self":[{"href":"https:\/\/feuerwehr-vglambrecht.de\/cms\/wp-json\/wp\/v2\/einsatz\/13528","targetHints":{"allow":["GET"]}}],"collection":[{"href":"https:\/\/feuerwehr-vglambrecht.de\/cms\/wp-json\/wp\/v2\/einsatz"}],"about":[{"href":"https:\/\/feuerwehr-vglambrecht.de\/cms\/wp-json\/wp\/v2\/types\/einsatz"}],"author":[{"embeddable":true,"href":"https:\/\/feuerwehr-vglambrecht.de\/cms\/wp-json\/wp\/v2\/users\/17"}],"version-history":[{"count":2,"href":"https:\/\/feuerwehr-vglambrecht.de\/cms\/wp-json\/wp\/v2\/einsatz\/13528\/revisions"}],"predecessor-version":[{"id":13532,"href":"https:\/\/feuerwehr-vglambrecht.de\/cms\/wp-json\/wp\/v2\/einsatz\/13528\/revisions\/13532"}],"wp:featuredmedia":[{"embeddable":true,"href":"https:\/\/feuerwehr-vglambrecht.de\/cms\/wp-json\/wp\/v2\/media\/13530"}],"wp:attachment":[{"href":"https:\/\/feuerwehr-vglambrecht.de\/cms\/wp-json\/wp\/v2\/media?parent=13528"}],"wp:term":[{"taxonomy":"category","embeddable":true,"href":"https:\/\/feuerwehr-vglambrecht.de\/cms\/wp-json\/wp\/v2\/categories?post=13528"},{"taxonomy":"post_tag","embeddable":true,"href":"https:\/\/feuerwehr-vglambrecht.de\/cms\/wp-json\/wp\/v2\/tags?post=13528"},{"taxonomy":"einsatzart","embeddable":true,"href":"https:\/\/feuerwehr-vglambrecht.de\/cms\/wp-json\/wp\/v2\/einsatzart?post=13528"},{"taxonomy":"fahrzeug","embeddable":true,"href":"https:\/\/feuerwehr-vglambrecht.de\/cms\/wp-json\/wp\/v2\/fahrzeug?post=13528"},{"taxonomy":"exteinsatzmittel","embeddable":true,"href":"https:\/\/feuerwehr-vglambrecht.de\/cms\/wp-json\/wp\/v2\/exteinsatzmittel?post=13528"},{"taxonomy":"alarmierungsart","embeddable":true,"href":"https:\/\/feuerwehr-vglambrecht.de\/cms\/wp-json\/wp\/v2\/alarmierungsart?post=13528"},{"taxonomy":"evw_unit","embeddable":true,"href":"https:\/\/feuerwehr-vglambrecht.de\/cms\/wp-json\/wp\/v2\/evw_unit?post=13528"}],"curies":[{"name":"wp","href":"https:\/\/api.w.org\/{rel}","templated":true}]}}

<p>Die Feuerwehren Esthal und Frankeneck  wurden am 01.02.2025 gegen 9Uhr zu einem Kaminbrand in die Frankenecker Talstraße alarmiert. Der bereits vor Ort befindliche Schornsteinfeger hatte den Notruf abgesetzt und die Einsatzkräfte angefordert. Es befanden sich zum Zeitpunkt des Eintreffens der Feuerwehr keine Personen mehr im betroffenen Gebäude. Aufgrund der baulichen Gegebenheiten und nach erster Erkundung, wurde die Feuerwehr Lambrecht mit einer Drehleiter nachalarmiert. In enger Zusammenarbeit mit dem Schornsteinfeger wurde der Schornstein abgelöscht und vom Dach aus gereinigt, um eine erneute Entzündung zu verhindern. Nur dem umsichtigen Handeln des Schornsteinfegers und dem schnellen Eigreifen der Feuerwehr ist es zu verdanken, dass sich der Brand nicht auf den Dachstuhl ausweiten konnte.</p>
<p>Während des Einsatzes ereignete sich ein medizinischer Notfall. Eine Anwohnerin brach zusammen und war kurzzeitig bewusstlos. Die Einsatzkräfte der Feuerwehr leisteten umgehend Erste Hilfe und versorgten die Dame bis zum Eintreffen des Rettungsdienstes.</p>
<p>Die Talstraße war für die Dauer der Einsatzmaßnahmen voll gesperrt. Nach Abschluss der Löscharbeiten und der medizinischen Versorgung konnte die Straße wieder freigegeben werden.</p>

<div class="ngg-galleryoverview" id="ngg-gallery-523-13528">

	<!-- Slideshow link -->
	<div class="slideshowlink">
		<a class="slideshowlink" href="https://feuerwehr-vglambrecht.de/cms/einsatzberichte/kaminbrand-b2-04-14/nggallery/slideshow">
			[Show as slideshow]		</a>
	</div>

	
	<!-- Thumbnails -->
		
	<div id="ngg-image-3025" class="ngg-gallery-thumbnail-box"  >
		<div class="ngg-gallery-thumbnail" >
			<a href="https://feuerwehr-vglambrecht.de/cms/wp-content/gallery/kaminbrand/1.jpg" title=" " class="shutterset_set_523" >
								<img loading="lazy" decoding="async" title="1" alt="1" src="https://feuerwehr-vglambrecht.de/cms/wp-content/gallery/kaminbrand/thumbs/thumbs_1.jpg" width="100" height="75" />
							</a>
		</div>
	</div>
	
		
 		
	<div id="ngg-image-3026" class="ngg-gallery-thumbnail-box"  >
		<div class="ngg-gallery-thumbnail" >
			<a href="https://feuerwehr-vglambrecht.de/cms/wp-content/gallery/kaminbrand/2.jpg" title=" " class="shutterset_set_523" >
								<img loading="lazy" decoding="async" title="2" alt="2" src="https://feuerwehr-vglambrecht.de/cms/wp-content/gallery/kaminbrand/thumbs/thumbs_2.jpg" width="100" height="75" />
							</a>
		</div>
	</div>
	
		
 		
	<div id="ngg-image-3027" class="ngg-gallery-thumbnail-box"  >
		<div class="ngg-gallery-thumbnail" >
			<a href="https://feuerwehr-vglambrecht.de/cms/wp-content/gallery/kaminbrand/img_0736.jpg" title=" " class="shutterset_set_523" >
								<img loading="lazy" decoding="async" title="img_0736" alt="img_0736" src="https://feuerwehr-vglambrecht.de/cms/wp-content/gallery/kaminbrand/thumbs/thumbs_img_0736.jpg" width="100" height="75" />
							</a>
		</div>
	</div>
	
		
 		
	<div id="ngg-image-3028" class="ngg-gallery-thumbnail-box"  >
		<div class="ngg-gallery-thumbnail" >
			<a href="https://feuerwehr-vglambrecht.de/cms/wp-content/gallery/kaminbrand/img_20250201_095505.jpg" title=" " class="shutterset_set_523" >
								<img loading="lazy" decoding="async" title="img_20250201_095505" alt="img_20250201_095505" src="https://feuerwehr-vglambrecht.de/cms/wp-content/gallery/kaminbrand/thumbs/thumbs_img_20250201_095505.jpg" width="100" height="75" />
							</a>
		</div>
	</div>
	
		
 		
	<div id="ngg-image-3029" class="ngg-gallery-thumbnail-box"  >
		<div class="ngg-gallery-thumbnail" >
			<a href="https://feuerwehr-vglambrecht.de/cms/wp-content/gallery/kaminbrand/img_20250201_100800.jpg" title=" " class="shutterset_set_523" >
								<img loading="lazy" decoding="async" title="img_20250201_100800" alt="img_20250201_100800" src="https://feuerwehr-vglambrecht.de/cms/wp-content/gallery/kaminbrand/thumbs/thumbs_img_20250201_100800.jpg" width="100" height="75" />
							</a>
		</div>
	</div>
	
		
 		
	<div id="ngg-image-3030" class="ngg-gallery-thumbnail-box"  >
		<div class="ngg-gallery-thumbnail" >
			<a href="https://feuerwehr-vglambrecht.de/cms/wp-content/gallery/kaminbrand/img_20250201_100926.jpg" title=" " class="shutterset_set_523" >
								<img loading="lazy" decoding="async" title="img_20250201_100926" alt="img_20250201_100926" src="https://feuerwehr-vglambrecht.de/cms/wp-content/gallery/kaminbrand/thumbs/thumbs_img_20250201_100926.jpg" width="100" height="75" />
							</a>
		</div>
	</div>
	
		
 		
	<div id="ngg-image-3031" class="ngg-gallery-thumbnail-box"  >
		<div class="ngg-gallery-thumbnail" >
			<a href="https://feuerwehr-vglambrecht.de/cms/wp-content/gallery/kaminbrand/img_20250201_100957.jpg" title=" " class="shutterset_set_523" >
								<img loading="lazy" decoding="async" title="img_20250201_100957" alt="img_20250201_100957" src="https://feuerwehr-vglambrecht.de/cms/wp-content/gallery/kaminbrand/thumbs/thumbs_img_20250201_100957.jpg" width="100" height="75" />
							</a>
		</div>
	</div>
	
		
 		
	<div id="ngg-image-3032" class="ngg-gallery-thumbnail-box"  >
		<div class="ngg-gallery-thumbnail" >
			<a href="https://feuerwehr-vglambrecht.de/cms/wp-content/gallery/kaminbrand/img_20250201_101324.jpg" title=" " class="shutterset_set_523" >
								<img loading="lazy" decoding="async" title="img_20250201_101324" alt="img_20250201_101324" src="https://feuerwehr-vglambrecht.de/cms/wp-content/gallery/kaminbrand/thumbs/thumbs_img_20250201_101324.jpg" width="100" height="75" />
							</a>
		</div>
	</div>
	
		
 		
	<div id="ngg-image-3033" class="ngg-gallery-thumbnail-box"  >
		<div class="ngg-gallery-thumbnail" >
			<a href="https://feuerwehr-vglambrecht.de/cms/wp-content/gallery/kaminbrand/img_7024.jpg" title=" " class="shutterset_set_523" >
								<img loading="lazy" decoding="async" title="img_7024" alt="img_7024" src="https://feuerwehr-vglambrecht.de/cms/wp-content/gallery/kaminbrand/thumbs/thumbs_img_7024.jpg" width="100" height="75" />
							</a>
		</div>
	</div>
	
		
 	 	
	<!-- Pagination -->
 	<div class='ngg-clear'></div>
 	
</div>

Talstraße, Frankeneck
