{"id":13520,"date":"2025-01-27T19:09:00","date_gmt":"2025-01-27T18:09:00","guid":{"rendered":"https:\/\/feuerwehr-vglambrecht.de\/cms\/?post_type=einsatz&#038;p=13520"},"modified":"2025-01-29T12:57:55","modified_gmt":"2025-01-29T11:57:55","slug":"technische-hilfeleistung-h2-10","status":"publish","type":"einsatz","link":"https:\/\/feuerwehr-vglambrecht.de\/cms\/einsatzberichte\/technische-hilfeleistung-h2-10\/","title":{"rendered":"Technische Hilfeleistung (H2.10)"},"content":{"rendered":"<p>Am 27. Januar 2025 um 19:09 Uhr wurden die Feuerwehren Neidenfels, Lambrecht und Weidenthal zu einem Vorfall auf der Bahnstrecke bei Neidenfels alarmiert. Aus f\u00fcr die Feuerwehr unbekannten Gr\u00fcnden befand sich eine Person im Gleisbett der ICE Strecke zwischen Mannheim und Kaiserslautern. Die Person wurde von einer Passantin dazu animiert, sich flach zwischen die Schienen zu legen, woraufhin sie von einem herannahenden Schienenfahrzeug \u00fcberrollt wurde. Diese blieb dabei unverletzt. Die Feuerwehr sicherte die Einsatzstelle ab und \u00fcbergab die Person an den Rettungsdienst. Die Bahnstrecke war w\u00e4hrend der Arbeiten f\u00fcr den Zugverkehr gesperrt. Seitens der Feuerwehr waren keine weiteren Ma\u00dfnahmen erforderlich. Die Einsatzstelle wurde der Polizei \u00fcbergeben.<\/p>\n","protected":false},"author":1,"featured_media":12478,"template":"","meta":{"einsatz_weight":1,"footnotes":""},"categories":[],"tags":[411,142,135,190,136],"einsatzart":[33],"fahrzeug":[54,59,61,498,63],"exteinsatzmittel":[18,68,21,30,31],"alarmierungsart":[10],"evw_unit":[571,574,569],"class_list":["post-13520","einsatz","type-einsatz","status-publish","has-post-thumbnail","hentry","tag-feuerwehr-lambrecht","tag-lambrecht","tag-neidenfels","tag-technische-hilfe","tag-weidenthal","einsatzart-th","fahrzeug-lambrecht-44","fahrzeug-neidenfels-47","fahrzeug-neidenfels-73","fahrzeug-7-44-1","fahrzeug-weidenthal-73","exteinsatzmittel-fw_lam","exteinsatzmittel-fw_nei","exteinsatzmittel-fw_wei","exteinsatzmittel-pol","exteinsatzmittel-drk","alarmierungsart-dme-digitaler-meldeempfaenger","evw_unit-lambrecht","evw_unit-neidenfels","evw_unit-weidenthal"],"better_featured_image":{"id":12478,"alt_text":"Feuerwehr Warndreieck Symbolbild","caption":"","description":"Feuerwehr Warndreieck Symbolbild","media_type":"image","media_details":{"width":1080,"height":608,"file":"2024\/03\/572709_1_detailsm2x_965834_NATIVE_62c2b1f29b9da.jpg","filesize":198988,"sizes":{"medium_large":{"file":"572709_1_detailsm2x_965834_NATIVE_62c2b1f29b9da-768x432.jpg","width":768,"height":432,"mime-type":"image\/jpeg","filesize":69185,"source_url":"https:\/\/feuerwehr-vglambrecht.de\/cms\/wp-content\/uploads\/2024\/03\/572709_1_detailsm2x_965834_NATIVE_62c2b1f29b9da-768x432.jpg"},"wptouch-new-thumbnail":{"file":"572709_1_detailsm2x_965834_NATIVE_62c2b1f29b9da-144x144.jpg","width":144,"height":144,"mime-type":"image\/jpeg","filesize":10222,"source_url":"https:\/\/feuerwehr-vglambrecht.de\/cms\/wp-content\/uploads\/2024\/03\/572709_1_detailsm2x_965834_NATIVE_62c2b1f29b9da-144x144.jpg"},"landing_image":{"file":"572709_1_detailsm2x_965834_NATIVE_62c2b1f29b9da-1024x460.jpg","width":1024,"height":460,"mime-type":"image\/jpeg","filesize":86467,"source_url":"https:\/\/feuerwehr-vglambrecht.de\/cms\/wp-content\/uploads\/2024\/03\/572709_1_detailsm2x_965834_NATIVE_62c2b1f29b9da-1024x460.jpg"},"thumbnail":{"file":"572709_1_detailsm2x_965834_NATIVE_62c2b1f29b9da-150x150.jpg","width":150,"height":150,"source_url":"https:\/\/feuerwehr-vglambrecht.de\/cms\/wp-content\/uploads\/2024\/03\/572709_1_detailsm2x_965834_NATIVE_62c2b1f29b9da-150x150.jpg"},"medium":{"file":"572709_1_detailsm2x_965834_NATIVE_62c2b1f29b9da-300x169.jpg","width":300,"height":169,"source_url":"https:\/\/feuerwehr-vglambrecht.de\/cms\/wp-content\/uploads\/2024\/03\/572709_1_detailsm2x_965834_NATIVE_62c2b1f29b9da-300x169.jpg"},"large":{"file":"572709_1_detailsm2x_965834_NATIVE_62c2b1f29b9da-1024x576.jpg","width":1024,"height":576,"source_url":"https:\/\/feuerwehr-vglambrecht.de\/cms\/wp-content\/uploads\/2024\/03\/572709_1_detailsm2x_965834_NATIVE_62c2b1f29b9da-1024x576.jpg"}},"image_meta":{"aperture":"9","credit":"","camera":"ILCE-7M3","caption":"","created_timestamp":"1597915246","copyright":"","focal_length":"105","iso":"500","shutter_speed":"0.0025","title":"","orientation":"1","keywords":[]},"image-converter":{"thumbnail":"IME","medium":"IME","large":"IME"}},"post":12477,"source_url":"https:\/\/feuerwehr-vglambrecht.de\/cms\/wp-content\/uploads\/2024\/03\/572709_1_detailsm2x_965834_NATIVE_62c2b1f29b9da.jpg"},"einsatz_ort":"Neidenfels","einsatz_ende":"2025-01-27 19:35","einsatz_beginn":"","_links":{"self":[{"href":"https:\/\/feuerwehr-vglambrecht.de\/cms\/wp-json\/wp\/v2\/einsatz\/13520","targetHints":{"allow":["GET"]}}],"collection":[{"href":"https:\/\/feuerwehr-vglambrecht.de\/cms\/wp-json\/wp\/v2\/einsatz"}],"about":[{"href":"https:\/\/feuerwehr-vglambrecht.de\/cms\/wp-json\/wp\/v2\/types\/einsatz"}],"author":[{"embeddable":true,"href":"https:\/\/feuerwehr-vglambrecht.de\/cms\/wp-json\/wp\/v2\/users\/1"}],"version-history":[{"count":6,"href":"https:\/\/feuerwehr-vglambrecht.de\/cms\/wp-json\/wp\/v2\/einsatz\/13520\/revisions"}],"predecessor-version":[{"id":13527,"href":"https:\/\/feuerwehr-vglambrecht.de\/cms\/wp-json\/wp\/v2\/einsatz\/13520\/revisions\/13527"}],"wp:featuredmedia":[{"embeddable":true,"href":"https:\/\/feuerwehr-vglambrecht.de\/cms\/wp-json\/wp\/v2\/media\/12478"}],"wp:attachment":[{"href":"https:\/\/feuerwehr-vglambrecht.de\/cms\/wp-json\/wp\/v2\/media?parent=13520"}],"wp:term":[{"taxonomy":"category","embeddable":true,"href":"https:\/\/feuerwehr-vglambrecht.de\/cms\/wp-json\/wp\/v2\/categories?post=13520"},{"taxonomy":"post_tag","embeddable":true,"href":"https:\/\/feuerwehr-vglambrecht.de\/cms\/wp-json\/wp\/v2\/tags?post=13520"},{"taxonomy":"einsatzart","embeddable":true,"href":"https:\/\/feuerwehr-vglambrecht.de\/cms\/wp-json\/wp\/v2\/einsatzart?post=13520"},{"taxonomy":"fahrzeug","embeddable":true,"href":"https:\/\/feuerwehr-vglambrecht.de\/cms\/wp-json\/wp\/v2\/fahrzeug?post=13520"},{"taxonomy":"exteinsatzmittel","embeddable":true,"href":"https:\/\/feuerwehr-vglambrecht.de\/cms\/wp-json\/wp\/v2\/exteinsatzmittel?post=13520"},{"taxonomy":"alarmierungsart","embeddable":true,"href":"https:\/\/feuerwehr-vglambrecht.de\/cms\/wp-json\/wp\/v2\/alarmierungsart?post=13520"},{"taxonomy":"evw_unit","embeddable":true,"href":"https:\/\/feuerwehr-vglambrecht.de\/cms\/wp-json\/wp\/v2\/evw_unit?post=13520"}],"curies":[{"name":"wp","href":"https:\/\/api.w.org\/{rel}","templated":true}]}}

<p>Am 27. Januar 2025 um 19:09 Uhr wurden die Feuerwehren Neidenfels, Lambrecht und Weidenthal zu einem Vorfall auf der Bahnstrecke bei Neidenfels alarmiert. Aus für die Feuerwehr unbekannten Gründen befand sich eine Person im Gleisbett der ICE Strecke zwischen Mannheim und Kaiserslautern. Die Person wurde von einer Passantin dazu animiert, sich flach zwischen die Schienen zu legen, woraufhin sie von einem herannahenden Schienenfahrzeug überrollt wurde. Diese blieb dabei unverletzt. Die Feuerwehr sicherte die Einsatzstelle ab und übergab die Person an den Rettungsdienst. Die Bahnstrecke war während der Arbeiten für den Zugverkehr gesperrt. Seitens der Feuerwehr waren keine weiteren Maßnahmen erforderlich. Die Einsatzstelle wurde der Polizei übergeben.</p>
