{"id":12801,"date":"2024-07-08T16:39:00","date_gmt":"2024-07-08T14:39:00","guid":{"rendered":"https:\/\/feuerwehr-vglambrecht.de\/cms\/?post_type=einsatz&#038;p=12801"},"modified":"2024-07-09T14:49:36","modified_gmt":"2024-07-09T12:49:36","slug":"tierrettung-h1-05-schlange-in-garten","status":"publish","type":"einsatz","link":"https:\/\/feuerwehr-vglambrecht.de\/cms\/einsatzberichte\/tierrettung-h1-05-schlange-in-garten\/","title":{"rendered":"Tierrettung (H1.05) Schlange in Garten"},"content":{"rendered":"<p>Die Feuerwehr Esthal wurde aufgrund einer gr\u00f6\u00dferen Schlange in einem Garten nahe eines Wohnhauses zur Abkl\u00e4rung in die Gartenstra\u00dfe nach Esthal alarmiert. Das Tier konnte durch die Anwohner nicht zweifelsfrei als ungef\u00e4hrliche heimische Art identifiziert werden. Bis zum Eintreffen der Feuerwehr hatte sich die Schlange in einen gr\u00f6\u00dferen Busch verkrochen. Nach Erkundung und Sichtung eines Bildes, das die Anwohner noch von der Schlange anfertigen konnten, wurde durch die Einsatzkr\u00e4fte mit eine heimische und f\u00fcr Menschen ungef\u00e4hrliche Ringelnatter vermutet. Da der Kopf mit der f\u00fcr diese Schlangeart typischen Musterung nicht ganz erkennbar war, wurde das Bild kurz digital mit einem Experten des Reptiliums Landau geteilt. Das Tier konnte hierbei zweifelsfrei als heimische Ringelnatter identifiziert werden. Weitere Ma\u00dfnahmen der Feuerwehr waren somit nicht erforderlich.<\/p>\n\n<div class=\"ngg-galleryoverview\" id=\"ngg-gallery-494-12801\">\n\n\t<!-- Slideshow link -->\n\t<div class=\"slideshowlink\">\n\t\t<a class=\"slideshowlink\" href=\"https:\/\/feuerwehr-vglambrecht.de\/cms\/einsatzberichte\/tierrettung-h1-05-schlange-in-garten\/nggallery\/slideshow\">\n\t\t\t[Show as slideshow]\t\t<\/a>\n\t<\/div>\n\n\t\n\t<!-- Thumbnails -->\n\t\t\n\t<div id=\"ngg-image-2847\" class=\"ngg-gallery-thumbnail-box\"  >\n\t\t<div class=\"ngg-gallery-thumbnail\" >\n\t\t\t<a href=\"https:\/\/feuerwehr-vglambrecht.de\/cms\/wp-content\/gallery\/tierrettung-esthal\/image0.png\" title=\" \" class=\"shutterset_set_494\" >\n\t\t\t\t\t\t\t\t<img loading=\"lazy\" decoding=\"async\" title=\"image0\" alt=\"image0\" src=\"https:\/\/feuerwehr-vglambrecht.de\/cms\/wp-content\/gallery\/tierrettung-esthal\/thumbs\/thumbs_image0.png\" width=\"100\" height=\"75\" \/>\n\t\t\t\t\t\t\t<\/a>\n\t\t<\/div>\n\t<\/div>\n\t\n\t\t\n \t \t\n\t<!-- Pagination -->\n \t<div class='ngg-clear'><\/div>\n \t\n<\/div>\n\n\n","protected":false},"author":3,"featured_media":12802,"template":"","meta":{"einsatz_weight":1,"footnotes":""},"categories":[],"tags":[138,181],"einsatzart":[33],"fahrzeug":[350,307],"exteinsatzmittel":[12,299,562],"alarmierungsart":[10],"evw_unit":[],"class_list":["post-12801","einsatz","type-einsatz","status-publish","has-post-thumbnail","hentry","tag-esthal","tag-tierrettung","einsatzart-th","fahrzeug-esthal-19-2","fahrzeug-307","exteinsatzmittel-fw_est","exteinsatzmittel-fez-neustadt","exteinsatzmittel-reptilium-landau","alarmierungsart-dme-digitaler-meldeempfaenger"],"better_featured_image":{"id":12802,"alt_text":"","caption":"","description":"","media_type":"image","media_details":{"width":750,"height":1334,"file":"2024\/07\/image0.png","filesize":2762549,"sizes":{"wptouch-new-thumbnail":{"file":"image0-144x144.png","width":144,"height":144,"mime-type":"image\/png","filesize":45948,"source_url":"https:\/\/feuerwehr-vglambrecht.de\/cms\/wp-content\/uploads\/2024\/07\/image0-144x144.png"},"landing_image":{"file":"image0-750x460.png","width":750,"height":460,"mime-type":"image\/png","filesize":533428,"source_url":"https:\/\/feuerwehr-vglambrecht.de\/cms\/wp-content\/uploads\/2024\/07\/image0-750x460.png"},"thumbnail":{"file":"image0-150x150.png","width":150,"height":150,"source_url":"https:\/\/feuerwehr-vglambrecht.de\/cms\/wp-content\/uploads\/2024\/07\/image0-150x150.png"},"medium":{"file":"image0-169x300.png","width":169,"height":300,"source_url":"https:\/\/feuerwehr-vglambrecht.de\/cms\/wp-content\/uploads\/2024\/07\/image0-169x300.png"},"large":{"file":"image0-576x1024.png","width":576,"height":1024,"source_url":"https:\/\/feuerwehr-vglambrecht.de\/cms\/wp-content\/uploads\/2024\/07\/image0-576x1024.png"}},"image_meta":{"aperture":"0","credit":"","camera":"","caption":"","created_timestamp":"0","copyright":"","focal_length":"0","iso":"0","shutter_speed":"0","title":"","orientation":"0","keywords":[]},"image-converter":{"thumbnail":"IME","medium":"IME","large":"IME"}},"post":12801,"source_url":"https:\/\/feuerwehr-vglambrecht.de\/cms\/wp-content\/uploads\/2024\/07\/image0.png"},"einsatz_ort":"Gartenstra\u00dfe Esthal","einsatz_ende":"2024-07-08 17:23","einsatz_beginn":"","_links":{"self":[{"href":"https:\/\/feuerwehr-vglambrecht.de\/cms\/wp-json\/wp\/v2\/einsatz\/12801","targetHints":{"allow":["GET"]}}],"collection":[{"href":"https:\/\/feuerwehr-vglambrecht.de\/cms\/wp-json\/wp\/v2\/einsatz"}],"about":[{"href":"https:\/\/feuerwehr-vglambrecht.de\/cms\/wp-json\/wp\/v2\/types\/einsatz"}],"author":[{"embeddable":true,"href":"https:\/\/feuerwehr-vglambrecht.de\/cms\/wp-json\/wp\/v2\/users\/3"}],"version-history":[{"count":4,"href":"https:\/\/feuerwehr-vglambrecht.de\/cms\/wp-json\/wp\/v2\/einsatz\/12801\/revisions"}],"predecessor-version":[{"id":12806,"href":"https:\/\/feuerwehr-vglambrecht.de\/cms\/wp-json\/wp\/v2\/einsatz\/12801\/revisions\/12806"}],"wp:featuredmedia":[{"embeddable":true,"href":"https:\/\/feuerwehr-vglambrecht.de\/cms\/wp-json\/wp\/v2\/media\/12802"}],"wp:attachment":[{"href":"https:\/\/feuerwehr-vglambrecht.de\/cms\/wp-json\/wp\/v2\/media?parent=12801"}],"wp:term":[{"taxonomy":"category","embeddable":true,"href":"https:\/\/feuerwehr-vglambrecht.de\/cms\/wp-json\/wp\/v2\/categories?post=12801"},{"taxonomy":"post_tag","embeddable":true,"href":"https:\/\/feuerwehr-vglambrecht.de\/cms\/wp-json\/wp\/v2\/tags?post=12801"},{"taxonomy":"einsatzart","embeddable":true,"href":"https:\/\/feuerwehr-vglambrecht.de\/cms\/wp-json\/wp\/v2\/einsatzart?post=12801"},{"taxonomy":"fahrzeug","embeddable":true,"href":"https:\/\/feuerwehr-vglambrecht.de\/cms\/wp-json\/wp\/v2\/fahrzeug?post=12801"},{"taxonomy":"exteinsatzmittel","embeddable":true,"href":"https:\/\/feuerwehr-vglambrecht.de\/cms\/wp-json\/wp\/v2\/exteinsatzmittel?post=12801"},{"taxonomy":"alarmierungsart","embeddable":true,"href":"https:\/\/feuerwehr-vglambrecht.de\/cms\/wp-json\/wp\/v2\/alarmierungsart?post=12801"},{"taxonomy":"evw_unit","embeddable":true,"href":"https:\/\/feuerwehr-vglambrecht.de\/cms\/wp-json\/wp\/v2\/evw_unit?post=12801"}],"curies":[{"name":"wp","href":"https:\/\/api.w.org\/{rel}","templated":true}]}}

<p>Die Feuerwehr Esthal wurde aufgrund einer größeren Schlange in einem Garten nahe eines Wohnhauses zur Abklärung in die Gartenstraße nach Esthal alarmiert. Das Tier konnte durch die Anwohner nicht zweifelsfrei als ungefährliche heimische Art identifiziert werden. Bis zum Eintreffen der Feuerwehr hatte sich die Schlange in einen größeren Busch verkrochen. Nach Erkundung und Sichtung eines Bildes, das die Anwohner noch von der Schlange anfertigen konnten, wurde durch die Einsatzkräfte mit eine heimische und für Menschen ungefährliche Ringelnatter vermutet. Da der Kopf mit der für diese Schlangeart typischen Musterung nicht ganz erkennbar war, wurde das Bild kurz digital mit einem Experten des Reptiliums Landau geteilt. Das Tier konnte hierbei zweifelsfrei als heimische Ringelnatter identifiziert werden. Weitere Maßnahmen der Feuerwehr waren somit nicht erforderlich.</p>

<div class="ngg-galleryoverview" id="ngg-gallery-494-12801">

	<!-- Slideshow link -->
	<div class="slideshowlink">
		<a class="slideshowlink" href="https://feuerwehr-vglambrecht.de/cms/einsatzberichte/tierrettung-h1-05-schlange-in-garten/nggallery/slideshow">
			[Show as slideshow]		</a>
	</div>

	
	<!-- Thumbnails -->
		
	<div id="ngg-image-2847" class="ngg-gallery-thumbnail-box"  >
		<div class="ngg-gallery-thumbnail" >
			<a href="https://feuerwehr-vglambrecht.de/cms/wp-content/gallery/tierrettung-esthal/image0.png" title=" " class="shutterset_set_494" >
								<img loading="lazy" decoding="async" title="image0" alt="image0" src="https://feuerwehr-vglambrecht.de/cms/wp-content/gallery/tierrettung-esthal/thumbs/thumbs_image0.png" width="100" height="75" />
							</a>
		</div>
	</div>
	
		
 	 	
	<!-- Pagination -->
 	<div class='ngg-clear'></div>
 	
</div>

Gartenstraße Esthal
