{"id":12716,"date":"2024-06-17T11:22:00","date_gmt":"2024-06-17T09:22:00","guid":{"rendered":"https:\/\/feuerwehr-vglambrecht.de\/cms\/?post_type=einsatz&#038;p=12716"},"modified":"2024-06-17T15:07:28","modified_gmt":"2024-06-17T13:07:28","slug":"absicherung-h1-02-16","status":"publish","type":"einsatz","link":"https:\/\/feuerwehr-vglambrecht.de\/cms\/einsatzberichte\/absicherung-h1-02-16\/","title":{"rendered":"Absicherung ( H1.02 )"},"content":{"rendered":"<p><strong>Gr\u00f6\u00dferer Sandstein auf der K23<\/strong><\/p>\n<p>Am 17. Juni 2024 gegen 11:22 Uhr wurden die Feuerwehren Esthal und Frankeneck zu einer Absicherung auf die K23 alarmiert. <!--more--><\/p>\n<p>Im Kurvenbereich zwischen Einfahrt Steinbruch und Parkplatz der K23 kam es bei Baumf\u00e4llarbeiten zu einem Felssturz. Der Baustellenbereich war mit Ampelregelung gesichert. Weil keine Mitarbeiter vor Ort waren, der Stein mitten auf der Fahrbahn lag, wurden die Feuerwehren zur Absicherung der Einsatzstelle alarmiert.<\/p>\n<p>Vor dem Eintreffen der Feuerwehren war der Stein bereits von einem Bauunternehmen von der Fahrbahn ger\u00e4umt worden. Der zust\u00e4ndige LBM ( Landesbetrieb Mobilit\u00e4t ) wurde verst\u00e4ndigt.<\/p>\n<p><strong><u>\u00a0<\/u><\/strong><\/p>\n","protected":false},"author":5,"featured_media":12719,"template":"","meta":{"einsatz_weight":1,"footnotes":""},"categories":[6],"tags":[388,138,383,190],"einsatzart":[33],"fahrzeug":[350,307,44],"exteinsatzmittel":[12,13,299,112],"alarmierungsart":[10],"evw_unit":[],"class_list":["post-12716","einsatz","type-einsatz","status-publish","has-post-thumbnail","hentry","category-fw_esthal","tag-ehrenamt","tag-esthal","tag-feuerwehrvglambrecht","tag-technische-hilfe","einsatzart-th","fahrzeug-esthal-19-2","fahrzeug-307","fahrzeug-frankeneck-40","exteinsatzmittel-fw_est","exteinsatzmittel-fw_fra","exteinsatzmittel-fez-neustadt","exteinsatzmittel-landesbetrieb-mobilitaet","alarmierungsart-dme-digitaler-meldeempfaenger"],"better_featured_image":{"id":12719,"alt_text":"","caption":"","description":"","media_type":"image","media_details":{"width":749,"height":285,"file":"2024\/06\/259aaf1a-9bfb-4f51-99f7-57a05141b999-e1718629395449.jpg","filesize":215576,"sizes":{"wptouch-new-thumbnail":{"file":"259aaf1a-9bfb-4f51-99f7-57a05141b999-e1718629395449-144x144.jpg","width":144,"height":144,"mime-type":"image\/jpeg","filesize":3880,"source_url":"https:\/\/feuerwehr-vglambrecht.de\/cms\/wp-content\/uploads\/2024\/06\/259aaf1a-9bfb-4f51-99f7-57a05141b999-e1718629395449-144x144.jpg"},"landing_image":{"file":"259aaf1a-9bfb-4f51-99f7-57a05141b999-750x460.jpg","width":750,"height":460,"mime-type":"image\/jpeg","filesize":57646,"source_url":"https:\/\/feuerwehr-vglambrecht.de\/cms\/wp-content\/uploads\/2024\/06\/259aaf1a-9bfb-4f51-99f7-57a05141b999-750x460.jpg"},"thumbnail":{"file":"259aaf1a-9bfb-4f51-99f7-57a05141b999-e1718629395449-150x150.jpg","width":150,"height":150,"mime-type":"image\/jpeg","filesize":4180,"source_url":"https:\/\/feuerwehr-vglambrecht.de\/cms\/wp-content\/uploads\/2024\/06\/259aaf1a-9bfb-4f51-99f7-57a05141b999-e1718629395449-150x150.jpg"},"medium":{"file":"259aaf1a-9bfb-4f51-99f7-57a05141b999-e1718629395449-300x114.jpg","width":300,"height":114,"mime-type":"image\/jpeg","filesize":6067,"source_url":"https:\/\/feuerwehr-vglambrecht.de\/cms\/wp-content\/uploads\/2024\/06\/259aaf1a-9bfb-4f51-99f7-57a05141b999-e1718629395449-300x114.jpg"},"large":{"file":"259aaf1a-9bfb-4f51-99f7-57a05141b999-576x1024.jpg","width":576,"height":1024,"source_url":"https:\/\/feuerwehr-vglambrecht.de\/cms\/wp-content\/uploads\/2024\/06\/259aaf1a-9bfb-4f51-99f7-57a05141b999-576x1024.jpg"}},"image_meta":{"aperture":"0","credit":"","camera":"","caption":"","created_timestamp":"1718620283","copyright":"","focal_length":"0","iso":"0","shutter_speed":"0","title":"","orientation":"1","keywords":[]},"image-converter":{"thumbnail":"IME","medium":"IME","large":"IME"}},"post":12716,"source_url":"https:\/\/feuerwehr-vglambrecht.de\/cms\/wp-content\/uploads\/2024\/06\/259aaf1a-9bfb-4f51-99f7-57a05141b999-e1718629395449.jpg"},"einsatz_ort":"Esthal K23","einsatz_ende":"2024-06-17 11:51","einsatz_beginn":"","_links":{"self":[{"href":"https:\/\/feuerwehr-vglambrecht.de\/cms\/wp-json\/wp\/v2\/einsatz\/12716","targetHints":{"allow":["GET"]}}],"collection":[{"href":"https:\/\/feuerwehr-vglambrecht.de\/cms\/wp-json\/wp\/v2\/einsatz"}],"about":[{"href":"https:\/\/feuerwehr-vglambrecht.de\/cms\/wp-json\/wp\/v2\/types\/einsatz"}],"author":[{"embeddable":true,"href":"https:\/\/feuerwehr-vglambrecht.de\/cms\/wp-json\/wp\/v2\/users\/5"}],"version-history":[{"count":3,"href":"https:\/\/feuerwehr-vglambrecht.de\/cms\/wp-json\/wp\/v2\/einsatz\/12716\/revisions"}],"predecessor-version":[{"id":12720,"href":"https:\/\/feuerwehr-vglambrecht.de\/cms\/wp-json\/wp\/v2\/einsatz\/12716\/revisions\/12720"}],"wp:featuredmedia":[{"embeddable":true,"href":"https:\/\/feuerwehr-vglambrecht.de\/cms\/wp-json\/wp\/v2\/media\/12719"}],"wp:attachment":[{"href":"https:\/\/feuerwehr-vglambrecht.de\/cms\/wp-json\/wp\/v2\/media?parent=12716"}],"wp:term":[{"taxonomy":"category","embeddable":true,"href":"https:\/\/feuerwehr-vglambrecht.de\/cms\/wp-json\/wp\/v2\/categories?post=12716"},{"taxonomy":"post_tag","embeddable":true,"href":"https:\/\/feuerwehr-vglambrecht.de\/cms\/wp-json\/wp\/v2\/tags?post=12716"},{"taxonomy":"einsatzart","embeddable":true,"href":"https:\/\/feuerwehr-vglambrecht.de\/cms\/wp-json\/wp\/v2\/einsatzart?post=12716"},{"taxonomy":"fahrzeug","embeddable":true,"href":"https:\/\/feuerwehr-vglambrecht.de\/cms\/wp-json\/wp\/v2\/fahrzeug?post=12716"},{"taxonomy":"exteinsatzmittel","embeddable":true,"href":"https:\/\/feuerwehr-vglambrecht.de\/cms\/wp-json\/wp\/v2\/exteinsatzmittel?post=12716"},{"taxonomy":"alarmierungsart","embeddable":true,"href":"https:\/\/feuerwehr-vglambrecht.de\/cms\/wp-json\/wp\/v2\/alarmierungsart?post=12716"},{"taxonomy":"evw_unit","embeddable":true,"href":"https:\/\/feuerwehr-vglambrecht.de\/cms\/wp-json\/wp\/v2\/evw_unit?post=12716"}],"curies":[{"name":"wp","href":"https:\/\/api.w.org\/{rel}","templated":true}]}}

<p><strong>Größerer Sandstein auf der K23</strong></p>
<p>Am 17. Juni 2024 gegen 11:22 Uhr wurden die Feuerwehren Esthal und Frankeneck zu einer Absicherung auf die K23 alarmiert. <!--more--></p>
<p>Im Kurvenbereich zwischen Einfahrt Steinbruch und Parkplatz der K23 kam es bei Baumfällarbeiten zu einem Felssturz. Der Baustellenbereich war mit Ampelregelung gesichert. Weil keine Mitarbeiter vor Ort waren, der Stein mitten auf der Fahrbahn lag, wurden die Feuerwehren zur Absicherung der Einsatzstelle alarmiert.</p>
<p>Vor dem Eintreffen der Feuerwehren war der Stein bereits von einem Bauunternehmen von der Fahrbahn geräumt worden. Der zuständige LBM ( Landesbetrieb Mobilität ) wurde verständigt.</p>
<p><strong><u> </u></strong></p>
