{"id":12536,"date":"2024-03-30T13:35:00","date_gmt":"2024-03-30T12:35:00","guid":{"rendered":"https:\/\/feuerwehr-vglambrecht.de\/cms\/?post_type=einsatz&#038;p=12536"},"modified":"2024-03-31T08:27:53","modified_gmt":"2024-03-31T06:27:53","slug":"hilfeleistung-h1-0-amtshilfe-og-esthal","status":"publish","type":"einsatz","link":"https:\/\/feuerwehr-vglambrecht.de\/cms\/einsatzberichte\/hilfeleistung-h1-0-amtshilfe-og-esthal\/","title":{"rendered":"Hilfeleistung (H1.0) &#8211; Amtshilfe OG Esthal"},"content":{"rendered":"<p>Die Wehrf\u00fchrung der Feuerwehr Esthal wurde am 30.03.2024 durch den B\u00fcrgermeister der Gemeinde Esthal aufgrund einer massiven Dieselverschmutzung im Ortsgebiet Esthal zur Amtshilfe\/Beratung hinzugezogen. Der \u00f6rtliche Bauhof wurde kurzzeitig bei Sicherungsma\u00dfnahmen gegen den flie\u00dfenden Verkehr unterst\u00fctzt. Weiterhin stellte sich nach kurzer Erkundung heraus, dass die Dieselspur sich \u00fcber die K23 (beide Richtungsfahrbahnen) sowie die L499 (beide Richtungsfahrbahnen) erstreckte. Daher wurden die Polizei sowie der Landesbetrieb Mobilit\u00e4t als zust\u00e4ndiger Stra\u00dfenbaulasttr\u00e4ger f\u00fcr Kreis- und Landstra\u00dfen zur Veranlassung weiterer Sicherungs- und Reinigungsma\u00dfnahmen verst\u00e4ndigt.<\/p>\n","protected":false},"author":3,"featured_media":12478,"template":"","meta":{"einsatz_weight":1,"footnotes":""},"categories":[],"tags":[138,383,373,197],"einsatzart":[33],"fahrzeug":[307],"exteinsatzmittel":[188,12,112,30],"alarmierungsart":[65],"evw_unit":[],"class_list":["post-12536","einsatz","type-einsatz","status-publish","has-post-thumbnail","hentry","tag-esthal","tag-feuerwehrvglambrecht","tag-immerda","tag-oelspur","einsatzart-th","fahrzeug-307","exteinsatzmittel-bauhof-ortsgemeinde-esthal","exteinsatzmittel-fw_est","exteinsatzmittel-landesbetrieb-mobilitaet","exteinsatzmittel-pol","alarmierungsart-telefon"],"better_featured_image":{"id":12478,"alt_text":"Feuerwehr Warndreieck Symbolbild","caption":"","description":"Feuerwehr Warndreieck Symbolbild","media_type":"image","media_details":{"width":1080,"height":608,"file":"2024\/03\/572709_1_detailsm2x_965834_NATIVE_62c2b1f29b9da.jpg","filesize":198988,"sizes":{"medium_large":{"file":"572709_1_detailsm2x_965834_NATIVE_62c2b1f29b9da-768x432.jpg","width":768,"height":432,"mime-type":"image\/jpeg","filesize":69185,"source_url":"https:\/\/feuerwehr-vglambrecht.de\/cms\/wp-content\/uploads\/2024\/03\/572709_1_detailsm2x_965834_NATIVE_62c2b1f29b9da-768x432.jpg"},"wptouch-new-thumbnail":{"file":"572709_1_detailsm2x_965834_NATIVE_62c2b1f29b9da-144x144.jpg","width":144,"height":144,"mime-type":"image\/jpeg","filesize":10222,"source_url":"https:\/\/feuerwehr-vglambrecht.de\/cms\/wp-content\/uploads\/2024\/03\/572709_1_detailsm2x_965834_NATIVE_62c2b1f29b9da-144x144.jpg"},"landing_image":{"file":"572709_1_detailsm2x_965834_NATIVE_62c2b1f29b9da-1024x460.jpg","width":1024,"height":460,"mime-type":"image\/jpeg","filesize":86467,"source_url":"https:\/\/feuerwehr-vglambrecht.de\/cms\/wp-content\/uploads\/2024\/03\/572709_1_detailsm2x_965834_NATIVE_62c2b1f29b9da-1024x460.jpg"},"thumbnail":{"file":"572709_1_detailsm2x_965834_NATIVE_62c2b1f29b9da-150x150.jpg","width":150,"height":150,"source_url":"https:\/\/feuerwehr-vglambrecht.de\/cms\/wp-content\/uploads\/2024\/03\/572709_1_detailsm2x_965834_NATIVE_62c2b1f29b9da-150x150.jpg"},"medium":{"file":"572709_1_detailsm2x_965834_NATIVE_62c2b1f29b9da-300x169.jpg","width":300,"height":169,"source_url":"https:\/\/feuerwehr-vglambrecht.de\/cms\/wp-content\/uploads\/2024\/03\/572709_1_detailsm2x_965834_NATIVE_62c2b1f29b9da-300x169.jpg"},"large":{"file":"572709_1_detailsm2x_965834_NATIVE_62c2b1f29b9da-1024x576.jpg","width":1024,"height":576,"source_url":"https:\/\/feuerwehr-vglambrecht.de\/cms\/wp-content\/uploads\/2024\/03\/572709_1_detailsm2x_965834_NATIVE_62c2b1f29b9da-1024x576.jpg"}},"image_meta":{"aperture":"9","credit":"","camera":"ILCE-7M3","caption":"","created_timestamp":"1597915246","copyright":"","focal_length":"105","iso":"500","shutter_speed":"0.0025","title":"","orientation":"1","keywords":[]},"image-converter":{"thumbnail":"IME","medium":"IME","large":"IME"}},"post":12477,"source_url":"https:\/\/feuerwehr-vglambrecht.de\/cms\/wp-content\/uploads\/2024\/03\/572709_1_detailsm2x_965834_NATIVE_62c2b1f29b9da.jpg"},"einsatz_ort":"Hauptstra\u00dfe Esthal","einsatz_ende":"2024-03-30 14:15","einsatz_beginn":"","_links":{"self":[{"href":"https:\/\/feuerwehr-vglambrecht.de\/cms\/wp-json\/wp\/v2\/einsatz\/12536","targetHints":{"allow":["GET"]}}],"collection":[{"href":"https:\/\/feuerwehr-vglambrecht.de\/cms\/wp-json\/wp\/v2\/einsatz"}],"about":[{"href":"https:\/\/feuerwehr-vglambrecht.de\/cms\/wp-json\/wp\/v2\/types\/einsatz"}],"author":[{"embeddable":true,"href":"https:\/\/feuerwehr-vglambrecht.de\/cms\/wp-json\/wp\/v2\/users\/3"}],"version-history":[{"count":1,"href":"https:\/\/feuerwehr-vglambrecht.de\/cms\/wp-json\/wp\/v2\/einsatz\/12536\/revisions"}],"predecessor-version":[{"id":12537,"href":"https:\/\/feuerwehr-vglambrecht.de\/cms\/wp-json\/wp\/v2\/einsatz\/12536\/revisions\/12537"}],"wp:featuredmedia":[{"embeddable":true,"href":"https:\/\/feuerwehr-vglambrecht.de\/cms\/wp-json\/wp\/v2\/media\/12478"}],"wp:attachment":[{"href":"https:\/\/feuerwehr-vglambrecht.de\/cms\/wp-json\/wp\/v2\/media?parent=12536"}],"wp:term":[{"taxonomy":"category","embeddable":true,"href":"https:\/\/feuerwehr-vglambrecht.de\/cms\/wp-json\/wp\/v2\/categories?post=12536"},{"taxonomy":"post_tag","embeddable":true,"href":"https:\/\/feuerwehr-vglambrecht.de\/cms\/wp-json\/wp\/v2\/tags?post=12536"},{"taxonomy":"einsatzart","embeddable":true,"href":"https:\/\/feuerwehr-vglambrecht.de\/cms\/wp-json\/wp\/v2\/einsatzart?post=12536"},{"taxonomy":"fahrzeug","embeddable":true,"href":"https:\/\/feuerwehr-vglambrecht.de\/cms\/wp-json\/wp\/v2\/fahrzeug?post=12536"},{"taxonomy":"exteinsatzmittel","embeddable":true,"href":"https:\/\/feuerwehr-vglambrecht.de\/cms\/wp-json\/wp\/v2\/exteinsatzmittel?post=12536"},{"taxonomy":"alarmierungsart","embeddable":true,"href":"https:\/\/feuerwehr-vglambrecht.de\/cms\/wp-json\/wp\/v2\/alarmierungsart?post=12536"},{"taxonomy":"evw_unit","embeddable":true,"href":"https:\/\/feuerwehr-vglambrecht.de\/cms\/wp-json\/wp\/v2\/evw_unit?post=12536"}],"curies":[{"name":"wp","href":"https:\/\/api.w.org\/{rel}","templated":true}]}}

<p>Die Wehrführung der Feuerwehr Esthal wurde am 30.03.2024 durch den Bürgermeister der Gemeinde Esthal aufgrund einer massiven Dieselverschmutzung im Ortsgebiet Esthal zur Amtshilfe/Beratung hinzugezogen. Der örtliche Bauhof wurde kurzzeitig bei Sicherungsmaßnahmen gegen den fließenden Verkehr unterstützt. Weiterhin stellte sich nach kurzer Erkundung heraus, dass die Dieselspur sich über die K23 (beide Richtungsfahrbahnen) sowie die L499 (beide Richtungsfahrbahnen) erstreckte. Daher wurden die Polizei sowie der Landesbetrieb Mobilität als zuständiger Straßenbaulastträger für Kreis- und Landstraßen zur Veranlassung weiterer Sicherungs- und Reinigungsmaßnahmen verständigt.</p>

Hauptstraße Esthal
