{"id":12490,"date":"2024-03-17T13:30:00","date_gmt":"2024-03-17T12:30:00","guid":{"rendered":"https:\/\/feuerwehr-vglambrecht.de\/cms\/?post_type=einsatz&#038;p=12490"},"modified":"2024-04-17T20:31:54","modified_gmt":"2024-04-17T18:31:54","slug":"sicherung-verkehrsraum-h-1-0","status":"publish","type":"einsatz","link":"https:\/\/feuerwehr-vglambrecht.de\/cms\/einsatzberichte\/sicherung-verkehrsraum-h-1-0\/","title":{"rendered":"Sicherung Verkehrsraum (H 1.0)"},"content":{"rendered":"<p>Die Feuerwehr Esthal wurd im Rahmen einer \u00f6ffentlichen Gro\u00dfveranstaltung der KiTa Esthal zu einer Verkehrsraumsicherung angefordert. Betroffen waren Haupt-, Brunnen-, Blumen-, und Bergstra\u00dfe in Esthal. W\u00e4hrend der Veranstaltung wurden die Verkehrsfl\u00e4chen gegen den flie\u00dfenden Verkehr gesichert.<\/p>\n","protected":false},"author":3,"featured_media":0,"template":"","meta":{"einsatz_weight":1,"footnotes":""},"categories":[],"tags":[138,383,373],"einsatzart":[33],"fahrzeug":[350,307],"exteinsatzmittel":[12],"alarmierungsart":[65],"evw_unit":[],"class_list":["post-12490","einsatz","type-einsatz","status-publish","hentry","tag-esthal","tag-feuerwehrvglambrecht","tag-immerda","einsatzart-th","fahrzeug-esthal-19-2","fahrzeug-307","exteinsatzmittel-fw_est","alarmierungsart-telefon"],"better_featured_image":null,"einsatz_ort":"Ortsgemeinde Esthal","einsatz_ende":"2024-03-17 15:00","einsatz_beginn":"","_links":{"self":[{"href":"https:\/\/feuerwehr-vglambrecht.de\/cms\/wp-json\/wp\/v2\/einsatz\/12490","targetHints":{"allow":["GET"]}}],"collection":[{"href":"https:\/\/feuerwehr-vglambrecht.de\/cms\/wp-json\/wp\/v2\/einsatz"}],"about":[{"href":"https:\/\/feuerwehr-vglambrecht.de\/cms\/wp-json\/wp\/v2\/types\/einsatz"}],"author":[{"embeddable":true,"href":"https:\/\/feuerwehr-vglambrecht.de\/cms\/wp-json\/wp\/v2\/users\/3"}],"version-history":[{"count":1,"href":"https:\/\/feuerwehr-vglambrecht.de\/cms\/wp-json\/wp\/v2\/einsatz\/12490\/revisions"}],"predecessor-version":[{"id":12491,"href":"https:\/\/feuerwehr-vglambrecht.de\/cms\/wp-json\/wp\/v2\/einsatz\/12490\/revisions\/12491"}],"wp:attachment":[{"href":"https:\/\/feuerwehr-vglambrecht.de\/cms\/wp-json\/wp\/v2\/media?parent=12490"}],"wp:term":[{"taxonomy":"category","embeddable":true,"href":"https:\/\/feuerwehr-vglambrecht.de\/cms\/wp-json\/wp\/v2\/categories?post=12490"},{"taxonomy":"post_tag","embeddable":true,"href":"https:\/\/feuerwehr-vglambrecht.de\/cms\/wp-json\/wp\/v2\/tags?post=12490"},{"taxonomy":"einsatzart","embeddable":true,"href":"https:\/\/feuerwehr-vglambrecht.de\/cms\/wp-json\/wp\/v2\/einsatzart?post=12490"},{"taxonomy":"fahrzeug","embeddable":true,"href":"https:\/\/feuerwehr-vglambrecht.de\/cms\/wp-json\/wp\/v2\/fahrzeug?post=12490"},{"taxonomy":"exteinsatzmittel","embeddable":true,"href":"https:\/\/feuerwehr-vglambrecht.de\/cms\/wp-json\/wp\/v2\/exteinsatzmittel?post=12490"},{"taxonomy":"alarmierungsart","embeddable":true,"href":"https:\/\/feuerwehr-vglambrecht.de\/cms\/wp-json\/wp\/v2\/alarmierungsart?post=12490"},{"taxonomy":"evw_unit","embeddable":true,"href":"https:\/\/feuerwehr-vglambrecht.de\/cms\/wp-json\/wp\/v2\/evw_unit?post=12490"}],"curies":[{"name":"wp","href":"https:\/\/api.w.org\/{rel}","templated":true}]}}

<p>Die Feuerwehr Esthal wurd im Rahmen einer öffentlichen Großveranstaltung der KiTa Esthal zu einer Verkehrsraumsicherung angefordert. Betroffen waren Haupt-, Brunnen-, Blumen-, und Bergstraße in Esthal. Während der Veranstaltung wurden die Verkehrsflächen gegen den fließenden Verkehr gesichert.</p>
