{"id":12232,"date":"2024-01-05T11:30:00","date_gmt":"2024-01-05T10:30:00","guid":{"rendered":"https:\/\/feuerwehr-vglambrecht.de\/cms\/?post_type=einsatz&#038;p=12232"},"modified":"2024-01-05T13:01:16","modified_gmt":"2024-01-05T12:01:16","slug":"brandmeldeanlage-b2-07-75","status":"publish","type":"einsatz","link":"https:\/\/feuerwehr-vglambrecht.de\/cms\/einsatzberichte\/brandmeldeanlage-b2-07-75\/","title":{"rendered":"Brandmeldeanlage (B2.07)"},"content":{"rendered":"<p><strong>Brandmeldeanlage ausgel\u00f6st<\/strong><\/p>\n<p>Die Feuerwehren Frankeneck und Esthal wurden am 5.Januar 2024 um 11:30 Uhr zu einer ausgel\u00f6sten Brandmeldeanlage in die Talstra\u00dfe in Frankeneck alarmiert.<!--more--><\/p>\n<p>Im betroffenen Objekt wurden Instandhaltungs- und Reinigungsarbeiten durchgef\u00fchrt, weshalb es zu einer Ausl\u00f6sung der Brandmeldeanlage kam. Die Feuerwehr kontrollierte die \u00d6rtlichkeit, stellte die Brandmeldeanlage zur\u00fcck und \u00fcbergab diese dem Eigent\u00fcmer zur weiteren Vorgehensweise.<\/p>\n\n<div class=\"ngg-galleryoverview\" id=\"ngg-gallery-465-12232\">\n\n\t<!-- Slideshow link -->\n\t<div class=\"slideshowlink\">\n\t\t<a class=\"slideshowlink\" href=\"https:\/\/feuerwehr-vglambrecht.de\/cms\/einsatzberichte\/brandmeldeanlage-b2-07-75\/nggallery\/slideshow\">\n\t\t\t[Show as slideshow]\t\t<\/a>\n\t<\/div>\n\n\t\n\t<!-- Thumbnails -->\n\t\t\n\t<div id=\"ngg-image-2663\" class=\"ngg-gallery-thumbnail-box\"  >\n\t\t<div class=\"ngg-gallery-thumbnail\" >\n\t\t\t<a href=\"https:\/\/feuerwehr-vglambrecht.de\/cms\/wp-content\/gallery\/bma\/img_9137.jpg\" title=\" \" class=\"shutterset_set_465\" >\n\t\t\t\t\t\t\t\t<img loading=\"lazy\" decoding=\"async\" title=\"img_9137\" alt=\"img_9137\" src=\"https:\/\/feuerwehr-vglambrecht.de\/cms\/wp-content\/gallery\/bma\/thumbs\/thumbs_img_9137.jpg\" width=\"100\" height=\"75\" \/>\n\t\t\t\t\t\t\t<\/a>\n\t\t<\/div>\n\t<\/div>\n\t\n\t\t\n \t\t\n\t<div id=\"ngg-image-2664\" class=\"ngg-gallery-thumbnail-box\"  >\n\t\t<div class=\"ngg-gallery-thumbnail\" >\n\t\t\t<a href=\"https:\/\/feuerwehr-vglambrecht.de\/cms\/wp-content\/gallery\/bma\/img_9139.jpg\" title=\" \" class=\"shutterset_set_465\" >\n\t\t\t\t\t\t\t\t<img loading=\"lazy\" decoding=\"async\" title=\"img_9139\" alt=\"img_9139\" src=\"https:\/\/feuerwehr-vglambrecht.de\/cms\/wp-content\/gallery\/bma\/thumbs\/thumbs_img_9139.jpg\" width=\"100\" height=\"75\" \/>\n\t\t\t\t\t\t\t<\/a>\n\t\t<\/div>\n\t<\/div>\n\t\n\t\t\n \t\t\n\t<div id=\"ngg-image-2665\" class=\"ngg-gallery-thumbnail-box\"  >\n\t\t<div class=\"ngg-gallery-thumbnail\" >\n\t\t\t<a href=\"https:\/\/feuerwehr-vglambrecht.de\/cms\/wp-content\/gallery\/bma\/img_9141.jpg\" title=\" \" class=\"shutterset_set_465\" >\n\t\t\t\t\t\t\t\t<img loading=\"lazy\" decoding=\"async\" title=\"img_9141\" alt=\"img_9141\" src=\"https:\/\/feuerwehr-vglambrecht.de\/cms\/wp-content\/gallery\/bma\/thumbs\/thumbs_img_9141.jpg\" width=\"100\" height=\"75\" \/>\n\t\t\t\t\t\t\t<\/a>\n\t\t<\/div>\n\t<\/div>\n\t\n\t\t\n \t \t\n\t<!-- Pagination -->\n \t<div class='ngg-clear'><\/div>\n \t\n<\/div>\n\n\n<p>&nbsp;<\/p>\n","protected":false},"author":5,"featured_media":12237,"template":"","meta":{"einsatz_weight":1,"footnotes":""},"categories":[],"tags":[],"einsatzart":[8],"fahrzeug":[307,44],"exteinsatzmittel":[12,13,31],"alarmierungsart":[10],"evw_unit":[],"class_list":["post-12232","einsatz","type-einsatz","status-publish","has-post-thumbnail","hentry","einsatzart-bma","fahrzeug-307","fahrzeug-frankeneck-40","exteinsatzmittel-fw_est","exteinsatzmittel-fw_fra","exteinsatzmittel-drk","alarmierungsart-dme-digitaler-meldeempfaenger"],"better_featured_image":{"id":12237,"alt_text":"","caption":"","description":"","media_type":"image","media_details":{"width":1920,"height":2560,"file":"2024\/01\/7273A364-ADEF-4319-A819-992696F2AAFF-scaled.jpeg","filesize":524634,"sizes":{"medium_large":{"file":"7273A364-ADEF-4319-A819-992696F2AAFF-768x1024.jpeg","width":768,"height":1024,"mime-type":"image\/jpeg","filesize":105667,"source_url":"https:\/\/feuerwehr-vglambrecht.de\/cms\/wp-content\/uploads\/2024\/01\/7273A364-ADEF-4319-A819-992696F2AAFF-768x1024.jpeg"},"1536x1536":{"file":"7273A364-ADEF-4319-A819-992696F2AAFF-1152x1536.jpeg","width":1152,"height":1536,"mime-type":"image\/jpeg","filesize":197253,"source_url":"https:\/\/feuerwehr-vglambrecht.de\/cms\/wp-content\/uploads\/2024\/01\/7273A364-ADEF-4319-A819-992696F2AAFF-1152x1536.jpeg"},"2048x2048":{"file":"7273A364-ADEF-4319-A819-992696F2AAFF-1536x2048.jpeg","width":1536,"height":2048,"mime-type":"image\/jpeg","filesize":334477,"source_url":"https:\/\/feuerwehr-vglambrecht.de\/cms\/wp-content\/uploads\/2024\/01\/7273A364-ADEF-4319-A819-992696F2AAFF-1536x2048.jpeg"},"wptouch-new-thumbnail":{"file":"7273A364-ADEF-4319-A819-992696F2AAFF-144x144.jpeg","width":144,"height":144,"mime-type":"image\/jpeg","filesize":17851,"source_url":"https:\/\/feuerwehr-vglambrecht.de\/cms\/wp-content\/uploads\/2024\/01\/7273A364-ADEF-4319-A819-992696F2AAFF-144x144.jpeg"},"landing_image":{"file":"7273A364-ADEF-4319-A819-992696F2AAFF-1024x460.jpeg","width":1024,"height":460,"mime-type":"image\/jpeg","filesize":63898,"source_url":"https:\/\/feuerwehr-vglambrecht.de\/cms\/wp-content\/uploads\/2024\/01\/7273A364-ADEF-4319-A819-992696F2AAFF-1024x460.jpeg"},"thumbnail":{"file":"7273A364-ADEF-4319-A819-992696F2AAFF-150x150.jpeg","width":150,"height":150,"source_url":"https:\/\/feuerwehr-vglambrecht.de\/cms\/wp-content\/uploads\/2024\/01\/7273A364-ADEF-4319-A819-992696F2AAFF-150x150.jpeg"},"medium":{"file":"7273A364-ADEF-4319-A819-992696F2AAFF-300x225.jpeg","width":300,"height":225,"source_url":"https:\/\/feuerwehr-vglambrecht.de\/cms\/wp-content\/uploads\/2024\/01\/7273A364-ADEF-4319-A819-992696F2AAFF-300x225.jpeg"},"large":{"file":"7273A364-ADEF-4319-A819-992696F2AAFF-1024x768.jpeg","width":1024,"height":768,"source_url":"https:\/\/feuerwehr-vglambrecht.de\/cms\/wp-content\/uploads\/2024\/01\/7273A364-ADEF-4319-A819-992696F2AAFF-1024x768.jpeg"}},"image_meta":{"aperture":"1.6","credit":"","camera":"iPhone 13","caption":"","created_timestamp":"1704455274","copyright":"","focal_length":"5.1","iso":"160","shutter_speed":"0.016666666666667","title":"","orientation":1,"keywords":[]},"original_image":"7273A364-ADEF-4319-A819-992696F2AAFF.jpeg","image-converter":{"thumbnail":"IME","medium":"IME","large":"IME"}},"post":12232,"source_url":"https:\/\/feuerwehr-vglambrecht.de\/cms\/wp-content\/uploads\/2024\/01\/7273A364-ADEF-4319-A819-992696F2AAFF-scaled.jpeg"},"einsatz_ort":"Frankeneck","einsatz_ende":"2024-01-05 11:55","einsatz_beginn":"","_links":{"self":[{"href":"https:\/\/feuerwehr-vglambrecht.de\/cms\/wp-json\/wp\/v2\/einsatz\/12232","targetHints":{"allow":["GET"]}}],"collection":[{"href":"https:\/\/feuerwehr-vglambrecht.de\/cms\/wp-json\/wp\/v2\/einsatz"}],"about":[{"href":"https:\/\/feuerwehr-vglambrecht.de\/cms\/wp-json\/wp\/v2\/types\/einsatz"}],"author":[{"embeddable":true,"href":"https:\/\/feuerwehr-vglambrecht.de\/cms\/wp-json\/wp\/v2\/users\/5"}],"version-history":[{"count":4,"href":"https:\/\/feuerwehr-vglambrecht.de\/cms\/wp-json\/wp\/v2\/einsatz\/12232\/revisions"}],"predecessor-version":[{"id":12238,"href":"https:\/\/feuerwehr-vglambrecht.de\/cms\/wp-json\/wp\/v2\/einsatz\/12232\/revisions\/12238"}],"wp:featuredmedia":[{"embeddable":true,"href":"https:\/\/feuerwehr-vglambrecht.de\/cms\/wp-json\/wp\/v2\/media\/12237"}],"wp:attachment":[{"href":"https:\/\/feuerwehr-vglambrecht.de\/cms\/wp-json\/wp\/v2\/media?parent=12232"}],"wp:term":[{"taxonomy":"category","embeddable":true,"href":"https:\/\/feuerwehr-vglambrecht.de\/cms\/wp-json\/wp\/v2\/categories?post=12232"},{"taxonomy":"post_tag","embeddable":true,"href":"https:\/\/feuerwehr-vglambrecht.de\/cms\/wp-json\/wp\/v2\/tags?post=12232"},{"taxonomy":"einsatzart","embeddable":true,"href":"https:\/\/feuerwehr-vglambrecht.de\/cms\/wp-json\/wp\/v2\/einsatzart?post=12232"},{"taxonomy":"fahrzeug","embeddable":true,"href":"https:\/\/feuerwehr-vglambrecht.de\/cms\/wp-json\/wp\/v2\/fahrzeug?post=12232"},{"taxonomy":"exteinsatzmittel","embeddable":true,"href":"https:\/\/feuerwehr-vglambrecht.de\/cms\/wp-json\/wp\/v2\/exteinsatzmittel?post=12232"},{"taxonomy":"alarmierungsart","embeddable":true,"href":"https:\/\/feuerwehr-vglambrecht.de\/cms\/wp-json\/wp\/v2\/alarmierungsart?post=12232"},{"taxonomy":"evw_unit","embeddable":true,"href":"https:\/\/feuerwehr-vglambrecht.de\/cms\/wp-json\/wp\/v2\/evw_unit?post=12232"}],"curies":[{"name":"wp","href":"https:\/\/api.w.org\/{rel}","templated":true}]}}

<p><strong>Brandmeldeanlage ausgelöst</strong></p>
<p>Die Feuerwehren Frankeneck und Esthal wurden am 5.Januar 2024 um 11:30 Uhr zu einer ausgelösten Brandmeldeanlage in die Talstraße in Frankeneck alarmiert.<!--more--></p>
<p>Im betroffenen Objekt wurden Instandhaltungs- und Reinigungsarbeiten durchgeführt, weshalb es zu einer Auslösung der Brandmeldeanlage kam. Die Feuerwehr kontrollierte die Örtlichkeit, stellte die Brandmeldeanlage zurück und übergab diese dem Eigentümer zur weiteren Vorgehensweise.</p>

<div class="ngg-galleryoverview" id="ngg-gallery-465-12232">

	<!-- Slideshow link -->
	<div class="slideshowlink">
		<a class="slideshowlink" href="https://feuerwehr-vglambrecht.de/cms/einsatzberichte/brandmeldeanlage-b2-07-75/nggallery/slideshow">
			[Show as slideshow]		</a>
	</div>

	
	<!-- Thumbnails -->
		
	<div id="ngg-image-2663" class="ngg-gallery-thumbnail-box"  >
		<div class="ngg-gallery-thumbnail" >
			<a href="https://feuerwehr-vglambrecht.de/cms/wp-content/gallery/bma/img_9137.jpg" title=" " class="shutterset_set_465" >
								<img loading="lazy" decoding="async" title="img_9137" alt="img_9137" src="https://feuerwehr-vglambrecht.de/cms/wp-content/gallery/bma/thumbs/thumbs_img_9137.jpg" width="100" height="75" />
							</a>
		</div>
	</div>
	
		
 		
	<div id="ngg-image-2664" class="ngg-gallery-thumbnail-box"  >
		<div class="ngg-gallery-thumbnail" >
			<a href="https://feuerwehr-vglambrecht.de/cms/wp-content/gallery/bma/img_9139.jpg" title=" " class="shutterset_set_465" >
								<img loading="lazy" decoding="async" title="img_9139" alt="img_9139" src="https://feuerwehr-vglambrecht.de/cms/wp-content/gallery/bma/thumbs/thumbs_img_9139.jpg" width="100" height="75" />
							</a>
		</div>
	</div>
	
		
 		
	<div id="ngg-image-2665" class="ngg-gallery-thumbnail-box"  >
		<div class="ngg-gallery-thumbnail" >
			<a href="https://feuerwehr-vglambrecht.de/cms/wp-content/gallery/bma/img_9141.jpg" title=" " class="shutterset_set_465" >
								<img loading="lazy" decoding="async" title="img_9141" alt="img_9141" src="https://feuerwehr-vglambrecht.de/cms/wp-content/gallery/bma/thumbs/thumbs_img_9141.jpg" width="100" height="75" />
							</a>
		</div>
	</div>
	
		
 	 	
	<!-- Pagination -->
 	<div class='ngg-clear'></div>
 	
</div>


<p>&nbsp;</p>
