{"id":12100,"date":"2023-10-31T18:45:00","date_gmt":"2023-10-31T17:45:00","guid":{"rendered":"https:\/\/feuerwehr-vglambrecht.de\/cms\/?post_type=einsatz&#038;p=12100"},"modified":"2023-11-14T16:32:56","modified_gmt":"2023-11-14T15:32:56","slug":"brandsicherheitswache-66","status":"publish","type":"einsatz","link":"https:\/\/feuerwehr-vglambrecht.de\/cms\/einsatzberichte\/brandsicherheitswache-66\/","title":{"rendered":"Brandsicherheitswache"},"content":{"rendered":"<p>Die Feuerwehr Esthal wurde im Rahmen einer \u00f6ffentlichen Live-Musik-Veranstaltung zu einer Brandsicherheitswache in die Mehrzweckhalle Esthal angefordert. Vor Veranstaltungsbeginn wurden die Rettungswege und Brandschutzeinrichtungen \u00fcberpr\u00fcft sowie w\u00e4hrend der Veranstaltung die Brandsicherheitswache gestellt.<\/p>\n","protected":false},"author":3,"featured_media":0,"template":"","meta":{"einsatz_weight":1,"footnotes":""},"categories":[],"tags":[138,383,373],"einsatzart":[9],"fahrzeug":[43],"exteinsatzmittel":[12],"alarmierungsart":[65],"evw_unit":[],"class_list":["post-12100","einsatz","type-einsatz","status-publish","hentry","tag-esthal","tag-feuerwehrvglambrecht","tag-immerda","einsatzart-bsw","fahrzeug-esthal19","exteinsatzmittel-fw_est","alarmierungsart-telefon"],"better_featured_image":null,"einsatz_ort":"Mehrzweckhalle Esthal","einsatz_ende":"2023-10-31 23:50","einsatz_beginn":"","_links":{"self":[{"href":"https:\/\/feuerwehr-vglambrecht.de\/cms\/wp-json\/wp\/v2\/einsatz\/12100","targetHints":{"allow":["GET"]}}],"collection":[{"href":"https:\/\/feuerwehr-vglambrecht.de\/cms\/wp-json\/wp\/v2\/einsatz"}],"about":[{"href":"https:\/\/feuerwehr-vglambrecht.de\/cms\/wp-json\/wp\/v2\/types\/einsatz"}],"author":[{"embeddable":true,"href":"https:\/\/feuerwehr-vglambrecht.de\/cms\/wp-json\/wp\/v2\/users\/3"}],"version-history":[{"count":1,"href":"https:\/\/feuerwehr-vglambrecht.de\/cms\/wp-json\/wp\/v2\/einsatz\/12100\/revisions"}],"predecessor-version":[{"id":12101,"href":"https:\/\/feuerwehr-vglambrecht.de\/cms\/wp-json\/wp\/v2\/einsatz\/12100\/revisions\/12101"}],"wp:attachment":[{"href":"https:\/\/feuerwehr-vglambrecht.de\/cms\/wp-json\/wp\/v2\/media?parent=12100"}],"wp:term":[{"taxonomy":"category","embeddable":true,"href":"https:\/\/feuerwehr-vglambrecht.de\/cms\/wp-json\/wp\/v2\/categories?post=12100"},{"taxonomy":"post_tag","embeddable":true,"href":"https:\/\/feuerwehr-vglambrecht.de\/cms\/wp-json\/wp\/v2\/tags?post=12100"},{"taxonomy":"einsatzart","embeddable":true,"href":"https:\/\/feuerwehr-vglambrecht.de\/cms\/wp-json\/wp\/v2\/einsatzart?post=12100"},{"taxonomy":"fahrzeug","embeddable":true,"href":"https:\/\/feuerwehr-vglambrecht.de\/cms\/wp-json\/wp\/v2\/fahrzeug?post=12100"},{"taxonomy":"exteinsatzmittel","embeddable":true,"href":"https:\/\/feuerwehr-vglambrecht.de\/cms\/wp-json\/wp\/v2\/exteinsatzmittel?post=12100"},{"taxonomy":"alarmierungsart","embeddable":true,"href":"https:\/\/feuerwehr-vglambrecht.de\/cms\/wp-json\/wp\/v2\/alarmierungsart?post=12100"},{"taxonomy":"evw_unit","embeddable":true,"href":"https:\/\/feuerwehr-vglambrecht.de\/cms\/wp-json\/wp\/v2\/evw_unit?post=12100"}],"curies":[{"name":"wp","href":"https:\/\/api.w.org\/{rel}","templated":true}]}}

<p>Die Feuerwehr Esthal wurde im Rahmen einer öffentlichen Live-Musik-Veranstaltung zu einer Brandsicherheitswache in die Mehrzweckhalle Esthal angefordert. Vor Veranstaltungsbeginn wurden die Rettungswege und Brandschutzeinrichtungen überprüft sowie während der Veranstaltung die Brandsicherheitswache gestellt.</p>
