{"id":11986,"date":"2023-09-30T19:30:00","date_gmt":"2023-09-30T17:30:00","guid":{"rendered":"https:\/\/feuerwehr-vglambrecht.de\/cms\/?post_type=einsatz&#038;p=11986"},"modified":"2023-10-01T20:18:46","modified_gmt":"2023-10-01T18:18:46","slug":"brandsicherheitswache-65","status":"publish","type":"einsatz","link":"https:\/\/feuerwehr-vglambrecht.de\/cms\/einsatzberichte\/brandsicherheitswache-65\/","title":{"rendered":"Brandsicherheitswache"},"content":{"rendered":"<p>Die Feuerwehr Esthal wurde zu einer Brandsicherheitswache im Rahmen einer \u00f6ffentlichen Gro\u00dfveranstaltung in die Mehrzweckhalle Esthal angefordert. Vor der Veranstaltung wurden die Hallenbelegung, die Brandschutzeinrichtungen und Fluchtwege \u00fcberpr\u00fcft. W\u00e4hrend der Veranstaltung wurde die Sicherheitswache gestellt.<\/p>\n","protected":false},"author":3,"featured_media":0,"template":"","meta":{"einsatz_weight":1,"footnotes":""},"categories":[],"tags":[138,373,386],"einsatzart":[9],"fahrzeug":[43],"exteinsatzmittel":[12],"alarmierungsart":[10],"evw_unit":[],"class_list":["post-11986","einsatz","type-einsatz","status-publish","hentry","tag-esthal","tag-immerda","tag-retterherzen","einsatzart-bsw","fahrzeug-esthal19","exteinsatzmittel-fw_est","alarmierungsart-dme-digitaler-meldeempfaenger"],"better_featured_image":null,"einsatz_ort":"Mehrzweckhalle Esthal","einsatz_ende":"2023-09-30 23:30","einsatz_beginn":"","_links":{"self":[{"href":"https:\/\/feuerwehr-vglambrecht.de\/cms\/wp-json\/wp\/v2\/einsatz\/11986","targetHints":{"allow":["GET"]}}],"collection":[{"href":"https:\/\/feuerwehr-vglambrecht.de\/cms\/wp-json\/wp\/v2\/einsatz"}],"about":[{"href":"https:\/\/feuerwehr-vglambrecht.de\/cms\/wp-json\/wp\/v2\/types\/einsatz"}],"author":[{"embeddable":true,"href":"https:\/\/feuerwehr-vglambrecht.de\/cms\/wp-json\/wp\/v2\/users\/3"}],"version-history":[{"count":1,"href":"https:\/\/feuerwehr-vglambrecht.de\/cms\/wp-json\/wp\/v2\/einsatz\/11986\/revisions"}],"predecessor-version":[{"id":11987,"href":"https:\/\/feuerwehr-vglambrecht.de\/cms\/wp-json\/wp\/v2\/einsatz\/11986\/revisions\/11987"}],"wp:attachment":[{"href":"https:\/\/feuerwehr-vglambrecht.de\/cms\/wp-json\/wp\/v2\/media?parent=11986"}],"wp:term":[{"taxonomy":"category","embeddable":true,"href":"https:\/\/feuerwehr-vglambrecht.de\/cms\/wp-json\/wp\/v2\/categories?post=11986"},{"taxonomy":"post_tag","embeddable":true,"href":"https:\/\/feuerwehr-vglambrecht.de\/cms\/wp-json\/wp\/v2\/tags?post=11986"},{"taxonomy":"einsatzart","embeddable":true,"href":"https:\/\/feuerwehr-vglambrecht.de\/cms\/wp-json\/wp\/v2\/einsatzart?post=11986"},{"taxonomy":"fahrzeug","embeddable":true,"href":"https:\/\/feuerwehr-vglambrecht.de\/cms\/wp-json\/wp\/v2\/fahrzeug?post=11986"},{"taxonomy":"exteinsatzmittel","embeddable":true,"href":"https:\/\/feuerwehr-vglambrecht.de\/cms\/wp-json\/wp\/v2\/exteinsatzmittel?post=11986"},{"taxonomy":"alarmierungsart","embeddable":true,"href":"https:\/\/feuerwehr-vglambrecht.de\/cms\/wp-json\/wp\/v2\/alarmierungsart?post=11986"},{"taxonomy":"evw_unit","embeddable":true,"href":"https:\/\/feuerwehr-vglambrecht.de\/cms\/wp-json\/wp\/v2\/evw_unit?post=11986"}],"curies":[{"name":"wp","href":"https:\/\/api.w.org\/{rel}","templated":true}]}}

<p>Die Feuerwehr Esthal wurde zu einer Brandsicherheitswache im Rahmen einer öffentlichen Großveranstaltung in die Mehrzweckhalle Esthal angefordert. Vor der Veranstaltung wurden die Hallenbelegung, die Brandschutzeinrichtungen und Fluchtwege überprüft. Während der Veranstaltung wurde die Sicherheitswache gestellt.</p>
