{"id":11874,"date":"2023-08-20T13:30:00","date_gmt":"2023-08-20T11:30:00","guid":{"rendered":"https:\/\/feuerwehr-vglambrecht.de\/cms\/?post_type=einsatz&#038;p=11874"},"modified":"2023-08-22T10:53:32","modified_gmt":"2023-08-22T08:53:32","slug":"h1-0-sicherung-verkehrsraum-2","status":"publish","type":"einsatz","link":"https:\/\/feuerwehr-vglambrecht.de\/cms\/einsatzberichte\/h1-0-sicherung-verkehrsraum-2\/","title":{"rendered":"H1.0 Sicherung Verkehrsraum"},"content":{"rendered":"<p>Die Feuerwehr Esthal wurde durch die Ortsgemeinde Esthal zu einer Verkehrsraumsicherung im Rahmen einer \u00f6ffentlichen Gro\u00dfveranstaltung angefordert. W\u00e4hrend der Veranstaltung wurden die betroffenen Verkehrsfl\u00e4chen gegen den flie\u00dfenden Verkehr gesichert.<\/p>\n","protected":false},"author":3,"featured_media":11830,"template":"","meta":{"einsatz_weight":1,"footnotes":""},"categories":[],"tags":[138,383,373,531],"einsatzart":[33],"fahrzeug":[350,43,307],"exteinsatzmittel":[12],"alarmierungsart":[65],"evw_unit":[],"class_list":["post-11874","einsatz","type-einsatz","status-publish","has-post-thumbnail","hentry","tag-esthal","tag-feuerwehrvglambrecht","tag-immerda","tag-vekehrsraumsicherung","einsatzart-th","fahrzeug-esthal-19-2","fahrzeug-esthal19","fahrzeug-307","exteinsatzmittel-fw_est","alarmierungsart-telefon"],"better_featured_image":{"id":11830,"alt_text":"","caption":"","description":"","media_type":"image","media_details":{"width":2560,"height":1402,"file":"2023\/08\/AB_West1-scaled.jpeg","filesize":674366,"sizes":{"medium_large":{"file":"AB_West1-768x421.jpeg","width":768,"height":421,"mime-type":"image\/jpeg","filesize":84104,"source_url":"https:\/\/feuerwehr-vglambrecht.de\/cms\/wp-content\/uploads\/2023\/08\/AB_West1-768x421.jpeg"},"1536x1536":{"file":"AB_West1-1536x841.jpeg","width":1536,"height":841,"mime-type":"image\/jpeg","filesize":281333,"source_url":"https:\/\/feuerwehr-vglambrecht.de\/cms\/wp-content\/uploads\/2023\/08\/AB_West1-1536x841.jpeg"},"2048x2048":{"file":"AB_West1-2048x1121.jpeg","width":2048,"height":1121,"mime-type":"image\/jpeg","filesize":462119,"source_url":"https:\/\/feuerwehr-vglambrecht.de\/cms\/wp-content\/uploads\/2023\/08\/AB_West1-2048x1121.jpeg"},"wptouch-new-thumbnail":{"file":"AB_West1-144x144.jpeg","width":144,"height":144,"mime-type":"image\/jpeg","filesize":10086,"source_url":"https:\/\/feuerwehr-vglambrecht.de\/cms\/wp-content\/uploads\/2023\/08\/AB_West1-144x144.jpeg"},"landing_image":{"file":"AB_West1-1024x460.jpeg","width":1024,"height":460,"mime-type":"image\/jpeg","filesize":120195,"source_url":"https:\/\/feuerwehr-vglambrecht.de\/cms\/wp-content\/uploads\/2023\/08\/AB_West1-1024x460.jpeg"},"thumbnail":{"file":"AB_West1-150x150.jpeg","width":150,"height":150,"source_url":"https:\/\/feuerwehr-vglambrecht.de\/cms\/wp-content\/uploads\/2023\/08\/AB_West1-150x150.jpeg"},"medium":{"file":"AB_West1-300x164.jpeg","width":300,"height":164,"source_url":"https:\/\/feuerwehr-vglambrecht.de\/cms\/wp-content\/uploads\/2023\/08\/AB_West1-300x164.jpeg"},"large":{"file":"AB_West1-1024x561.jpeg","width":1024,"height":561,"source_url":"https:\/\/feuerwehr-vglambrecht.de\/cms\/wp-content\/uploads\/2023\/08\/AB_West1-1024x561.jpeg"}},"image_meta":{"aperture":"5.6","credit":"","camera":"Canon EOS 2000D","caption":"","created_timestamp":"1582972471","copyright":"","focal_length":"18","iso":"100","shutter_speed":"0.0025","title":"","orientation":"1","keywords":[]},"original_image":"AB_West1.jpeg","image-converter":{"thumbnail":"IME","medium":"IME","large":"IME"}},"post":11828,"source_url":"https:\/\/feuerwehr-vglambrecht.de\/cms\/wp-content\/uploads\/2023\/08\/AB_West1-scaled.jpeg"},"einsatz_ort":"Hauptstra\u00dfe, Kirchstra\u00dfe, Bergstra\u00dfe Esthal","einsatz_ende":"2023-08-20 17:00","einsatz_beginn":"","_links":{"self":[{"href":"https:\/\/feuerwehr-vglambrecht.de\/cms\/wp-json\/wp\/v2\/einsatz\/11874","targetHints":{"allow":["GET"]}}],"collection":[{"href":"https:\/\/feuerwehr-vglambrecht.de\/cms\/wp-json\/wp\/v2\/einsatz"}],"about":[{"href":"https:\/\/feuerwehr-vglambrecht.de\/cms\/wp-json\/wp\/v2\/types\/einsatz"}],"author":[{"embeddable":true,"href":"https:\/\/feuerwehr-vglambrecht.de\/cms\/wp-json\/wp\/v2\/users\/3"}],"version-history":[{"count":1,"href":"https:\/\/feuerwehr-vglambrecht.de\/cms\/wp-json\/wp\/v2\/einsatz\/11874\/revisions"}],"predecessor-version":[{"id":11875,"href":"https:\/\/feuerwehr-vglambrecht.de\/cms\/wp-json\/wp\/v2\/einsatz\/11874\/revisions\/11875"}],"wp:featuredmedia":[{"embeddable":true,"href":"https:\/\/feuerwehr-vglambrecht.de\/cms\/wp-json\/wp\/v2\/media\/11830"}],"wp:attachment":[{"href":"https:\/\/feuerwehr-vglambrecht.de\/cms\/wp-json\/wp\/v2\/media?parent=11874"}],"wp:term":[{"taxonomy":"category","embeddable":true,"href":"https:\/\/feuerwehr-vglambrecht.de\/cms\/wp-json\/wp\/v2\/categories?post=11874"},{"taxonomy":"post_tag","embeddable":true,"href":"https:\/\/feuerwehr-vglambrecht.de\/cms\/wp-json\/wp\/v2\/tags?post=11874"},{"taxonomy":"einsatzart","embeddable":true,"href":"https:\/\/feuerwehr-vglambrecht.de\/cms\/wp-json\/wp\/v2\/einsatzart?post=11874"},{"taxonomy":"fahrzeug","embeddable":true,"href":"https:\/\/feuerwehr-vglambrecht.de\/cms\/wp-json\/wp\/v2\/fahrzeug?post=11874"},{"taxonomy":"exteinsatzmittel","embeddable":true,"href":"https:\/\/feuerwehr-vglambrecht.de\/cms\/wp-json\/wp\/v2\/exteinsatzmittel?post=11874"},{"taxonomy":"alarmierungsart","embeddable":true,"href":"https:\/\/feuerwehr-vglambrecht.de\/cms\/wp-json\/wp\/v2\/alarmierungsart?post=11874"},{"taxonomy":"evw_unit","embeddable":true,"href":"https:\/\/feuerwehr-vglambrecht.de\/cms\/wp-json\/wp\/v2\/evw_unit?post=11874"}],"curies":[{"name":"wp","href":"https:\/\/api.w.org\/{rel}","templated":true}]}}

<p>Die Feuerwehr Esthal wurde durch die Ortsgemeinde Esthal zu einer Verkehrsraumsicherung im Rahmen einer öffentlichen Großveranstaltung angefordert. Während der Veranstaltung wurden die betroffenen Verkehrsflächen gegen den fließenden Verkehr gesichert.</p>

Hauptstraße, Kirchstraße, Bergstraße Esthal
