{"id":11832,"date":"2023-08-01T19:57:00","date_gmt":"2023-08-01T17:57:00","guid":{"rendered":"https:\/\/feuerwehr-vglambrecht.de\/cms\/?post_type=einsatz&#038;p=11832"},"modified":"2023-08-02T09:23:50","modified_gmt":"2023-08-02T07:23:50","slug":"einfache-hilfeleistung-h1-07-baum-auf-fahrbahn","status":"publish","type":"einsatz","link":"https:\/\/feuerwehr-vglambrecht.de\/cms\/einsatzberichte\/einfache-hilfeleistung-h1-07-baum-auf-fahrbahn\/","title":{"rendered":"Einfache Hilfeleistung (H1.07) Baum auf Fahrbahn"},"content":{"rendered":"<p>W\u00e4hrend des \u00dcbungsdienstes am 01.08.2023 gegen 19:57 Uhr wurde der Feuerwehr Esthal durch einen Linienbusfahrer ein Baum gemeldet, der in 1,5 m H\u00f6he die Fahrbahn zwischen Esthal und Sattelm\u00fchle halbseitig blockierte. Der Baum wurde mittels Motors\u00e4ge entfernt und die Stra\u00dfe gereinigt.<\/p>\n","protected":false},"author":3,"featured_media":11834,"template":"","meta":{"einsatz_weight":1,"footnotes":""},"categories":[],"tags":[191,138,383],"einsatzart":[33],"fahrzeug":[307],"exteinsatzmittel":[12],"alarmierungsart":[320],"evw_unit":[],"class_list":["post-11832","einsatz","type-einsatz","status-publish","has-post-thumbnail","hentry","tag-baum-ueber-strasse","tag-esthal","tag-feuerwehrvglambrecht","einsatzart-th","fahrzeug-307","exteinsatzmittel-fw_est","alarmierungsart-sonstige"],"better_featured_image":{"id":11834,"alt_text":"","caption":"","description":"","media_type":"image","media_details":{"width":2048,"height":1536,"file":"2023\/08\/15e10705-c43c-41dd-8519-00ad63376dba.jpeg","filesize":573201,"sizes":{"medium_large":{"file":"15e10705-c43c-41dd-8519-00ad63376dba-768x576.jpeg","width":768,"height":576,"mime-type":"image\/jpeg","filesize":94505,"source_url":"https:\/\/feuerwehr-vglambrecht.de\/cms\/wp-content\/uploads\/2023\/08\/15e10705-c43c-41dd-8519-00ad63376dba-768x576.jpeg"},"1536x1536":{"file":"15e10705-c43c-41dd-8519-00ad63376dba-1536x1152.jpeg","width":1536,"height":1152,"mime-type":"image\/jpeg","filesize":348850,"source_url":"https:\/\/feuerwehr-vglambrecht.de\/cms\/wp-content\/uploads\/2023\/08\/15e10705-c43c-41dd-8519-00ad63376dba-1536x1152.jpeg"},"wptouch-new-thumbnail":{"file":"15e10705-c43c-41dd-8519-00ad63376dba-144x144.jpeg","width":144,"height":144,"mime-type":"image\/jpeg","filesize":5309,"source_url":"https:\/\/feuerwehr-vglambrecht.de\/cms\/wp-content\/uploads\/2023\/08\/15e10705-c43c-41dd-8519-00ad63376dba-144x144.jpeg"},"landing_image":{"file":"15e10705-c43c-41dd-8519-00ad63376dba-1024x460.jpeg","width":1024,"height":460,"mime-type":"image\/jpeg","filesize":96058,"source_url":"https:\/\/feuerwehr-vglambrecht.de\/cms\/wp-content\/uploads\/2023\/08\/15e10705-c43c-41dd-8519-00ad63376dba-1024x460.jpeg"},"thumbnail":{"file":"15e10705-c43c-41dd-8519-00ad63376dba-150x150.jpeg","width":150,"height":150,"source_url":"https:\/\/feuerwehr-vglambrecht.de\/cms\/wp-content\/uploads\/2023\/08\/15e10705-c43c-41dd-8519-00ad63376dba-150x150.jpeg"},"medium":{"file":"15e10705-c43c-41dd-8519-00ad63376dba-300x225.jpeg","width":300,"height":225,"source_url":"https:\/\/feuerwehr-vglambrecht.de\/cms\/wp-content\/uploads\/2023\/08\/15e10705-c43c-41dd-8519-00ad63376dba-300x225.jpeg"},"large":{"file":"15e10705-c43c-41dd-8519-00ad63376dba-1024x768.jpeg","width":1024,"height":768,"source_url":"https:\/\/feuerwehr-vglambrecht.de\/cms\/wp-content\/uploads\/2023\/08\/15e10705-c43c-41dd-8519-00ad63376dba-1024x768.jpeg"}},"image_meta":{"aperture":"0","credit":"","camera":"","caption":"","created_timestamp":"0","copyright":"","focal_length":"0","iso":"0","shutter_speed":"0","title":"","orientation":"0","keywords":[]},"image-converter":{"thumbnail":"IME","medium":"IME","large":"IME"}},"post":11832,"source_url":"https:\/\/feuerwehr-vglambrecht.de\/cms\/wp-content\/uploads\/2023\/08\/15e10705-c43c-41dd-8519-00ad63376dba.jpeg"},"einsatz_ort":"Kreisstra\u00dfe 23","einsatz_ende":"2023-08-01 20:20","einsatz_beginn":"","_links":{"self":[{"href":"https:\/\/feuerwehr-vglambrecht.de\/cms\/wp-json\/wp\/v2\/einsatz\/11832","targetHints":{"allow":["GET"]}}],"collection":[{"href":"https:\/\/feuerwehr-vglambrecht.de\/cms\/wp-json\/wp\/v2\/einsatz"}],"about":[{"href":"https:\/\/feuerwehr-vglambrecht.de\/cms\/wp-json\/wp\/v2\/types\/einsatz"}],"author":[{"embeddable":true,"href":"https:\/\/feuerwehr-vglambrecht.de\/cms\/wp-json\/wp\/v2\/users\/3"}],"version-history":[{"count":1,"href":"https:\/\/feuerwehr-vglambrecht.de\/cms\/wp-json\/wp\/v2\/einsatz\/11832\/revisions"}],"predecessor-version":[{"id":11833,"href":"https:\/\/feuerwehr-vglambrecht.de\/cms\/wp-json\/wp\/v2\/einsatz\/11832\/revisions\/11833"}],"wp:featuredmedia":[{"embeddable":true,"href":"https:\/\/feuerwehr-vglambrecht.de\/cms\/wp-json\/wp\/v2\/media\/11834"}],"wp:attachment":[{"href":"https:\/\/feuerwehr-vglambrecht.de\/cms\/wp-json\/wp\/v2\/media?parent=11832"}],"wp:term":[{"taxonomy":"category","embeddable":true,"href":"https:\/\/feuerwehr-vglambrecht.de\/cms\/wp-json\/wp\/v2\/categories?post=11832"},{"taxonomy":"post_tag","embeddable":true,"href":"https:\/\/feuerwehr-vglambrecht.de\/cms\/wp-json\/wp\/v2\/tags?post=11832"},{"taxonomy":"einsatzart","embeddable":true,"href":"https:\/\/feuerwehr-vglambrecht.de\/cms\/wp-json\/wp\/v2\/einsatzart?post=11832"},{"taxonomy":"fahrzeug","embeddable":true,"href":"https:\/\/feuerwehr-vglambrecht.de\/cms\/wp-json\/wp\/v2\/fahrzeug?post=11832"},{"taxonomy":"exteinsatzmittel","embeddable":true,"href":"https:\/\/feuerwehr-vglambrecht.de\/cms\/wp-json\/wp\/v2\/exteinsatzmittel?post=11832"},{"taxonomy":"alarmierungsart","embeddable":true,"href":"https:\/\/feuerwehr-vglambrecht.de\/cms\/wp-json\/wp\/v2\/alarmierungsart?post=11832"},{"taxonomy":"evw_unit","embeddable":true,"href":"https:\/\/feuerwehr-vglambrecht.de\/cms\/wp-json\/wp\/v2\/evw_unit?post=11832"}],"curies":[{"name":"wp","href":"https:\/\/api.w.org\/{rel}","templated":true}]}}

<p>Während des Übungsdienstes am 01.08.2023 gegen 19:57 Uhr wurde der Feuerwehr Esthal durch einen Linienbusfahrer ein Baum gemeldet, der in 1,5 m Höhe die Fahrbahn zwischen Esthal und Sattelmühle halbseitig blockierte. Der Baum wurde mittels Motorsäge entfernt und die Straße gereinigt.</p>

Kreisstraße 23
