{"id":11802,"date":"2023-07-19T20:58:00","date_gmt":"2023-07-19T18:58:00","guid":{"rendered":"https:\/\/feuerwehr-vglambrecht.de\/cms\/?post_type=einsatz&#038;p=11802"},"modified":"2023-07-20T10:23:58","modified_gmt":"2023-07-20T08:23:58","slug":"tueroeffnung-dringend-h2-01-30","status":"publish","type":"einsatz","link":"https:\/\/feuerwehr-vglambrecht.de\/cms\/einsatzberichte\/tueroeffnung-dringend-h2-01-30\/","title":{"rendered":"T\u00fcr\u00f6ffnung dringend (H2.01)"},"content":{"rendered":"<p>Die Feuerwehr Lambrecht wurde am 19.07.2023 um 20:58 Uhr zu einer dringenden T\u00fcr\u00f6ffnung in die Lambertusstra\u00dfe in Lambrecht alarmiert.<!--more--><\/p>\n<p>Vor Ort hat der Anwohner selbst die T\u00fcr ge\u00f6ffnet, wodurch die Feuerwehr nicht weiter t\u00e4tig werden musste. Die Einsatzstelle wurde der Polizei \u00fcbergeben.<\/p>\n","protected":false},"author":17,"featured_media":11002,"template":"","meta":{"einsatz_weight":1,"footnotes":""},"categories":[71],"tags":[],"einsatzart":[33],"fahrzeug":[53,54],"exteinsatzmittel":[18,299,187,30,31],"alarmierungsart":[10],"evw_unit":[],"class_list":["post-11802","einsatz","type-einsatz","status-publish","has-post-thumbnail","hentry","category-fw_lambrecht","einsatzart-th","fahrzeug-lambrecht-33","fahrzeug-lambrecht-44","exteinsatzmittel-fw_lam","exteinsatzmittel-fez-neustadt","exteinsatzmittel-notarzt","exteinsatzmittel-pol","exteinsatzmittel-drk","alarmierungsart-dme-digitaler-meldeempfaenger"],"better_featured_image":{"id":11002,"alt_text":"","caption":"","description":"","media_type":"image","media_details":{"width":310,"height":400,"file":"2022\/11\/Tueroeffnung.png","filesize":176793,"sizes":{"wptouch-new-thumbnail":{"file":"Tueroeffnung-144x144.png","width":144,"height":144,"mime-type":"image\/png","filesize":30607,"source_url":"https:\/\/feuerwehr-vglambrecht.de\/cms\/wp-content\/uploads\/2022\/11\/Tueroeffnung-144x144.png"},"thumbnail":{"file":"Tueroeffnung-150x150.png","width":150,"height":150,"source_url":"https:\/\/feuerwehr-vglambrecht.de\/cms\/wp-content\/uploads\/2022\/11\/Tueroeffnung-150x150.png"},"medium":{"file":"Tueroeffnung-233x300.png","width":233,"height":300,"source_url":"https:\/\/feuerwehr-vglambrecht.de\/cms\/wp-content\/uploads\/2022\/11\/Tueroeffnung-233x300.png"}},"image_meta":{"aperture":"0","credit":"","camera":"","caption":"","created_timestamp":"0","copyright":"","focal_length":"0","iso":"0","shutter_speed":"0","title":"","orientation":"0","keywords":[]},"image-converter":{"thumbnail":"IME","medium":"IME"}},"post":11000,"source_url":"https:\/\/feuerwehr-vglambrecht.de\/cms\/wp-content\/uploads\/2022\/11\/Tueroeffnung.png"},"einsatz_ort":"Lambertusstra\u00dfe, Lambrecht","einsatz_ende":"2023-07-19 21:15","einsatz_beginn":"","_links":{"self":[{"href":"https:\/\/feuerwehr-vglambrecht.de\/cms\/wp-json\/wp\/v2\/einsatz\/11802","targetHints":{"allow":["GET"]}}],"collection":[{"href":"https:\/\/feuerwehr-vglambrecht.de\/cms\/wp-json\/wp\/v2\/einsatz"}],"about":[{"href":"https:\/\/feuerwehr-vglambrecht.de\/cms\/wp-json\/wp\/v2\/types\/einsatz"}],"author":[{"embeddable":true,"href":"https:\/\/feuerwehr-vglambrecht.de\/cms\/wp-json\/wp\/v2\/users\/17"}],"version-history":[{"count":1,"href":"https:\/\/feuerwehr-vglambrecht.de\/cms\/wp-json\/wp\/v2\/einsatz\/11802\/revisions"}],"predecessor-version":[{"id":11803,"href":"https:\/\/feuerwehr-vglambrecht.de\/cms\/wp-json\/wp\/v2\/einsatz\/11802\/revisions\/11803"}],"wp:featuredmedia":[{"embeddable":true,"href":"https:\/\/feuerwehr-vglambrecht.de\/cms\/wp-json\/wp\/v2\/media\/11002"}],"wp:attachment":[{"href":"https:\/\/feuerwehr-vglambrecht.de\/cms\/wp-json\/wp\/v2\/media?parent=11802"}],"wp:term":[{"taxonomy":"category","embeddable":true,"href":"https:\/\/feuerwehr-vglambrecht.de\/cms\/wp-json\/wp\/v2\/categories?post=11802"},{"taxonomy":"post_tag","embeddable":true,"href":"https:\/\/feuerwehr-vglambrecht.de\/cms\/wp-json\/wp\/v2\/tags?post=11802"},{"taxonomy":"einsatzart","embeddable":true,"href":"https:\/\/feuerwehr-vglambrecht.de\/cms\/wp-json\/wp\/v2\/einsatzart?post=11802"},{"taxonomy":"fahrzeug","embeddable":true,"href":"https:\/\/feuerwehr-vglambrecht.de\/cms\/wp-json\/wp\/v2\/fahrzeug?post=11802"},{"taxonomy":"exteinsatzmittel","embeddable":true,"href":"https:\/\/feuerwehr-vglambrecht.de\/cms\/wp-json\/wp\/v2\/exteinsatzmittel?post=11802"},{"taxonomy":"alarmierungsart","embeddable":true,"href":"https:\/\/feuerwehr-vglambrecht.de\/cms\/wp-json\/wp\/v2\/alarmierungsart?post=11802"},{"taxonomy":"evw_unit","embeddable":true,"href":"https:\/\/feuerwehr-vglambrecht.de\/cms\/wp-json\/wp\/v2\/evw_unit?post=11802"}],"curies":[{"name":"wp","href":"https:\/\/api.w.org\/{rel}","templated":true}]}}

Türöffnung dringend (H2.01)

<p>Die Feuerwehr Lambrecht wurde am 19.07.2023 um 20:58 Uhr zu einer dringenden Türöffnung in die Lambertusstraße in Lambrecht alarmiert.<!--more--></p>
<p>Vor Ort hat der Anwohner selbst die Tür geöffnet, wodurch die Feuerwehr nicht weiter tätig werden musste. Die Einsatzstelle wurde der Polizei übergeben.</p>

Lambertusstraße, Lambrecht
