{"id":11788,"date":"2023-07-18T15:33:00","date_gmt":"2023-07-18T13:33:00","guid":{"rendered":"https:\/\/feuerwehr-vglambrecht.de\/cms\/?post_type=einsatz&#038;p=11788"},"modified":"2023-07-18T18:00:55","modified_gmt":"2023-07-18T16:00:55","slug":"tierrettung-h1-05-hund-steckt-in-kanalschacht-fest","status":"publish","type":"einsatz","link":"https:\/\/feuerwehr-vglambrecht.de\/cms\/einsatzberichte\/tierrettung-h1-05-hund-steckt-in-kanalschacht-fest\/","title":{"rendered":"Tierrettung (H1.05) Hund steckt in Kanalschacht fest"},"content":{"rendered":"<p>Spazierg\u00e4nger fanden unweit der Kreisstra\u00dfe 23 in H\u00f6he Steinbruch Esthal einen jungen Husky-Mischling, gefangen in einem tiefen, durch ein Metallgitter versperrten Bachentw\u00e4sserungsschacht vor und alarmierten \u00fcber den Notruf die Feuerwehr. Der Hund konnte sich aus eigener Kraft aus dem etwa 2 m tiefen Schacht nicht mehr befreien und steckte fest. Die Esthaler Wehrleute verschafften sich einen Zugang und konnte den stark ver\u00e4ngstigten Hund \u00fcber eine Steckleiter aus dem Schacht retten. Der nach dem Einsatz besch\u00e4digte Schachteinstieg wurde provisorisch gesichert und das zust\u00e4ndige Forstrevier \u00fcber den Sachverhalt informiert. Wer einen solchen Hund vermisst, wendet sich bitte an die Polizeiinspektion Neustadt an der Weinstra\u00dfe. Der Hund ist z. Zt. bei einer Familie in Pflege.<\/p>\n\n<div class=\"ngg-galleryoverview\" id=\"ngg-gallery-439-11788\">\n\n\t<!-- Slideshow link -->\n\t<div class=\"slideshowlink\">\n\t\t<a class=\"slideshowlink\" href=\"https:\/\/feuerwehr-vglambrecht.de\/cms\/einsatzberichte\/tierrettung-h1-05-hund-steckt-in-kanalschacht-fest\/nggallery\/slideshow\">\n\t\t\t[Show as slideshow]\t\t<\/a>\n\t<\/div>\n\n\t\n\t<!-- Thumbnails -->\n\t\t\n\t<div id=\"ngg-image-2503\" class=\"ngg-gallery-thumbnail-box\"  >\n\t\t<div class=\"ngg-gallery-thumbnail\" >\n\t\t\t<a href=\"https:\/\/feuerwehr-vglambrecht.de\/cms\/wp-content\/gallery\/tierrettung_1\/img_7822.jpg\" title=\" \" class=\"shutterset_set_439\" >\n\t\t\t\t\t\t\t\t<img loading=\"lazy\" decoding=\"async\" title=\"img_7822\" alt=\"img_7822\" src=\"https:\/\/feuerwehr-vglambrecht.de\/cms\/wp-content\/gallery\/tierrettung_1\/thumbs\/thumbs_img_7822.jpg\" width=\"100\" height=\"75\" \/>\n\t\t\t\t\t\t\t<\/a>\n\t\t<\/div>\n\t<\/div>\n\t\n\t\t\n \t\t\n\t<div id=\"ngg-image-2504\" class=\"ngg-gallery-thumbnail-box\"  >\n\t\t<div class=\"ngg-gallery-thumbnail\" >\n\t\t\t<a href=\"https:\/\/feuerwehr-vglambrecht.de\/cms\/wp-content\/gallery\/tierrettung_1\/img_7823.jpg\" title=\" \" class=\"shutterset_set_439\" >\n\t\t\t\t\t\t\t\t<img loading=\"lazy\" decoding=\"async\" title=\"img_7823\" alt=\"img_7823\" src=\"https:\/\/feuerwehr-vglambrecht.de\/cms\/wp-content\/gallery\/tierrettung_1\/thumbs\/thumbs_img_7823.jpg\" width=\"100\" height=\"75\" \/>\n\t\t\t\t\t\t\t<\/a>\n\t\t<\/div>\n\t<\/div>\n\t\n\t\t\n \t\t\n\t<div id=\"ngg-image-2505\" class=\"ngg-gallery-thumbnail-box\"  >\n\t\t<div class=\"ngg-gallery-thumbnail\" >\n\t\t\t<a href=\"https:\/\/feuerwehr-vglambrecht.de\/cms\/wp-content\/gallery\/tierrettung_1\/img_7824.jpg\" title=\" \" class=\"shutterset_set_439\" >\n\t\t\t\t\t\t\t\t<img loading=\"lazy\" decoding=\"async\" title=\"img_7824\" alt=\"img_7824\" src=\"https:\/\/feuerwehr-vglambrecht.de\/cms\/wp-content\/gallery\/tierrettung_1\/thumbs\/thumbs_img_7824.jpg\" width=\"100\" height=\"75\" \/>\n\t\t\t\t\t\t\t<\/a>\n\t\t<\/div>\n\t<\/div>\n\t\n\t\t\n \t\t\n\t<div id=\"ngg-image-2506\" class=\"ngg-gallery-thumbnail-box\"  >\n\t\t<div class=\"ngg-gallery-thumbnail\" >\n\t\t\t<a href=\"https:\/\/feuerwehr-vglambrecht.de\/cms\/wp-content\/gallery\/tierrettung_1\/img_7821.jpg\" title=\" \" class=\"shutterset_set_439\" >\n\t\t\t\t\t\t\t\t<img loading=\"lazy\" decoding=\"async\" title=\"img_7821\" alt=\"img_7821\" src=\"https:\/\/feuerwehr-vglambrecht.de\/cms\/wp-content\/gallery\/tierrettung_1\/thumbs\/thumbs_img_7821.jpg\" width=\"100\" height=\"75\" \/>\n\t\t\t\t\t\t\t<\/a>\n\t\t<\/div>\n\t<\/div>\n\t\n\t\t\n \t \t\n\t<!-- Pagination -->\n \t<div class='ngg-clear'><\/div>\n \t\n<\/div>\n\n\n<p>&nbsp;<\/p>\n","protected":false},"author":3,"featured_media":11790,"template":"","meta":{"einsatz_weight":1,"footnotes":""},"categories":[],"tags":[138,383,373,181],"einsatzart":[33],"fahrzeug":[350,307],"exteinsatzmittel":[12,30],"alarmierungsart":[10],"evw_unit":[],"class_list":["post-11788","einsatz","type-einsatz","status-publish","has-post-thumbnail","hentry","tag-esthal","tag-feuerwehrvglambrecht","tag-immerda","tag-tierrettung","einsatzart-th","fahrzeug-esthal-19-2","fahrzeug-307","exteinsatzmittel-fw_est","exteinsatzmittel-pol","alarmierungsart-dme-digitaler-meldeempfaenger"],"better_featured_image":{"id":11790,"alt_text":"","caption":"","description":"","media_type":"image","media_details":{"width":1200,"height":1600,"file":"2023\/07\/IMG_7824.jpeg","filesize":567245,"sizes":{"medium_large":{"file":"IMG_7824-768x1024.jpeg","width":768,"height":1024,"mime-type":"image\/jpeg","filesize":286365,"source_url":"https:\/\/feuerwehr-vglambrecht.de\/cms\/wp-content\/uploads\/2023\/07\/IMG_7824-768x1024.jpeg"},"1536x1536":{"file":"IMG_7824-1152x1536.jpeg","width":1152,"height":1536,"mime-type":"image\/jpeg","filesize":566729,"source_url":"https:\/\/feuerwehr-vglambrecht.de\/cms\/wp-content\/uploads\/2023\/07\/IMG_7824-1152x1536.jpeg"},"wptouch-new-thumbnail":{"file":"IMG_7824-144x144.jpeg","width":144,"height":144,"mime-type":"image\/jpeg","filesize":23255,"source_url":"https:\/\/feuerwehr-vglambrecht.de\/cms\/wp-content\/uploads\/2023\/07\/IMG_7824-144x144.jpeg"},"landing_image":{"file":"IMG_7824-1024x460.jpeg","width":1024,"height":460,"mime-type":"image\/jpeg","filesize":168741,"source_url":"https:\/\/feuerwehr-vglambrecht.de\/cms\/wp-content\/uploads\/2023\/07\/IMG_7824-1024x460.jpeg"},"thumbnail":{"file":"IMG_7824-150x150.jpeg","width":150,"height":150,"source_url":"https:\/\/feuerwehr-vglambrecht.de\/cms\/wp-content\/uploads\/2023\/07\/IMG_7824-150x150.jpeg"},"medium":{"file":"IMG_7824-225x300.jpeg","width":225,"height":300,"source_url":"https:\/\/feuerwehr-vglambrecht.de\/cms\/wp-content\/uploads\/2023\/07\/IMG_7824-225x300.jpeg"},"large":{"file":"IMG_7824-768x1024.jpeg","width":768,"height":1024,"source_url":"https:\/\/feuerwehr-vglambrecht.de\/cms\/wp-content\/uploads\/2023\/07\/IMG_7824-768x1024.jpeg"}},"image_meta":{"aperture":"0","credit":"","camera":"","caption":"","created_timestamp":"0","copyright":"","focal_length":"0","iso":"0","shutter_speed":"0","title":"","orientation":"0","keywords":[]},"image-converter":{"thumbnail":"IME","medium":"IME","large":"IME"}},"post":11788,"source_url":"https:\/\/feuerwehr-vglambrecht.de\/cms\/wp-content\/uploads\/2023\/07\/IMG_7824.jpeg"},"einsatz_ort":"K23 Steinbruch Esthal","einsatz_ende":"2023-07-18 16:15","einsatz_beginn":"","_links":{"self":[{"href":"https:\/\/feuerwehr-vglambrecht.de\/cms\/wp-json\/wp\/v2\/einsatz\/11788","targetHints":{"allow":["GET"]}}],"collection":[{"href":"https:\/\/feuerwehr-vglambrecht.de\/cms\/wp-json\/wp\/v2\/einsatz"}],"about":[{"href":"https:\/\/feuerwehr-vglambrecht.de\/cms\/wp-json\/wp\/v2\/types\/einsatz"}],"author":[{"embeddable":true,"href":"https:\/\/feuerwehr-vglambrecht.de\/cms\/wp-json\/wp\/v2\/users\/3"}],"version-history":[{"count":2,"href":"https:\/\/feuerwehr-vglambrecht.de\/cms\/wp-json\/wp\/v2\/einsatz\/11788\/revisions"}],"predecessor-version":[{"id":11791,"href":"https:\/\/feuerwehr-vglambrecht.de\/cms\/wp-json\/wp\/v2\/einsatz\/11788\/revisions\/11791"}],"wp:featuredmedia":[{"embeddable":true,"href":"https:\/\/feuerwehr-vglambrecht.de\/cms\/wp-json\/wp\/v2\/media\/11790"}],"wp:attachment":[{"href":"https:\/\/feuerwehr-vglambrecht.de\/cms\/wp-json\/wp\/v2\/media?parent=11788"}],"wp:term":[{"taxonomy":"category","embeddable":true,"href":"https:\/\/feuerwehr-vglambrecht.de\/cms\/wp-json\/wp\/v2\/categories?post=11788"},{"taxonomy":"post_tag","embeddable":true,"href":"https:\/\/feuerwehr-vglambrecht.de\/cms\/wp-json\/wp\/v2\/tags?post=11788"},{"taxonomy":"einsatzart","embeddable":true,"href":"https:\/\/feuerwehr-vglambrecht.de\/cms\/wp-json\/wp\/v2\/einsatzart?post=11788"},{"taxonomy":"fahrzeug","embeddable":true,"href":"https:\/\/feuerwehr-vglambrecht.de\/cms\/wp-json\/wp\/v2\/fahrzeug?post=11788"},{"taxonomy":"exteinsatzmittel","embeddable":true,"href":"https:\/\/feuerwehr-vglambrecht.de\/cms\/wp-json\/wp\/v2\/exteinsatzmittel?post=11788"},{"taxonomy":"alarmierungsart","embeddable":true,"href":"https:\/\/feuerwehr-vglambrecht.de\/cms\/wp-json\/wp\/v2\/alarmierungsart?post=11788"},{"taxonomy":"evw_unit","embeddable":true,"href":"https:\/\/feuerwehr-vglambrecht.de\/cms\/wp-json\/wp\/v2\/evw_unit?post=11788"}],"curies":[{"name":"wp","href":"https:\/\/api.w.org\/{rel}","templated":true}]}}

<p>Spaziergänger fanden unweit der Kreisstraße 23 in Höhe Steinbruch Esthal einen jungen Husky-Mischling, gefangen in einem tiefen, durch ein Metallgitter versperrten Bachentwässerungsschacht vor und alarmierten über den Notruf die Feuerwehr. Der Hund konnte sich aus eigener Kraft aus dem etwa 2 m tiefen Schacht nicht mehr befreien und steckte fest. Die Esthaler Wehrleute verschafften sich einen Zugang und konnte den stark verängstigten Hund über eine Steckleiter aus dem Schacht retten. Der nach dem Einsatz beschädigte Schachteinstieg wurde provisorisch gesichert und das zuständige Forstrevier über den Sachverhalt informiert. Wer einen solchen Hund vermisst, wendet sich bitte an die Polizeiinspektion Neustadt an der Weinstraße. Der Hund ist z. Zt. bei einer Familie in Pflege.</p>

<div class="ngg-galleryoverview" id="ngg-gallery-439-11788">

	<!-- Slideshow link -->
	<div class="slideshowlink">
		<a class="slideshowlink" href="https://feuerwehr-vglambrecht.de/cms/einsatzberichte/tierrettung-h1-05-hund-steckt-in-kanalschacht-fest/nggallery/slideshow">
			[Show as slideshow]		</a>
	</div>

	
	<!-- Thumbnails -->
		
	<div id="ngg-image-2503" class="ngg-gallery-thumbnail-box"  >
		<div class="ngg-gallery-thumbnail" >
			<a href="https://feuerwehr-vglambrecht.de/cms/wp-content/gallery/tierrettung_1/img_7822.jpg" title=" " class="shutterset_set_439" >
								<img loading="lazy" decoding="async" title="img_7822" alt="img_7822" src="https://feuerwehr-vglambrecht.de/cms/wp-content/gallery/tierrettung_1/thumbs/thumbs_img_7822.jpg" width="100" height="75" />
							</a>
		</div>
	</div>
	
		
 		
	<div id="ngg-image-2504" class="ngg-gallery-thumbnail-box"  >
		<div class="ngg-gallery-thumbnail" >
			<a href="https://feuerwehr-vglambrecht.de/cms/wp-content/gallery/tierrettung_1/img_7823.jpg" title=" " class="shutterset_set_439" >
								<img loading="lazy" decoding="async" title="img_7823" alt="img_7823" src="https://feuerwehr-vglambrecht.de/cms/wp-content/gallery/tierrettung_1/thumbs/thumbs_img_7823.jpg" width="100" height="75" />
							</a>
		</div>
	</div>
	
		
 		
	<div id="ngg-image-2505" class="ngg-gallery-thumbnail-box"  >
		<div class="ngg-gallery-thumbnail" >
			<a href="https://feuerwehr-vglambrecht.de/cms/wp-content/gallery/tierrettung_1/img_7824.jpg" title=" " class="shutterset_set_439" >
								<img loading="lazy" decoding="async" title="img_7824" alt="img_7824" src="https://feuerwehr-vglambrecht.de/cms/wp-content/gallery/tierrettung_1/thumbs/thumbs_img_7824.jpg" width="100" height="75" />
							</a>
		</div>
	</div>
	
		
 		
	<div id="ngg-image-2506" class="ngg-gallery-thumbnail-box"  >
		<div class="ngg-gallery-thumbnail" >
			<a href="https://feuerwehr-vglambrecht.de/cms/wp-content/gallery/tierrettung_1/img_7821.jpg" title=" " class="shutterset_set_439" >
								<img loading="lazy" decoding="async" title="img_7821" alt="img_7821" src="https://feuerwehr-vglambrecht.de/cms/wp-content/gallery/tierrettung_1/thumbs/thumbs_img_7821.jpg" width="100" height="75" />
							</a>
		</div>
	</div>
	
		
 	 	
	<!-- Pagination -->
 	<div class='ngg-clear'></div>
 	
</div>


<p>&nbsp;</p>
