{"id":11777,"date":"2023-07-17T21:13:00","date_gmt":"2023-07-17T19:13:00","guid":{"rendered":"https:\/\/feuerwehr-vglambrecht.de\/cms\/?post_type=einsatz&#038;p=11777"},"modified":"2023-07-18T10:16:11","modified_gmt":"2023-07-18T08:16:11","slug":"rauchentwicklung-aus-gebaeude-b2-01-6","status":"publish","type":"einsatz","link":"https:\/\/feuerwehr-vglambrecht.de\/cms\/einsatzberichte\/rauchentwicklung-aus-gebaeude-b2-01-6\/","title":{"rendered":"Rauchentwicklung aus Geb\u00e4ude (B2.01)"},"content":{"rendered":"<p>Die Feuerwehren Lindenberg und Lambrecht wurden am 17.07.2023 um 21:13 Uhr zu einer Rauchentwicklung aus einem Geb\u00e4ude in die Sommerbergstra\u00dfe in Lambrecht alarmiert.<!--more--><\/p>\n<p>Die Anfahrt f\u00fcr die Einsatzkr\u00e4fte war ab dem Bahnhof in Lambrecht aufgrund der starken Rauchentwicklung bereits auf Sicht m\u00f6glich. Das erst eintreffende Fahrzeug samt Einsatzleiter erkundete die Einsatzstelle und stellte einen beaufsichtigten Abraumbrand neben dem Geb\u00e4ude fest. Somit war kein weiteres Eingreifen seitens der Feuerwehr notwendig.<\/p>\n","protected":false},"author":17,"featured_media":4814,"template":"","meta":{"einsatz_weight":1,"footnotes":""},"categories":[71,74,78],"tags":[],"einsatzart":[7],"fahrzeug":[49,53,54,57],"exteinsatzmittel":[18,19,299,468,31],"alarmierungsart":[10],"evw_unit":[],"class_list":["post-11777","einsatz","type-einsatz","status-publish","has-post-thumbnail","hentry","category-fw_lambrecht","category-fw_lindenberg","category-press","einsatzart-brand","fahrzeug-lambrecht-11","fahrzeug-lambrecht-33","fahrzeug-lambrecht-44","fahrzeug-lindenberg-47","exteinsatzmittel-fw_lam","exteinsatzmittel-fw_lin","exteinsatzmittel-fez-neustadt","exteinsatzmittel-presseteam-feuerwehr-vg-lambrecht","exteinsatzmittel-drk","alarmierungsart-dme-digitaler-meldeempfaenger"],"better_featured_image":{"id":4814,"alt_text":"","caption":"","description":"","media_type":"image","media_details":{"width":1024,"height":594,"file":"2016\/10\/img_6731.jpg","filesize":362293,"sizes":{"medium_large":{"file":"img_6731-768x446.jpg","width":768,"height":446,"mime-type":"image\/jpeg","filesize":114243,"source_url":"https:\/\/feuerwehr-vglambrecht.de\/cms\/wp-content\/uploads\/2016\/10\/img_6731-768x446.jpg"},"wptouch-new-thumbnail":{"file":"img_6731-144x144.jpg","width":144,"height":144,"mime-type":"image\/jpeg","filesize":30882,"source_url":"https:\/\/feuerwehr-vglambrecht.de\/cms\/wp-content\/uploads\/2016\/10\/img_6731-144x144.jpg"},"landing_image":{"file":"img_6731-1024x460.jpg","width":1024,"height":460,"mime-type":"image\/jpeg","filesize":155011,"source_url":"https:\/\/feuerwehr-vglambrecht.de\/cms\/wp-content\/uploads\/2016\/10\/img_6731-1024x460.jpg"},"foundation-featured-image":{"file":"img_6731-900x522.jpg","width":900,"height":522,"mime-type":"image\/jpeg","filesize":142463,"source_url":"https:\/\/feuerwehr-vglambrecht.de\/cms\/wp-content\/uploads\/2016\/10\/img_6731-900x522.jpg"},"thumbnail":{"file":"img_6731-150x150.jpg","width":150,"height":150,"source_url":"https:\/\/feuerwehr-vglambrecht.de\/cms\/wp-content\/uploads\/2016\/10\/img_6731-150x150.jpg"},"medium":{"file":"img_6731-300x174.jpg","width":300,"height":174,"source_url":"https:\/\/feuerwehr-vglambrecht.de\/cms\/wp-content\/uploads\/2016\/10\/img_6731-300x174.jpg"}},"image_meta":{"aperture":"4","credit":"(c) Jaron Schall","camera":"Canon EOS 1100D","caption":"","created_timestamp":"1428234311","copyright":"(c) Jaron Schall","focal_length":"35","iso":"160","shutter_speed":"0.0025","title":"","orientation":"1","keywords":[]},"image-converter":{"thumbnail":"IME","medium":"IME"}},"post":4813,"source_url":"https:\/\/feuerwehr-vglambrecht.de\/cms\/wp-content\/uploads\/2016\/10\/img_6731.jpg"},"einsatz_ort":"Sommerbergstra\u00dfe, Lambrecht","einsatz_ende":"2023-07-17 21:32","einsatz_beginn":"","_links":{"self":[{"href":"https:\/\/feuerwehr-vglambrecht.de\/cms\/wp-json\/wp\/v2\/einsatz\/11777","targetHints":{"allow":["GET"]}}],"collection":[{"href":"https:\/\/feuerwehr-vglambrecht.de\/cms\/wp-json\/wp\/v2\/einsatz"}],"about":[{"href":"https:\/\/feuerwehr-vglambrecht.de\/cms\/wp-json\/wp\/v2\/types\/einsatz"}],"author":[{"embeddable":true,"href":"https:\/\/feuerwehr-vglambrecht.de\/cms\/wp-json\/wp\/v2\/users\/17"}],"version-history":[{"count":3,"href":"https:\/\/feuerwehr-vglambrecht.de\/cms\/wp-json\/wp\/v2\/einsatz\/11777\/revisions"}],"predecessor-version":[{"id":11780,"href":"https:\/\/feuerwehr-vglambrecht.de\/cms\/wp-json\/wp\/v2\/einsatz\/11777\/revisions\/11780"}],"wp:featuredmedia":[{"embeddable":true,"href":"https:\/\/feuerwehr-vglambrecht.de\/cms\/wp-json\/wp\/v2\/media\/4814"}],"wp:attachment":[{"href":"https:\/\/feuerwehr-vglambrecht.de\/cms\/wp-json\/wp\/v2\/media?parent=11777"}],"wp:term":[{"taxonomy":"category","embeddable":true,"href":"https:\/\/feuerwehr-vglambrecht.de\/cms\/wp-json\/wp\/v2\/categories?post=11777"},{"taxonomy":"post_tag","embeddable":true,"href":"https:\/\/feuerwehr-vglambrecht.de\/cms\/wp-json\/wp\/v2\/tags?post=11777"},{"taxonomy":"einsatzart","embeddable":true,"href":"https:\/\/feuerwehr-vglambrecht.de\/cms\/wp-json\/wp\/v2\/einsatzart?post=11777"},{"taxonomy":"fahrzeug","embeddable":true,"href":"https:\/\/feuerwehr-vglambrecht.de\/cms\/wp-json\/wp\/v2\/fahrzeug?post=11777"},{"taxonomy":"exteinsatzmittel","embeddable":true,"href":"https:\/\/feuerwehr-vglambrecht.de\/cms\/wp-json\/wp\/v2\/exteinsatzmittel?post=11777"},{"taxonomy":"alarmierungsart","embeddable":true,"href":"https:\/\/feuerwehr-vglambrecht.de\/cms\/wp-json\/wp\/v2\/alarmierungsart?post=11777"},{"taxonomy":"evw_unit","embeddable":true,"href":"https:\/\/feuerwehr-vglambrecht.de\/cms\/wp-json\/wp\/v2\/evw_unit?post=11777"}],"curies":[{"name":"wp","href":"https:\/\/api.w.org\/{rel}","templated":true}]}}

Rauchentwicklung aus Gebäude (B2.01)

<p>Die Feuerwehren Lindenberg und Lambrecht wurden am 17.07.2023 um 21:13 Uhr zu einer Rauchentwicklung aus einem Gebäude in die Sommerbergstraße in Lambrecht alarmiert.<!--more--></p>
<p>Die Anfahrt für die Einsatzkräfte war ab dem Bahnhof in Lambrecht aufgrund der starken Rauchentwicklung bereits auf Sicht möglich. Das erst eintreffende Fahrzeug samt Einsatzleiter erkundete die Einsatzstelle und stellte einen beaufsichtigten Abraumbrand neben dem Gebäude fest. Somit war kein weiteres Eingreifen seitens der Feuerwehr notwendig.</p>

Sommerbergstraße, Lambrecht
