{"id":11708,"date":"2023-06-24T16:29:00","date_gmt":"2023-06-24T14:29:00","guid":{"rendered":"https:\/\/feuerwehr-vglambrecht.de\/cms\/?post_type=einsatz&#038;p=11708"},"modified":"2023-06-24T17:23:51","modified_gmt":"2023-06-24T15:23:51","slug":"einfache-hilfeleistung-h1-07-25","status":"publish","type":"einsatz","link":"https:\/\/feuerwehr-vglambrecht.de\/cms\/einsatzberichte\/einfache-hilfeleistung-h1-07-25\/","title":{"rendered":"Einfache Hilfeleistung (H1.07)"},"content":{"rendered":"<p>Aufgrund eines in die Fahrbahn h\u00e4ngenden Baumes, der die Richtungsfahrbahn von Sattelm\u00fchle nach Esthal blockierte, wurde der Ausr\u00fcckebereich West der Feuerwehr VG Lambrecht alarmiert. Das Verkehrshindernis wurde mittels Motorkettens\u00e4ge beseitigt und die Fahrbahn gereinigt. W\u00e4hrend der Arbeiten war eine kurzzeitige Vollsperrung der Kreisstra\u00dfe 23 n\u00f6tig.<\/p>\n\n<div class=\"ngg-galleryoverview\" id=\"ngg-gallery-434-11708\">\n\n\t<!-- Slideshow link -->\n\t<div class=\"slideshowlink\">\n\t\t<a class=\"slideshowlink\" href=\"https:\/\/feuerwehr-vglambrecht.de\/cms\/einsatzberichte\/einfache-hilfeleistung-h1-07-25\/nggallery\/slideshow\">\n\t\t\t[Show as slideshow]\t\t<\/a>\n\t<\/div>\n\n\t\n\t<!-- Thumbnails -->\n\t\t\n\t<div id=\"ngg-image-2457\" class=\"ngg-gallery-thumbnail-box\"  >\n\t\t<div class=\"ngg-gallery-thumbnail\" >\n\t\t\t<a href=\"https:\/\/feuerwehr-vglambrecht.de\/cms\/wp-content\/gallery\/baum-k23_1\/0a10ec01-f494-4e8e-a860-f3961ae03c1f.jpg\" title=\" \" class=\"shutterset_set_434\" >\n\t\t\t\t\t\t\t\t<img loading=\"lazy\" decoding=\"async\" title=\"0a10ec01-f494-4e8e-a860-f3961ae03c1f\" alt=\"0a10ec01-f494-4e8e-a860-f3961ae03c1f\" src=\"https:\/\/feuerwehr-vglambrecht.de\/cms\/wp-content\/gallery\/baum-k23_1\/thumbs\/thumbs_0a10ec01-f494-4e8e-a860-f3961ae03c1f.jpg\" width=\"100\" height=\"75\" \/>\n\t\t\t\t\t\t\t<\/a>\n\t\t<\/div>\n\t<\/div>\n\t\n\t\t\n \t\t\n\t<div id=\"ngg-image-2458\" class=\"ngg-gallery-thumbnail-box\"  >\n\t\t<div class=\"ngg-gallery-thumbnail\" >\n\t\t\t<a href=\"https:\/\/feuerwehr-vglambrecht.de\/cms\/wp-content\/gallery\/baum-k23_1\/5694c450-7a34-448e-a93f-83bfa99d05fc.jpg\" title=\" \" class=\"shutterset_set_434\" >\n\t\t\t\t\t\t\t\t<img loading=\"lazy\" decoding=\"async\" title=\"5694c450-7a34-448e-a93f-83bfa99d05fc\" alt=\"5694c450-7a34-448e-a93f-83bfa99d05fc\" src=\"https:\/\/feuerwehr-vglambrecht.de\/cms\/wp-content\/gallery\/baum-k23_1\/thumbs\/thumbs_5694c450-7a34-448e-a93f-83bfa99d05fc.jpg\" width=\"100\" height=\"75\" \/>\n\t\t\t\t\t\t\t<\/a>\n\t\t<\/div>\n\t<\/div>\n\t\n\t\t\n \t\t\n\t<div id=\"ngg-image-2459\" class=\"ngg-gallery-thumbnail-box\"  >\n\t\t<div class=\"ngg-gallery-thumbnail\" >\n\t\t\t<a href=\"https:\/\/feuerwehr-vglambrecht.de\/cms\/wp-content\/gallery\/baum-k23_1\/dbae7538-9261-4039-af5c-0079cfaa53e8.jpg\" title=\" \" class=\"shutterset_set_434\" >\n\t\t\t\t\t\t\t\t<img loading=\"lazy\" decoding=\"async\" title=\"dbae7538-9261-4039-af5c-0079cfaa53e8\" alt=\"dbae7538-9261-4039-af5c-0079cfaa53e8\" src=\"https:\/\/feuerwehr-vglambrecht.de\/cms\/wp-content\/gallery\/baum-k23_1\/thumbs\/thumbs_dbae7538-9261-4039-af5c-0079cfaa53e8.jpg\" width=\"100\" height=\"75\" \/>\n\t\t\t\t\t\t\t<\/a>\n\t\t<\/div>\n\t<\/div>\n\t\n\t\t\n \t \t\n\t<!-- Pagination -->\n \t<div class='ngg-clear'><\/div>\n \t\n<\/div>\n\n\n","protected":false},"author":3,"featured_media":11710,"template":"","meta":{"einsatz_weight":1,"footnotes":""},"categories":[],"tags":[191,138,141],"einsatzart":[33],"fahrzeug":[350,307,44,45],"exteinsatzmittel":[12,13],"alarmierungsart":[10],"evw_unit":[],"class_list":["post-11708","einsatz","type-einsatz","status-publish","has-post-thumbnail","hentry","tag-baum-ueber-strasse","tag-esthal","tag-frankeneck","einsatzart-th","fahrzeug-esthal-19-2","fahrzeug-307","fahrzeug-frankeneck-40","fahrzeug-frankeneck-73","exteinsatzmittel-fw_est","exteinsatzmittel-fw_fra","alarmierungsart-dme-digitaler-meldeempfaenger"],"better_featured_image":{"id":11710,"alt_text":"","caption":"ukiztukghkjhfk","description":"","media_type":"image","media_details":{"width":2048,"height":1536,"file":"2023\/06\/0a10ec01-f494-4e8e-a860-f3961ae03c1f.jpeg","filesize":953253,"sizes":{"medium_large":{"file":"0a10ec01-f494-4e8e-a860-f3961ae03c1f-768x576.jpeg","width":768,"height":576,"mime-type":"image\/jpeg","filesize":153323,"source_url":"https:\/\/feuerwehr-vglambrecht.de\/cms\/wp-content\/uploads\/2023\/06\/0a10ec01-f494-4e8e-a860-f3961ae03c1f-768x576.jpeg"},"1536x1536":{"file":"0a10ec01-f494-4e8e-a860-f3961ae03c1f-1536x1152.jpeg","width":1536,"height":1152,"mime-type":"image\/jpeg","filesize":572207,"source_url":"https:\/\/feuerwehr-vglambrecht.de\/cms\/wp-content\/uploads\/2023\/06\/0a10ec01-f494-4e8e-a860-f3961ae03c1f-1536x1152.jpeg"},"wptouch-new-thumbnail":{"file":"0a10ec01-f494-4e8e-a860-f3961ae03c1f-144x144.jpeg","width":144,"height":144,"mime-type":"image\/jpeg","filesize":7731,"source_url":"https:\/\/feuerwehr-vglambrecht.de\/cms\/wp-content\/uploads\/2023\/06\/0a10ec01-f494-4e8e-a860-f3961ae03c1f-144x144.jpeg"},"landing_image":{"file":"0a10ec01-f494-4e8e-a860-f3961ae03c1f-1024x460.jpeg","width":1024,"height":460,"mime-type":"image\/jpeg","filesize":160445,"source_url":"https:\/\/feuerwehr-vglambrecht.de\/cms\/wp-content\/uploads\/2023\/06\/0a10ec01-f494-4e8e-a860-f3961ae03c1f-1024x460.jpeg"},"thumbnail":{"file":"0a10ec01-f494-4e8e-a860-f3961ae03c1f-150x150.jpeg","width":150,"height":150,"source_url":"https:\/\/feuerwehr-vglambrecht.de\/cms\/wp-content\/uploads\/2023\/06\/0a10ec01-f494-4e8e-a860-f3961ae03c1f-150x150.jpeg"},"medium":{"file":"0a10ec01-f494-4e8e-a860-f3961ae03c1f-300x225.jpeg","width":300,"height":225,"source_url":"https:\/\/feuerwehr-vglambrecht.de\/cms\/wp-content\/uploads\/2023\/06\/0a10ec01-f494-4e8e-a860-f3961ae03c1f-300x225.jpeg"},"large":{"file":"0a10ec01-f494-4e8e-a860-f3961ae03c1f-1024x768.jpeg","width":1024,"height":768,"source_url":"https:\/\/feuerwehr-vglambrecht.de\/cms\/wp-content\/uploads\/2023\/06\/0a10ec01-f494-4e8e-a860-f3961ae03c1f-1024x768.jpeg"}},"image_meta":{"aperture":"0","credit":"","camera":"","caption":"","created_timestamp":"0","copyright":"","focal_length":"0","iso":"0","shutter_speed":"0","title":"","orientation":"0","keywords":[]},"image-converter":{"thumbnail":"IME","medium":"IME","large":"IME"}},"post":11708,"source_url":"https:\/\/feuerwehr-vglambrecht.de\/cms\/wp-content\/uploads\/2023\/06\/0a10ec01-f494-4e8e-a860-f3961ae03c1f.jpeg"},"einsatz_ort":"Kreisstra\u00dfe 23","einsatz_ende":"2023-06-24 16:55","einsatz_beginn":"","_links":{"self":[{"href":"https:\/\/feuerwehr-vglambrecht.de\/cms\/wp-json\/wp\/v2\/einsatz\/11708","targetHints":{"allow":["GET"]}}],"collection":[{"href":"https:\/\/feuerwehr-vglambrecht.de\/cms\/wp-json\/wp\/v2\/einsatz"}],"about":[{"href":"https:\/\/feuerwehr-vglambrecht.de\/cms\/wp-json\/wp\/v2\/types\/einsatz"}],"author":[{"embeddable":true,"href":"https:\/\/feuerwehr-vglambrecht.de\/cms\/wp-json\/wp\/v2\/users\/3"}],"version-history":[{"count":2,"href":"https:\/\/feuerwehr-vglambrecht.de\/cms\/wp-json\/wp\/v2\/einsatz\/11708\/revisions"}],"predecessor-version":[{"id":11711,"href":"https:\/\/feuerwehr-vglambrecht.de\/cms\/wp-json\/wp\/v2\/einsatz\/11708\/revisions\/11711"}],"wp:featuredmedia":[{"embeddable":true,"href":"https:\/\/feuerwehr-vglambrecht.de\/cms\/wp-json\/wp\/v2\/media\/11710"}],"wp:attachment":[{"href":"https:\/\/feuerwehr-vglambrecht.de\/cms\/wp-json\/wp\/v2\/media?parent=11708"}],"wp:term":[{"taxonomy":"category","embeddable":true,"href":"https:\/\/feuerwehr-vglambrecht.de\/cms\/wp-json\/wp\/v2\/categories?post=11708"},{"taxonomy":"post_tag","embeddable":true,"href":"https:\/\/feuerwehr-vglambrecht.de\/cms\/wp-json\/wp\/v2\/tags?post=11708"},{"taxonomy":"einsatzart","embeddable":true,"href":"https:\/\/feuerwehr-vglambrecht.de\/cms\/wp-json\/wp\/v2\/einsatzart?post=11708"},{"taxonomy":"fahrzeug","embeddable":true,"href":"https:\/\/feuerwehr-vglambrecht.de\/cms\/wp-json\/wp\/v2\/fahrzeug?post=11708"},{"taxonomy":"exteinsatzmittel","embeddable":true,"href":"https:\/\/feuerwehr-vglambrecht.de\/cms\/wp-json\/wp\/v2\/exteinsatzmittel?post=11708"},{"taxonomy":"alarmierungsart","embeddable":true,"href":"https:\/\/feuerwehr-vglambrecht.de\/cms\/wp-json\/wp\/v2\/alarmierungsart?post=11708"},{"taxonomy":"evw_unit","embeddable":true,"href":"https:\/\/feuerwehr-vglambrecht.de\/cms\/wp-json\/wp\/v2\/evw_unit?post=11708"}],"curies":[{"name":"wp","href":"https:\/\/api.w.org\/{rel}","templated":true}]}}

<p>Aufgrund eines in die Fahrbahn hängenden Baumes, der die Richtungsfahrbahn von Sattelmühle nach Esthal blockierte, wurde der Ausrückebereich West der Feuerwehr VG Lambrecht alarmiert. Das Verkehrshindernis wurde mittels Motorkettensäge beseitigt und die Fahrbahn gereinigt. Während der Arbeiten war eine kurzzeitige Vollsperrung der Kreisstraße 23 nötig.</p>

<div class="ngg-galleryoverview" id="ngg-gallery-434-11708">

	<!-- Slideshow link -->
	<div class="slideshowlink">
		<a class="slideshowlink" href="https://feuerwehr-vglambrecht.de/cms/einsatzberichte/einfache-hilfeleistung-h1-07-25/nggallery/slideshow">
			[Show as slideshow]		</a>
	</div>

	
	<!-- Thumbnails -->
		
	<div id="ngg-image-2457" class="ngg-gallery-thumbnail-box"  >
		<div class="ngg-gallery-thumbnail" >
			<a href="https://feuerwehr-vglambrecht.de/cms/wp-content/gallery/baum-k23_1/0a10ec01-f494-4e8e-a860-f3961ae03c1f.jpg" title=" " class="shutterset_set_434" >
								<img loading="lazy" decoding="async" title="0a10ec01-f494-4e8e-a860-f3961ae03c1f" alt="0a10ec01-f494-4e8e-a860-f3961ae03c1f" src="https://feuerwehr-vglambrecht.de/cms/wp-content/gallery/baum-k23_1/thumbs/thumbs_0a10ec01-f494-4e8e-a860-f3961ae03c1f.jpg" width="100" height="75" />
							</a>
		</div>
	</div>
	
		
 		
	<div id="ngg-image-2458" class="ngg-gallery-thumbnail-box"  >
		<div class="ngg-gallery-thumbnail" >
			<a href="https://feuerwehr-vglambrecht.de/cms/wp-content/gallery/baum-k23_1/5694c450-7a34-448e-a93f-83bfa99d05fc.jpg" title=" " class="shutterset_set_434" >
								<img loading="lazy" decoding="async" title="5694c450-7a34-448e-a93f-83bfa99d05fc" alt="5694c450-7a34-448e-a93f-83bfa99d05fc" src="https://feuerwehr-vglambrecht.de/cms/wp-content/gallery/baum-k23_1/thumbs/thumbs_5694c450-7a34-448e-a93f-83bfa99d05fc.jpg" width="100" height="75" />
							</a>
		</div>
	</div>
	
		
 		
	<div id="ngg-image-2459" class="ngg-gallery-thumbnail-box"  >
		<div class="ngg-gallery-thumbnail" >
			<a href="https://feuerwehr-vglambrecht.de/cms/wp-content/gallery/baum-k23_1/dbae7538-9261-4039-af5c-0079cfaa53e8.jpg" title=" " class="shutterset_set_434" >
								<img loading="lazy" decoding="async" title="dbae7538-9261-4039-af5c-0079cfaa53e8" alt="dbae7538-9261-4039-af5c-0079cfaa53e8" src="https://feuerwehr-vglambrecht.de/cms/wp-content/gallery/baum-k23_1/thumbs/thumbs_dbae7538-9261-4039-af5c-0079cfaa53e8.jpg" width="100" height="75" />
							</a>
		</div>
	</div>
	
		
 	 	
	<!-- Pagination -->
 	<div class='ngg-clear'></div>
 	
</div>

Kreisstraße 23
