{"id":11646,"date":"2023-06-18T01:30:00","date_gmt":"2023-06-17T23:30:00","guid":{"rendered":"https:\/\/feuerwehr-vglambrecht.de\/cms\/?post_type=einsatz&#038;p=11646"},"modified":"2023-06-18T11:32:38","modified_gmt":"2023-06-18T09:32:38","slug":"personensuche-s1-05-7","status":"publish","type":"einsatz","link":"https:\/\/feuerwehr-vglambrecht.de\/cms\/einsatzberichte\/personensuche-s1-05-7\/","title":{"rendered":"Personensuche (S1.05)"},"content":{"rendered":"<p>Um 01:30 Uhr in der Nacht auf Sonntag, wurden die Feuerwehren Esthal und Frankeneck zu einer Personensuche im Ortsteil Esthal-Sattelm\u00fchle alarmiert. Nach Angaben der Polizei hatte eine 54-j\u00e4hrige Frau um 22 Uhr mit ihrem Hund das Haus verlassen und war bis um 01:30 Uhr noch immer nicht zur\u00fcckgekehrt. Daraufhin informierte der besorgte Ehemann die Polizei. Die Nahbereichsfahndung der Polizei blieb bis zu diesem Zeitpunkt erfolglos, weshalb die Feuerwehr hinzugezogen wurde. Durch den Einsatzleiter der Feuerwehr wurden umgehend die Rettungshundestaffeln Elmstein und Weidenthal zur Unterst\u00fctzung mit Fl\u00e4chensuchhunden und Mantrailer angefordert. Da die Dame im Bereich des Forstgut Sattelm\u00fchle vermutet wurde, entschied man sich einen Mitarbeiter vom Forstgut zu verst\u00e4ndigen. Dieser unterst\u00fctze ebenfalls die Suchma\u00dfnahmen mit einem gel\u00e4ndeg\u00e4ngigen Fahrzeug und seiner Ortskenntnis in seinem Revier. Das Waldgebiet wurde durch Fu\u00dftrupps und mit Fahrzeugen abgesucht. Gegen 3 Uhr wurde der Einsatzleitung durch einen Fu\u00dftrupp Hundegebell nord\u00f6stlich der L 499 gemeldet. Etwa 10min. sp\u00e4ter wurde die Dame mitsamt ihrem Hund durch Kr\u00e4fte der Feuerwehr und des Forstgut Sattelm\u00fchle wohlbehalten aufgefunden.<\/p>\n\n<div class=\"ngg-galleryoverview\" id=\"ngg-gallery-430-11646\">\n\n\t<!-- Slideshow link -->\n\t<div class=\"slideshowlink\">\n\t\t<a class=\"slideshowlink\" href=\"https:\/\/feuerwehr-vglambrecht.de\/cms\/einsatzberichte\/personensuche-s1-05-7\/nggallery\/slideshow\">\n\t\t\t[Show as slideshow]\t\t<\/a>\n\t<\/div>\n\n\t\n\t<!-- Thumbnails -->\n\t\t\n\t<div id=\"ngg-image-2438\" class=\"ngg-gallery-thumbnail-box\"  >\n\t\t<div class=\"ngg-gallery-thumbnail\" >\n\t\t\t<a href=\"https:\/\/feuerwehr-vglambrecht.de\/cms\/wp-content\/gallery\/personensuche-sattelmuehle\/img_6458.jpg\" title=\" \" class=\"shutterset_set_430\" >\n\t\t\t\t\t\t\t\t<img loading=\"lazy\" decoding=\"async\" title=\"img_6458\" alt=\"img_6458\" src=\"https:\/\/feuerwehr-vglambrecht.de\/cms\/wp-content\/gallery\/personensuche-sattelmuehle\/thumbs\/thumbs_img_6458.jpg\" width=\"100\" height=\"75\" \/>\n\t\t\t\t\t\t\t<\/a>\n\t\t<\/div>\n\t<\/div>\n\t\n\t\t\n \t\t\n\t<div id=\"ngg-image-2439\" class=\"ngg-gallery-thumbnail-box\"  >\n\t\t<div class=\"ngg-gallery-thumbnail\" >\n\t\t\t<a href=\"https:\/\/feuerwehr-vglambrecht.de\/cms\/wp-content\/gallery\/personensuche-sattelmuehle\/img_6459.jpg\" title=\" \" class=\"shutterset_set_430\" >\n\t\t\t\t\t\t\t\t<img loading=\"lazy\" decoding=\"async\" title=\"img_6459\" alt=\"img_6459\" src=\"https:\/\/feuerwehr-vglambrecht.de\/cms\/wp-content\/gallery\/personensuche-sattelmuehle\/thumbs\/thumbs_img_6459.jpg\" width=\"100\" height=\"75\" \/>\n\t\t\t\t\t\t\t<\/a>\n\t\t<\/div>\n\t<\/div>\n\t\n\t\t\n \t\t\n\t<div id=\"ngg-image-2440\" class=\"ngg-gallery-thumbnail-box\"  >\n\t\t<div class=\"ngg-gallery-thumbnail\" >\n\t\t\t<a href=\"https:\/\/feuerwehr-vglambrecht.de\/cms\/wp-content\/gallery\/personensuche-sattelmuehle\/img_6460.jpg\" title=\" \" class=\"shutterset_set_430\" >\n\t\t\t\t\t\t\t\t<img loading=\"lazy\" decoding=\"async\" title=\"img_6460\" alt=\"img_6460\" src=\"https:\/\/feuerwehr-vglambrecht.de\/cms\/wp-content\/gallery\/personensuche-sattelmuehle\/thumbs\/thumbs_img_6460.jpg\" width=\"100\" height=\"75\" \/>\n\t\t\t\t\t\t\t<\/a>\n\t\t<\/div>\n\t<\/div>\n\t\n\t\t\n \t\t\n\t<div id=\"ngg-image-2441\" class=\"ngg-gallery-thumbnail-box\"  >\n\t\t<div class=\"ngg-gallery-thumbnail\" >\n\t\t\t<a href=\"https:\/\/feuerwehr-vglambrecht.de\/cms\/wp-content\/gallery\/personensuche-sattelmuehle\/img_7598.jpg\" title=\" \" class=\"shutterset_set_430\" >\n\t\t\t\t\t\t\t\t<img loading=\"lazy\" decoding=\"async\" title=\"img_7598\" alt=\"img_7598\" src=\"https:\/\/feuerwehr-vglambrecht.de\/cms\/wp-content\/gallery\/personensuche-sattelmuehle\/thumbs\/thumbs_img_7598.jpg\" width=\"100\" height=\"75\" \/>\n\t\t\t\t\t\t\t<\/a>\n\t\t<\/div>\n\t<\/div>\n\t\n\t\t\n \t \t\n\t<!-- Pagination -->\n \t<div class='ngg-clear'><\/div>\n \t\n<\/div>\n\n\n","protected":false},"author":17,"featured_media":11649,"template":"","meta":{"einsatz_weight":1,"footnotes":""},"categories":[],"tags":[138,141,373,183],"einsatzart":[522],"fahrzeug":[40,350,43,307,44,45],"exteinsatzmittel":[12,13,521,30,468,392,393,446],"alarmierungsart":[10],"evw_unit":[],"class_list":["post-11646","einsatz","type-einsatz","status-publish","has-post-thumbnail","hentry","tag-esthal","tag-frankeneck","tag-immerda","tag-personensuche","einsatzart-sondereinsatz","fahrzeug-elmstein-73","fahrzeug-esthal-19-2","fahrzeug-esthal19","fahrzeug-307","fahrzeug-frankeneck-40","fahrzeug-frankeneck-73","exteinsatzmittel-fw_est","exteinsatzmittel-fw_fra","exteinsatzmittel-mitarbeiter-forstgut-sattelmuehle","exteinsatzmittel-pol","exteinsatzmittel-presseteam-feuerwehr-vg-lambrecht","exteinsatzmittel-rettungshundestaffel-elmstein","exteinsatzmittel-rettungshundestaffel-weidenthal","exteinsatzmittel-wehrleitung-vg-lambrecht","alarmierungsart-dme-digitaler-meldeempfaenger"],"better_featured_image":{"id":11649,"alt_text":"","caption":"","description":"","media_type":"image","media_details":{"width":1920,"height":2560,"file":"2023\/06\/IMG_6458-scaled.jpg","filesize":814097,"sizes":{"medium_large":{"file":"IMG_6458-768x1024.jpg","width":768,"height":1024,"mime-type":"image\/jpeg","filesize":179629,"source_url":"https:\/\/feuerwehr-vglambrecht.de\/cms\/wp-content\/uploads\/2023\/06\/IMG_6458-768x1024.jpg"},"1536x1536":{"file":"IMG_6458-1152x1536.jpg","width":1152,"height":1536,"mime-type":"image\/jpeg","filesize":347576,"source_url":"https:\/\/feuerwehr-vglambrecht.de\/cms\/wp-content\/uploads\/2023\/06\/IMG_6458-1152x1536.jpg"},"2048x2048":{"file":"IMG_6458-1536x2048.jpg","width":1536,"height":2048,"mime-type":"image\/jpeg","filesize":559545,"source_url":"https:\/\/feuerwehr-vglambrecht.de\/cms\/wp-content\/uploads\/2023\/06\/IMG_6458-1536x2048.jpg"},"wptouch-new-thumbnail":{"file":"IMG_6458-144x144.jpg","width":144,"height":144,"mime-type":"image\/jpeg","filesize":23208,"source_url":"https:\/\/feuerwehr-vglambrecht.de\/cms\/wp-content\/uploads\/2023\/06\/IMG_6458-144x144.jpg"},"landing_image":{"file":"IMG_6458-1024x460.jpg","width":1024,"height":460,"mime-type":"image\/jpeg","filesize":131174,"source_url":"https:\/\/feuerwehr-vglambrecht.de\/cms\/wp-content\/uploads\/2023\/06\/IMG_6458-1024x460.jpg"},"thumbnail":{"file":"IMG_6458-150x150.jpg","width":150,"height":150,"source_url":"https:\/\/feuerwehr-vglambrecht.de\/cms\/wp-content\/uploads\/2023\/06\/IMG_6458-150x150.jpg"},"medium":{"file":"IMG_6458-300x225.jpg","width":300,"height":225,"source_url":"https:\/\/feuerwehr-vglambrecht.de\/cms\/wp-content\/uploads\/2023\/06\/IMG_6458-300x225.jpg"},"large":{"file":"IMG_6458-1024x768.jpg","width":1024,"height":768,"source_url":"https:\/\/feuerwehr-vglambrecht.de\/cms\/wp-content\/uploads\/2023\/06\/IMG_6458-1024x768.jpg"}},"image_meta":{"aperture":"1.78","credit":"","camera":"iPhone 14 Pro","caption":"","created_timestamp":"1687056218","copyright":"","focal_length":"6.86","iso":"80","shutter_speed":"0.01","title":"","orientation":1,"keywords":[]},"original_image":"IMG_6458.jpg","image-converter":{"thumbnail":"IME","medium":"IME","large":"IME"}},"post":11646,"source_url":"https:\/\/feuerwehr-vglambrecht.de\/cms\/wp-content\/uploads\/2023\/06\/IMG_6458-scaled.jpg"},"einsatz_ort":"Esthal-Sattelm\u00fchle","einsatz_ende":"2023-06-18 04:00","einsatz_beginn":"","_links":{"self":[{"href":"https:\/\/feuerwehr-vglambrecht.de\/cms\/wp-json\/wp\/v2\/einsatz\/11646","targetHints":{"allow":["GET"]}}],"collection":[{"href":"https:\/\/feuerwehr-vglambrecht.de\/cms\/wp-json\/wp\/v2\/einsatz"}],"about":[{"href":"https:\/\/feuerwehr-vglambrecht.de\/cms\/wp-json\/wp\/v2\/types\/einsatz"}],"author":[{"embeddable":true,"href":"https:\/\/feuerwehr-vglambrecht.de\/cms\/wp-json\/wp\/v2\/users\/17"}],"version-history":[{"count":6,"href":"https:\/\/feuerwehr-vglambrecht.de\/cms\/wp-json\/wp\/v2\/einsatz\/11646\/revisions"}],"predecessor-version":[{"id":11661,"href":"https:\/\/feuerwehr-vglambrecht.de\/cms\/wp-json\/wp\/v2\/einsatz\/11646\/revisions\/11661"}],"wp:featuredmedia":[{"embeddable":true,"href":"https:\/\/feuerwehr-vglambrecht.de\/cms\/wp-json\/wp\/v2\/media\/11649"}],"wp:attachment":[{"href":"https:\/\/feuerwehr-vglambrecht.de\/cms\/wp-json\/wp\/v2\/media?parent=11646"}],"wp:term":[{"taxonomy":"category","embeddable":true,"href":"https:\/\/feuerwehr-vglambrecht.de\/cms\/wp-json\/wp\/v2\/categories?post=11646"},{"taxonomy":"post_tag","embeddable":true,"href":"https:\/\/feuerwehr-vglambrecht.de\/cms\/wp-json\/wp\/v2\/tags?post=11646"},{"taxonomy":"einsatzart","embeddable":true,"href":"https:\/\/feuerwehr-vglambrecht.de\/cms\/wp-json\/wp\/v2\/einsatzart?post=11646"},{"taxonomy":"fahrzeug","embeddable":true,"href":"https:\/\/feuerwehr-vglambrecht.de\/cms\/wp-json\/wp\/v2\/fahrzeug?post=11646"},{"taxonomy":"exteinsatzmittel","embeddable":true,"href":"https:\/\/feuerwehr-vglambrecht.de\/cms\/wp-json\/wp\/v2\/exteinsatzmittel?post=11646"},{"taxonomy":"alarmierungsart","embeddable":true,"href":"https:\/\/feuerwehr-vglambrecht.de\/cms\/wp-json\/wp\/v2\/alarmierungsart?post=11646"},{"taxonomy":"evw_unit","embeddable":true,"href":"https:\/\/feuerwehr-vglambrecht.de\/cms\/wp-json\/wp\/v2\/evw_unit?post=11646"}],"curies":[{"name":"wp","href":"https:\/\/api.w.org\/{rel}","templated":true}]}}

<p>Um 01:30 Uhr in der Nacht auf Sonntag, wurden die Feuerwehren Esthal und Frankeneck zu einer Personensuche im Ortsteil Esthal-Sattelmühle alarmiert. Nach Angaben der Polizei hatte eine 54-jährige Frau um 22 Uhr mit ihrem Hund das Haus verlassen und war bis um 01:30 Uhr noch immer nicht zurückgekehrt. Daraufhin informierte der besorgte Ehemann die Polizei. Die Nahbereichsfahndung der Polizei blieb bis zu diesem Zeitpunkt erfolglos, weshalb die Feuerwehr hinzugezogen wurde. Durch den Einsatzleiter der Feuerwehr wurden umgehend die Rettungshundestaffeln Elmstein und Weidenthal zur Unterstützung mit Flächensuchhunden und Mantrailer angefordert. Da die Dame im Bereich des Forstgut Sattelmühle vermutet wurde, entschied man sich einen Mitarbeiter vom Forstgut zu verständigen. Dieser unterstütze ebenfalls die Suchmaßnahmen mit einem geländegängigen Fahrzeug und seiner Ortskenntnis in seinem Revier. Das Waldgebiet wurde durch Fußtrupps und mit Fahrzeugen abgesucht. Gegen 3 Uhr wurde der Einsatzleitung durch einen Fußtrupp Hundegebell nordöstlich der L 499 gemeldet. Etwa 10min. später wurde die Dame mitsamt ihrem Hund durch Kräfte der Feuerwehr und des Forstgut Sattelmühle wohlbehalten aufgefunden.</p>

<div class="ngg-galleryoverview" id="ngg-gallery-430-11646">

	<!-- Slideshow link -->
	<div class="slideshowlink">
		<a class="slideshowlink" href="https://feuerwehr-vglambrecht.de/cms/einsatzberichte/personensuche-s1-05-7/nggallery/slideshow">
			[Show as slideshow]		</a>
	</div>

	
	<!-- Thumbnails -->
		
	<div id="ngg-image-2438" class="ngg-gallery-thumbnail-box"  >
		<div class="ngg-gallery-thumbnail" >
			<a href="https://feuerwehr-vglambrecht.de/cms/wp-content/gallery/personensuche-sattelmuehle/img_6458.jpg" title=" " class="shutterset_set_430" >
								<img loading="lazy" decoding="async" title="img_6458" alt="img_6458" src="https://feuerwehr-vglambrecht.de/cms/wp-content/gallery/personensuche-sattelmuehle/thumbs/thumbs_img_6458.jpg" width="100" height="75" />
							</a>
		</div>
	</div>
	
		
 		
	<div id="ngg-image-2439" class="ngg-gallery-thumbnail-box"  >
		<div class="ngg-gallery-thumbnail" >
			<a href="https://feuerwehr-vglambrecht.de/cms/wp-content/gallery/personensuche-sattelmuehle/img_6459.jpg" title=" " class="shutterset_set_430" >
								<img loading="lazy" decoding="async" title="img_6459" alt="img_6459" src="https://feuerwehr-vglambrecht.de/cms/wp-content/gallery/personensuche-sattelmuehle/thumbs/thumbs_img_6459.jpg" width="100" height="75" />
							</a>
		</div>
	</div>
	
		
 		
	<div id="ngg-image-2440" class="ngg-gallery-thumbnail-box"  >
		<div class="ngg-gallery-thumbnail" >
			<a href="https://feuerwehr-vglambrecht.de/cms/wp-content/gallery/personensuche-sattelmuehle/img_6460.jpg" title=" " class="shutterset_set_430" >
								<img loading="lazy" decoding="async" title="img_6460" alt="img_6460" src="https://feuerwehr-vglambrecht.de/cms/wp-content/gallery/personensuche-sattelmuehle/thumbs/thumbs_img_6460.jpg" width="100" height="75" />
							</a>
		</div>
	</div>
	
		
 		
	<div id="ngg-image-2441" class="ngg-gallery-thumbnail-box"  >
		<div class="ngg-gallery-thumbnail" >
			<a href="https://feuerwehr-vglambrecht.de/cms/wp-content/gallery/personensuche-sattelmuehle/img_7598.jpg" title=" " class="shutterset_set_430" >
								<img loading="lazy" decoding="async" title="img_7598" alt="img_7598" src="https://feuerwehr-vglambrecht.de/cms/wp-content/gallery/personensuche-sattelmuehle/thumbs/thumbs_img_7598.jpg" width="100" height="75" />
							</a>
		</div>
	</div>
	
		
 	 	
	<!-- Pagination -->
 	<div class='ngg-clear'></div>
 	
</div>

Esthal-Sattelmühle
