{"id":11509,"date":"2023-04-22T19:30:00","date_gmt":"2023-04-22T17:30:00","guid":{"rendered":"https:\/\/feuerwehr-vglambrecht.de\/cms\/?post_type=einsatz&#038;p=11509"},"modified":"2023-04-26T10:31:27","modified_gmt":"2023-04-26T08:31:27","slug":"brandsicherheitswache-64","status":"publish","type":"einsatz","link":"https:\/\/feuerwehr-vglambrecht.de\/cms\/einsatzberichte\/brandsicherheitswache-64\/","title":{"rendered":"Brandsicherheitswache"},"content":{"rendered":"<p>Die Feuerwehr Esthal wurde im Rahmen einer \u00f6ffentlichen Gro\u00dfveranstaltung zu einer Brandsicherheitswache in die Mehrzweckhalle Esthal angefordert. Die Brandschutzeinrichtungen sowie Hallenbelegung, Flucht- und Rettungswege wurden \u00fcberpr\u00fcft. W\u00e4hrend der Veranstaltung wurde die Sicherheitswache gestellt.<\/p>\n","protected":false},"author":3,"featured_media":9254,"template":"","meta":{"einsatz_weight":1,"footnotes":""},"categories":[],"tags":[138,373],"einsatzart":[9],"fahrzeug":[43],"exteinsatzmittel":[12],"alarmierungsart":[65],"evw_unit":[],"class_list":["post-11509","einsatz","type-einsatz","status-publish","has-post-thumbnail","hentry","tag-esthal","tag-immerda","einsatzart-bsw","fahrzeug-esthal19","exteinsatzmittel-fw_est","alarmierungsart-telefon"],"better_featured_image":{"id":9254,"alt_text":"","caption":"","description":"","media_type":"image","media_details":{"width":1620,"height":1080,"file":"2018\/08\/2191.jpg","filesize":2723659,"sizes":{"medium_large":{"file":"2191-768x512.jpg","width":768,"height":512,"mime-type":"image\/jpeg","filesize":107190,"source_url":"https:\/\/feuerwehr-vglambrecht.de\/cms\/wp-content\/uploads\/2018\/08\/2191-768x512.jpg"},"1536x1536":{"file":"2191-1536x1024.jpg","width":1536,"height":1024,"mime-type":"image\/jpeg","filesize":386296,"source_url":"https:\/\/feuerwehr-vglambrecht.de\/cms\/wp-content\/uploads\/2018\/08\/2191-1536x1024.jpg"},"wptouch-new-thumbnail":{"file":"2191-144x144.jpg","width":144,"height":144,"mime-type":"image\/jpeg","filesize":12356,"source_url":"https:\/\/feuerwehr-vglambrecht.de\/cms\/wp-content\/uploads\/2018\/08\/2191-144x144.jpg"},"landing_image":{"file":"2191-1024x460.jpg","width":1024,"height":460,"mime-type":"image\/jpeg","filesize":124809,"source_url":"https:\/\/feuerwehr-vglambrecht.de\/cms\/wp-content\/uploads\/2018\/08\/2191-1024x460.jpg"},"foundation-featured-image":{"file":"2191-900x600.jpg","width":900,"height":600,"mime-type":"image\/jpeg","filesize":142504,"source_url":"https:\/\/feuerwehr-vglambrecht.de\/cms\/wp-content\/uploads\/2018\/08\/2191-900x600.jpg"},"thumbnail":{"file":"2191-150x150.jpg","width":150,"height":150,"source_url":"https:\/\/feuerwehr-vglambrecht.de\/cms\/wp-content\/uploads\/2018\/08\/2191-150x150.jpg"},"medium":{"file":"2191-300x200.jpg","width":300,"height":200,"source_url":"https:\/\/feuerwehr-vglambrecht.de\/cms\/wp-content\/uploads\/2018\/08\/2191-300x200.jpg"},"large":{"file":"2191-1024x683.jpg","width":1024,"height":683,"source_url":"https:\/\/feuerwehr-vglambrecht.de\/cms\/wp-content\/uploads\/2018\/08\/2191-1024x683.jpg"}},"image_meta":{"aperture":"7.1","credit":"","camera":"Canon EOS 2000D","caption":"","created_timestamp":"1582971020","copyright":"","focal_length":"20","iso":"100","shutter_speed":"0.004","title":"","orientation":"1","keywords":[]},"image-converter":{"thumbnail":"IME","medium":"IME","large":"IME"}},"post":6946,"source_url":"https:\/\/feuerwehr-vglambrecht.de\/cms\/wp-content\/uploads\/2018\/08\/2191.jpg"},"einsatz_ort":"Mehrzweckhalle Esthal","einsatz_ende":"2023-04-22 23:30","einsatz_beginn":"","_links":{"self":[{"href":"https:\/\/feuerwehr-vglambrecht.de\/cms\/wp-json\/wp\/v2\/einsatz\/11509","targetHints":{"allow":["GET"]}}],"collection":[{"href":"https:\/\/feuerwehr-vglambrecht.de\/cms\/wp-json\/wp\/v2\/einsatz"}],"about":[{"href":"https:\/\/feuerwehr-vglambrecht.de\/cms\/wp-json\/wp\/v2\/types\/einsatz"}],"author":[{"embeddable":true,"href":"https:\/\/feuerwehr-vglambrecht.de\/cms\/wp-json\/wp\/v2\/users\/3"}],"version-history":[{"count":1,"href":"https:\/\/feuerwehr-vglambrecht.de\/cms\/wp-json\/wp\/v2\/einsatz\/11509\/revisions"}],"predecessor-version":[{"id":11510,"href":"https:\/\/feuerwehr-vglambrecht.de\/cms\/wp-json\/wp\/v2\/einsatz\/11509\/revisions\/11510"}],"wp:featuredmedia":[{"embeddable":true,"href":"https:\/\/feuerwehr-vglambrecht.de\/cms\/wp-json\/wp\/v2\/media\/9254"}],"wp:attachment":[{"href":"https:\/\/feuerwehr-vglambrecht.de\/cms\/wp-json\/wp\/v2\/media?parent=11509"}],"wp:term":[{"taxonomy":"category","embeddable":true,"href":"https:\/\/feuerwehr-vglambrecht.de\/cms\/wp-json\/wp\/v2\/categories?post=11509"},{"taxonomy":"post_tag","embeddable":true,"href":"https:\/\/feuerwehr-vglambrecht.de\/cms\/wp-json\/wp\/v2\/tags?post=11509"},{"taxonomy":"einsatzart","embeddable":true,"href":"https:\/\/feuerwehr-vglambrecht.de\/cms\/wp-json\/wp\/v2\/einsatzart?post=11509"},{"taxonomy":"fahrzeug","embeddable":true,"href":"https:\/\/feuerwehr-vglambrecht.de\/cms\/wp-json\/wp\/v2\/fahrzeug?post=11509"},{"taxonomy":"exteinsatzmittel","embeddable":true,"href":"https:\/\/feuerwehr-vglambrecht.de\/cms\/wp-json\/wp\/v2\/exteinsatzmittel?post=11509"},{"taxonomy":"alarmierungsart","embeddable":true,"href":"https:\/\/feuerwehr-vglambrecht.de\/cms\/wp-json\/wp\/v2\/alarmierungsart?post=11509"},{"taxonomy":"evw_unit","embeddable":true,"href":"https:\/\/feuerwehr-vglambrecht.de\/cms\/wp-json\/wp\/v2\/evw_unit?post=11509"}],"curies":[{"name":"wp","href":"https:\/\/api.w.org\/{rel}","templated":true}]}}

<p>Die Feuerwehr Esthal wurde im Rahmen einer öffentlichen Großveranstaltung zu einer Brandsicherheitswache in die Mehrzweckhalle Esthal angefordert. Die Brandschutzeinrichtungen sowie Hallenbelegung, Flucht- und Rettungswege wurden überprüft. Während der Veranstaltung wurde die Sicherheitswache gestellt.</p>
