{"id":11363,"date":"2023-03-03T17:01:00","date_gmt":"2023-03-03T16:01:00","guid":{"rendered":"https:\/\/feuerwehr-vglambrecht.de\/cms\/?post_type=einsatz&#038;p=11363"},"modified":"2023-03-03T20:26:47","modified_gmt":"2023-03-03T19:26:47","slug":"bombenfund-s1-03","status":"publish","type":"einsatz","link":"https:\/\/feuerwehr-vglambrecht.de\/cms\/einsatzberichte\/bombenfund-s1-03\/","title":{"rendered":"Bombenfund (S1.03)"},"content":{"rendered":"<p><strong>Bombenfund am G\u00fcterbahnhof in Frankeneck<\/strong><\/p>\n<p>Am 3. M\u00e4rz 2023 gegen 17:01 Uhr wurden die Feuerwehren Frankeneck und Esthal zur Absicherung <strong>wegen eines Bombenfundes<\/strong> an den alten G\u00fcterbahnhof bei Frankeneck alarmiert.<!--more--><\/p>\n<p>Die Fundstelle wurde weitr\u00e4umig abgesperrt. Die Bahnstrecke wurde f\u00fcr den Zugverkehr gesperrt und der Kampfmittelr\u00e4umdienst wurde verst\u00e4ndigt.<\/p>\n<p>Zur weiteren Vorgehensweise wurde die Einsatzstelle der Polizei \u00fcbergeben.<\/p>\n\n<div class=\"ngg-galleryoverview\" id=\"ngg-gallery-417-11363\">\n\n\t<!-- Slideshow link -->\n\t<div class=\"slideshowlink\">\n\t\t<a class=\"slideshowlink\" href=\"https:\/\/feuerwehr-vglambrecht.de\/cms\/einsatzberichte\/bombenfund-s1-03\/nggallery\/slideshow\">\n\t\t\t[Show as slideshow]\t\t<\/a>\n\t<\/div>\n\n\t\n\t<!-- Thumbnails -->\n\t\t\n\t<div id=\"ngg-image-2387\" class=\"ngg-gallery-thumbnail-box\"  >\n\t\t<div class=\"ngg-gallery-thumbnail\" >\n\t\t\t<a href=\"https:\/\/feuerwehr-vglambrecht.de\/cms\/wp-content\/gallery\/bombenfund-frankeneck\/gngp2296.jpg\" title=\" \" class=\"shutterset_set_417\" >\n\t\t\t\t\t\t\t\t<img loading=\"lazy\" decoding=\"async\" title=\"gngp2296\" alt=\"gngp2296\" src=\"https:\/\/feuerwehr-vglambrecht.de\/cms\/wp-content\/gallery\/bombenfund-frankeneck\/thumbs\/thumbs_gngp2296.jpg\" width=\"100\" height=\"75\" \/>\n\t\t\t\t\t\t\t<\/a>\n\t\t<\/div>\n\t<\/div>\n\t\n\t\t\n \t\t\n\t<div id=\"ngg-image-2388\" class=\"ngg-gallery-thumbnail-box\"  >\n\t\t<div class=\"ngg-gallery-thumbnail\" >\n\t\t\t<a href=\"https:\/\/feuerwehr-vglambrecht.de\/cms\/wp-content\/gallery\/bombenfund-frankeneck\/img_1722.jpg\" title=\" \" class=\"shutterset_set_417\" >\n\t\t\t\t\t\t\t\t<img loading=\"lazy\" decoding=\"async\" title=\"img_1722\" alt=\"img_1722\" src=\"https:\/\/feuerwehr-vglambrecht.de\/cms\/wp-content\/gallery\/bombenfund-frankeneck\/thumbs\/thumbs_img_1722.jpg\" width=\"100\" height=\"75\" \/>\n\t\t\t\t\t\t\t<\/a>\n\t\t<\/div>\n\t<\/div>\n\t\n\t\t\n \t\t\n\t<div id=\"ngg-image-2389\" class=\"ngg-gallery-thumbnail-box\"  >\n\t\t<div class=\"ngg-gallery-thumbnail\" >\n\t\t\t<a href=\"https:\/\/feuerwehr-vglambrecht.de\/cms\/wp-content\/gallery\/bombenfund-frankeneck\/kxks9287.jpg\" title=\" \" class=\"shutterset_set_417\" >\n\t\t\t\t\t\t\t\t<img loading=\"lazy\" decoding=\"async\" title=\"kxks9287\" alt=\"kxks9287\" src=\"https:\/\/feuerwehr-vglambrecht.de\/cms\/wp-content\/gallery\/bombenfund-frankeneck\/thumbs\/thumbs_kxks9287.jpg\" width=\"100\" height=\"75\" \/>\n\t\t\t\t\t\t\t<\/a>\n\t\t<\/div>\n\t<\/div>\n\t\n\t\t\n \t \t\n\t<!-- Pagination -->\n \t<div class='ngg-clear'><\/div>\n \t\n<\/div>\n\n\n<p><strong><u>\u00a0<\/u><\/strong><\/p>\n","protected":false},"author":5,"featured_media":11367,"template":"","meta":{"einsatz_weight":1,"footnotes":""},"categories":[6,70],"tags":[511,388,138,383,141,190],"einsatzart":[33],"fahrzeug":[350,307,44,45],"exteinsatzmittel":[12,13,299,512,30,468,446],"alarmierungsart":[],"evw_unit":[],"class_list":["post-11363","einsatz","type-einsatz","status-publish","has-post-thumbnail","hentry","category-fw_esthal","category-fw_frankeneck","tag-bombenfund","tag-ehrenamt","tag-esthal","tag-feuerwehrvglambrecht","tag-frankeneck","tag-technische-hilfe","einsatzart-th","fahrzeug-esthal-19-2","fahrzeug-307","fahrzeug-frankeneck-40","fahrzeug-frankeneck-73","exteinsatzmittel-fw_est","exteinsatzmittel-fw_fra","exteinsatzmittel-fez-neustadt","exteinsatzmittel-kampfmittelraeumdienst","exteinsatzmittel-pol","exteinsatzmittel-presseteam-feuerwehr-vg-lambrecht","exteinsatzmittel-wehrleitung-vg-lambrecht"],"better_featured_image":{"id":11367,"alt_text":"","caption":"","description":"","media_type":"image","media_details":{"width":1180,"height":740,"file":"2023\/03\/KXKS9287-e1677871148315.jpg","filesize":608549,"sizes":{"medium_large":{"file":"KXKS9287-e1677871148315-768x482.jpg","width":768,"height":482,"mime-type":"image\/jpeg","filesize":144114,"source_url":"https:\/\/feuerwehr-vglambrecht.de\/cms\/wp-content\/uploads\/2023\/03\/KXKS9287-e1677871148315-768x482.jpg"},"1536x1536":{"file":"KXKS9287-1152x1536.jpg","width":1152,"height":1536,"mime-type":"image\/jpeg","filesize":624760,"source_url":"https:\/\/feuerwehr-vglambrecht.de\/cms\/wp-content\/uploads\/2023\/03\/KXKS9287-1152x1536.jpg"},"wptouch-new-thumbnail":{"file":"KXKS9287-e1677871148315-144x144.jpg","width":144,"height":144,"mime-type":"image\/jpeg","filesize":8060,"source_url":"https:\/\/feuerwehr-vglambrecht.de\/cms\/wp-content\/uploads\/2023\/03\/KXKS9287-e1677871148315-144x144.jpg"},"landing_image":{"file":"KXKS9287-e1677871148315-1024x460.jpg","width":1024,"height":460,"mime-type":"image\/jpeg","filesize":170551,"source_url":"https:\/\/feuerwehr-vglambrecht.de\/cms\/wp-content\/uploads\/2023\/03\/KXKS9287-e1677871148315-1024x460.jpg"},"foundation-featured-image":{"file":"KXKS9287-e1677871148315-900x564.jpg","width":900,"height":564,"mime-type":"image\/jpeg","filesize":191347,"source_url":"https:\/\/feuerwehr-vglambrecht.de\/cms\/wp-content\/uploads\/2023\/03\/KXKS9287-e1677871148315-900x564.jpg"},"thumbnail":{"file":"KXKS9287-e1677871148315-150x150.jpg","width":150,"height":150,"mime-type":"image\/jpeg","filesize":9054,"source_url":"https:\/\/feuerwehr-vglambrecht.de\/cms\/wp-content\/uploads\/2023\/03\/KXKS9287-e1677871148315-150x150.jpg"},"medium":{"file":"KXKS9287-e1677871148315-300x188.jpg","width":300,"height":188,"mime-type":"image\/jpeg","filesize":23607,"source_url":"https:\/\/feuerwehr-vglambrecht.de\/cms\/wp-content\/uploads\/2023\/03\/KXKS9287-e1677871148315-300x188.jpg"},"large":{"file":"KXKS9287-e1677871148315-1024x642.jpg","width":1024,"height":642,"mime-type":"image\/jpeg","filesize":238372,"source_url":"https:\/\/feuerwehr-vglambrecht.de\/cms\/wp-content\/uploads\/2023\/03\/KXKS9287-e1677871148315-1024x642.jpg"}},"image_meta":{"aperture":"0","credit":"","camera":"","caption":"","created_timestamp":"0","copyright":"","focal_length":"0","iso":"0","shutter_speed":"0","title":"","orientation":"0","keywords":[]},"image-converter":{"thumbnail":"IME","medium":"IME","large":"IME"}},"post":11363,"source_url":"https:\/\/feuerwehr-vglambrecht.de\/cms\/wp-content\/uploads\/2023\/03\/KXKS9287-e1677871148315.jpg"},"einsatz_ort":"Frankeneck","einsatz_ende":"2023-03-03 17:51","einsatz_beginn":"","_links":{"self":[{"href":"https:\/\/feuerwehr-vglambrecht.de\/cms\/wp-json\/wp\/v2\/einsatz\/11363","targetHints":{"allow":["GET"]}}],"collection":[{"href":"https:\/\/feuerwehr-vglambrecht.de\/cms\/wp-json\/wp\/v2\/einsatz"}],"about":[{"href":"https:\/\/feuerwehr-vglambrecht.de\/cms\/wp-json\/wp\/v2\/types\/einsatz"}],"author":[{"embeddable":true,"href":"https:\/\/feuerwehr-vglambrecht.de\/cms\/wp-json\/wp\/v2\/users\/5"}],"version-history":[{"count":4,"href":"https:\/\/feuerwehr-vglambrecht.de\/cms\/wp-json\/wp\/v2\/einsatz\/11363\/revisions"}],"predecessor-version":[{"id":11368,"href":"https:\/\/feuerwehr-vglambrecht.de\/cms\/wp-json\/wp\/v2\/einsatz\/11363\/revisions\/11368"}],"wp:featuredmedia":[{"embeddable":true,"href":"https:\/\/feuerwehr-vglambrecht.de\/cms\/wp-json\/wp\/v2\/media\/11367"}],"wp:attachment":[{"href":"https:\/\/feuerwehr-vglambrecht.de\/cms\/wp-json\/wp\/v2\/media?parent=11363"}],"wp:term":[{"taxonomy":"category","embeddable":true,"href":"https:\/\/feuerwehr-vglambrecht.de\/cms\/wp-json\/wp\/v2\/categories?post=11363"},{"taxonomy":"post_tag","embeddable":true,"href":"https:\/\/feuerwehr-vglambrecht.de\/cms\/wp-json\/wp\/v2\/tags?post=11363"},{"taxonomy":"einsatzart","embeddable":true,"href":"https:\/\/feuerwehr-vglambrecht.de\/cms\/wp-json\/wp\/v2\/einsatzart?post=11363"},{"taxonomy":"fahrzeug","embeddable":true,"href":"https:\/\/feuerwehr-vglambrecht.de\/cms\/wp-json\/wp\/v2\/fahrzeug?post=11363"},{"taxonomy":"exteinsatzmittel","embeddable":true,"href":"https:\/\/feuerwehr-vglambrecht.de\/cms\/wp-json\/wp\/v2\/exteinsatzmittel?post=11363"},{"taxonomy":"alarmierungsart","embeddable":true,"href":"https:\/\/feuerwehr-vglambrecht.de\/cms\/wp-json\/wp\/v2\/alarmierungsart?post=11363"},{"taxonomy":"evw_unit","embeddable":true,"href":"https:\/\/feuerwehr-vglambrecht.de\/cms\/wp-json\/wp\/v2\/evw_unit?post=11363"}],"curies":[{"name":"wp","href":"https:\/\/api.w.org\/{rel}","templated":true}]}}

<p><strong>Bombenfund am Güterbahnhof in Frankeneck</strong></p>
<p>Am 3. März 2023 gegen 17:01 Uhr wurden die Feuerwehren Frankeneck und Esthal zur Absicherung <strong>wegen eines Bombenfundes</strong> an den alten Güterbahnhof bei Frankeneck alarmiert.<!--more--></p>
<p>Die Fundstelle wurde weiträumig abgesperrt. Die Bahnstrecke wurde für den Zugverkehr gesperrt und der Kampfmittelräumdienst wurde verständigt.</p>
<p>Zur weiteren Vorgehensweise wurde die Einsatzstelle der Polizei übergeben.</p>

<div class="ngg-galleryoverview" id="ngg-gallery-417-11363">

	<!-- Slideshow link -->
	<div class="slideshowlink">
		<a class="slideshowlink" href="https://feuerwehr-vglambrecht.de/cms/einsatzberichte/bombenfund-s1-03/nggallery/slideshow">
			[Show as slideshow]		</a>
	</div>

	
	<!-- Thumbnails -->
		
	<div id="ngg-image-2387" class="ngg-gallery-thumbnail-box"  >
		<div class="ngg-gallery-thumbnail" >
			<a href="https://feuerwehr-vglambrecht.de/cms/wp-content/gallery/bombenfund-frankeneck/gngp2296.jpg" title=" " class="shutterset_set_417" >
								<img loading="lazy" decoding="async" title="gngp2296" alt="gngp2296" src="https://feuerwehr-vglambrecht.de/cms/wp-content/gallery/bombenfund-frankeneck/thumbs/thumbs_gngp2296.jpg" width="100" height="75" />
							</a>
		</div>
	</div>
	
		
 		
	<div id="ngg-image-2388" class="ngg-gallery-thumbnail-box"  >
		<div class="ngg-gallery-thumbnail" >
			<a href="https://feuerwehr-vglambrecht.de/cms/wp-content/gallery/bombenfund-frankeneck/img_1722.jpg" title=" " class="shutterset_set_417" >
								<img loading="lazy" decoding="async" title="img_1722" alt="img_1722" src="https://feuerwehr-vglambrecht.de/cms/wp-content/gallery/bombenfund-frankeneck/thumbs/thumbs_img_1722.jpg" width="100" height="75" />
							</a>
		</div>
	</div>
	
		
 		
	<div id="ngg-image-2389" class="ngg-gallery-thumbnail-box"  >
		<div class="ngg-gallery-thumbnail" >
			<a href="https://feuerwehr-vglambrecht.de/cms/wp-content/gallery/bombenfund-frankeneck/kxks9287.jpg" title=" " class="shutterset_set_417" >
								<img loading="lazy" decoding="async" title="kxks9287" alt="kxks9287" src="https://feuerwehr-vglambrecht.de/cms/wp-content/gallery/bombenfund-frankeneck/thumbs/thumbs_kxks9287.jpg" width="100" height="75" />
							</a>
		</div>
	</div>
	
		
 	 	
	<!-- Pagination -->
 	<div class='ngg-clear'></div>
 	
</div>


<p><strong><u> </u></strong></p>
