{"id":11347,"date":"2023-02-28T19:50:00","date_gmt":"2023-02-28T18:50:00","guid":{"rendered":"https:\/\/feuerwehr-vglambrecht.de\/cms\/?post_type=einsatz&#038;p=11347"},"modified":"2023-03-01T09:55:08","modified_gmt":"2023-03-01T08:55:08","slug":"brandmeldeanlage-b2-07-53","status":"publish","type":"einsatz","link":"https:\/\/feuerwehr-vglambrecht.de\/cms\/einsatzberichte\/brandmeldeanlage-b2-07-53\/","title":{"rendered":"Brandmeldeanlage (B2.07)"},"content":{"rendered":"<p>Die Feuerwehren Lindenberg und Lambrecht wurden am 28.02.2023 um 19:50 Uhr zu einer ausgel\u00f6sten Brandmeldeanlage in ein Seniorenheim in der Klostergartenstra\u00dfe in Lambrecht alarmiert.<\/p>\n<p><!--more--><\/p>\n<p>Die Feuerwehr erkundete das Geb\u00e4ude und stellte fest, dass es sich um einen Fehlalarm handelte. Die Brandmeldeanlage wurde durch die Feuerwehr zur\u00fcckgesetzt und das Geb\u00e4ude an den Eigent\u00fcmer \u00fcbergeben.<\/p>\n","protected":false},"author":17,"featured_media":11218,"template":"","meta":{"einsatz_weight":1,"footnotes":""},"categories":[71,74],"tags":[],"einsatzart":[8],"fahrzeug":[49,53,54,57],"exteinsatzmittel":[18,19,299,31],"alarmierungsart":[10],"evw_unit":[],"class_list":["post-11347","einsatz","type-einsatz","status-publish","has-post-thumbnail","hentry","category-fw_lambrecht","category-fw_lindenberg","einsatzart-bma","fahrzeug-lambrecht-11","fahrzeug-lambrecht-33","fahrzeug-lambrecht-44","fahrzeug-lindenberg-47","exteinsatzmittel-fw_lam","exteinsatzmittel-fw_lin","exteinsatzmittel-fez-neustadt","exteinsatzmittel-drk","alarmierungsart-dme-digitaler-meldeempfaenger"],"better_featured_image":{"id":11218,"alt_text":"","caption":"","description":"","media_type":"image","media_details":{"width":800,"height":460,"file":"2023\/01\/BMA-800x460-1.jpeg","filesize":84846,"sizes":{"medium_large":{"file":"BMA-800x460-1-768x442.jpeg","width":768,"height":442,"mime-type":"image\/jpeg","filesize":71031,"source_url":"https:\/\/feuerwehr-vglambrecht.de\/cms\/wp-content\/uploads\/2023\/01\/BMA-800x460-1-768x442.jpeg"},"wptouch-new-thumbnail":{"file":"BMA-800x460-1-144x144.jpeg","width":144,"height":144,"mime-type":"image\/jpeg","filesize":5808,"source_url":"https:\/\/feuerwehr-vglambrecht.de\/cms\/wp-content\/uploads\/2023\/01\/BMA-800x460-1-144x144.jpeg"},"thumbnail":{"file":"BMA-800x460-1-150x150.jpeg","width":150,"height":150,"source_url":"https:\/\/feuerwehr-vglambrecht.de\/cms\/wp-content\/uploads\/2023\/01\/BMA-800x460-1-150x150.jpeg"},"medium":{"file":"BMA-800x460-1-300x173.jpeg","width":300,"height":173,"source_url":"https:\/\/feuerwehr-vglambrecht.de\/cms\/wp-content\/uploads\/2023\/01\/BMA-800x460-1-300x173.jpeg"}},"image_meta":{"aperture":"0","credit":"","camera":"","caption":"","created_timestamp":"0","copyright":"","focal_length":"0","iso":"0","shutter_speed":"0","title":"","orientation":"0","keywords":[]},"image-converter":{"thumbnail":"IME","medium":"IME"}},"post":11216,"source_url":"https:\/\/feuerwehr-vglambrecht.de\/cms\/wp-content\/uploads\/2023\/01\/BMA-800x460-1.jpeg"},"einsatz_ort":"Klostergartenstra\u00dfe, Lambrecht","einsatz_ende":"2023-02-28 20:08","einsatz_beginn":"","_links":{"self":[{"href":"https:\/\/feuerwehr-vglambrecht.de\/cms\/wp-json\/wp\/v2\/einsatz\/11347","targetHints":{"allow":["GET"]}}],"collection":[{"href":"https:\/\/feuerwehr-vglambrecht.de\/cms\/wp-json\/wp\/v2\/einsatz"}],"about":[{"href":"https:\/\/feuerwehr-vglambrecht.de\/cms\/wp-json\/wp\/v2\/types\/einsatz"}],"author":[{"embeddable":true,"href":"https:\/\/feuerwehr-vglambrecht.de\/cms\/wp-json\/wp\/v2\/users\/17"}],"version-history":[{"count":3,"href":"https:\/\/feuerwehr-vglambrecht.de\/cms\/wp-json\/wp\/v2\/einsatz\/11347\/revisions"}],"predecessor-version":[{"id":11350,"href":"https:\/\/feuerwehr-vglambrecht.de\/cms\/wp-json\/wp\/v2\/einsatz\/11347\/revisions\/11350"}],"wp:featuredmedia":[{"embeddable":true,"href":"https:\/\/feuerwehr-vglambrecht.de\/cms\/wp-json\/wp\/v2\/media\/11218"}],"wp:attachment":[{"href":"https:\/\/feuerwehr-vglambrecht.de\/cms\/wp-json\/wp\/v2\/media?parent=11347"}],"wp:term":[{"taxonomy":"category","embeddable":true,"href":"https:\/\/feuerwehr-vglambrecht.de\/cms\/wp-json\/wp\/v2\/categories?post=11347"},{"taxonomy":"post_tag","embeddable":true,"href":"https:\/\/feuerwehr-vglambrecht.de\/cms\/wp-json\/wp\/v2\/tags?post=11347"},{"taxonomy":"einsatzart","embeddable":true,"href":"https:\/\/feuerwehr-vglambrecht.de\/cms\/wp-json\/wp\/v2\/einsatzart?post=11347"},{"taxonomy":"fahrzeug","embeddable":true,"href":"https:\/\/feuerwehr-vglambrecht.de\/cms\/wp-json\/wp\/v2\/fahrzeug?post=11347"},{"taxonomy":"exteinsatzmittel","embeddable":true,"href":"https:\/\/feuerwehr-vglambrecht.de\/cms\/wp-json\/wp\/v2\/exteinsatzmittel?post=11347"},{"taxonomy":"alarmierungsart","embeddable":true,"href":"https:\/\/feuerwehr-vglambrecht.de\/cms\/wp-json\/wp\/v2\/alarmierungsart?post=11347"},{"taxonomy":"evw_unit","embeddable":true,"href":"https:\/\/feuerwehr-vglambrecht.de\/cms\/wp-json\/wp\/v2\/evw_unit?post=11347"}],"curies":[{"name":"wp","href":"https:\/\/api.w.org\/{rel}","templated":true}]}}

<p>Die Feuerwehren Lindenberg und Lambrecht wurden am 28.02.2023 um 19:50 Uhr zu einer ausgelösten Brandmeldeanlage in ein Seniorenheim in der Klostergartenstraße in Lambrecht alarmiert.</p>
<p><!--more--></p>
<p>Die Feuerwehr erkundete das Gebäude und stellte fest, dass es sich um einen Fehlalarm handelte. Die Brandmeldeanlage wurde durch die Feuerwehr zurückgesetzt und das Gebäude an den Eigentümer übergeben.</p>

Klostergartenstraße, Lambrecht
