{"id":11190,"date":"2023-01-07T14:11:00","date_gmt":"2023-01-07T13:11:00","guid":{"rendered":"https:\/\/feuerwehr-vglambrecht.de\/cms\/?post_type=einsatz&#038;p=11190"},"modified":"2023-01-11T16:55:09","modified_gmt":"2023-01-11T15:55:09","slug":"absicherung-h1-02-12","status":"publish","type":"einsatz","link":"https:\/\/feuerwehr-vglambrecht.de\/cms\/einsatzberichte\/absicherung-h1-02-12\/","title":{"rendered":"Absicherung (H1.02)"},"content":{"rendered":"<p><strong>Tierfutter verunreinigt Landesstra\u00dfe (L499)<\/strong><\/p>\n<p>Wegen Ladungsverlust wurden die Feuerwehren Frankeneck und Esthal am 7. Januar 2023 gegen 14:11 Uhr zur Absicherung nach Erfenstein alarmiert.<!--more--><\/p>\n<p>Am Ortseingang von Erfenstein hatte ein mit Tierfutter beladener PKW mit Anh\u00e4nger seine Ladung verloren. Der Verursacher hatte beim Eintreffen der Feuerwehren die Stra\u00dfe bereits gr\u00f6\u00dftenteils gereinigt.<\/p>\n<p>Die Feuerwehren sicherten die Einsatzstelle ab. Mittels Schnellangriff wurde Lehmhaltiger Boden, der die Landesstra\u00dfe (L499) verunreinigte, beseitigt. W\u00e4hrend der Arbeiten der Feuerwehren, war die L499 teilweise voll gesperrt.<\/p>\n","protected":false},"author":5,"featured_media":11193,"template":"","meta":{"einsatz_weight":1,"footnotes":""},"categories":[],"tags":[388,138,383,141,373,268,190],"einsatzart":[33],"fahrzeug":[350,43,307,44],"exteinsatzmittel":[12,13,299],"alarmierungsart":[10],"evw_unit":[],"class_list":["post-11190","einsatz","type-einsatz","status-publish","has-post-thumbnail","hentry","tag-ehrenamt","tag-esthal","tag-feuerwehrvglambrecht","tag-frankeneck","tag-immerda","tag-l499","tag-technische-hilfe","einsatzart-th","fahrzeug-esthal-19-2","fahrzeug-esthal19","fahrzeug-307","fahrzeug-frankeneck-40","exteinsatzmittel-fw_est","exteinsatzmittel-fw_fra","exteinsatzmittel-fez-neustadt","alarmierungsart-dme-digitaler-meldeempfaenger"],"better_featured_image":{"id":11193,"alt_text":"","caption":"","description":"","media_type":"image","media_details":{"width":1512,"height":2010,"file":"2023\/01\/IMG_1424-rotated-e1673262767756.jpg","filesize":671413,"sizes":{"medium_large":{"file":"IMG_1424-rotated-e1673262767756-768x1021.jpg","width":768,"height":1021,"mime-type":"image\/jpeg","filesize":227289,"source_url":"https:\/\/feuerwehr-vglambrecht.de\/cms\/wp-content\/uploads\/2023\/01\/IMG_1424-rotated-e1673262767756-768x1021.jpg"},"1536x1536":{"file":"IMG_1424-rotated-e1673262767756-1155x1536.jpg","width":1155,"height":1536,"mime-type":"image\/jpeg","filesize":428688,"source_url":"https:\/\/feuerwehr-vglambrecht.de\/cms\/wp-content\/uploads\/2023\/01\/IMG_1424-rotated-e1673262767756-1155x1536.jpg"},"wptouch-new-thumbnail":{"file":"IMG_1424-rotated-e1673262767756-144x144.jpg","width":144,"height":144,"mime-type":"image\/jpeg","filesize":10170,"source_url":"https:\/\/feuerwehr-vglambrecht.de\/cms\/wp-content\/uploads\/2023\/01\/IMG_1424-rotated-e1673262767756-144x144.jpg"},"landing_image":{"file":"IMG_1424-rotated-e1673262767756-1024x460.jpg","width":1024,"height":460,"mime-type":"image\/jpeg","filesize":104681,"source_url":"https:\/\/feuerwehr-vglambrecht.de\/cms\/wp-content\/uploads\/2023\/01\/IMG_1424-rotated-e1673262767756-1024x460.jpg"},"foundation-featured-image":{"file":"IMG_1424-rotated-e1673262767756-900x1196.jpg","width":900,"height":1196,"mime-type":"image\/jpeg","filesize":293586,"source_url":"https:\/\/feuerwehr-vglambrecht.de\/cms\/wp-content\/uploads\/2023\/01\/IMG_1424-rotated-e1673262767756-900x1196.jpg"},"thumbnail":{"file":"IMG_1424-rotated-e1673262767756-150x150.jpg","width":150,"height":150,"mime-type":"image\/jpeg","filesize":11050,"source_url":"https:\/\/feuerwehr-vglambrecht.de\/cms\/wp-content\/uploads\/2023\/01\/IMG_1424-rotated-e1673262767756-150x150.jpg"},"medium":{"file":"IMG_1424-rotated-e1673262767756-226x300.jpg","width":226,"height":300,"mime-type":"image\/jpeg","filesize":27204,"source_url":"https:\/\/feuerwehr-vglambrecht.de\/cms\/wp-content\/uploads\/2023\/01\/IMG_1424-rotated-e1673262767756-226x300.jpg"},"large":{"file":"IMG_1424-rotated-e1673262767756-770x1024.jpg","width":770,"height":1024,"mime-type":"image\/jpeg","filesize":229265,"source_url":"https:\/\/feuerwehr-vglambrecht.de\/cms\/wp-content\/uploads\/2023\/01\/IMG_1424-rotated-e1673262767756-770x1024.jpg"}},"image_meta":{"aperture":"1.6","credit":"","camera":"iPhone 13","caption":"","created_timestamp":"1673101831","copyright":"","focal_length":"5.1","iso":"50","shutter_speed":"0.0030674846625767","title":"","orientation":1,"keywords":[]},"original_image":"IMG_1424.jpg","image-converter":{"thumbnail":"IME","medium":"IME","large":"IME"}},"post":11190,"source_url":"https:\/\/feuerwehr-vglambrecht.de\/cms\/wp-content\/uploads\/2023\/01\/IMG_1424-rotated-e1673262767756.jpg"},"einsatz_ort":"L499 Erfenstein","einsatz_ende":"2023-01-07 14:52","einsatz_beginn":"","_links":{"self":[{"href":"https:\/\/feuerwehr-vglambrecht.de\/cms\/wp-json\/wp\/v2\/einsatz\/11190","targetHints":{"allow":["GET"]}}],"collection":[{"href":"https:\/\/feuerwehr-vglambrecht.de\/cms\/wp-json\/wp\/v2\/einsatz"}],"about":[{"href":"https:\/\/feuerwehr-vglambrecht.de\/cms\/wp-json\/wp\/v2\/types\/einsatz"}],"author":[{"embeddable":true,"href":"https:\/\/feuerwehr-vglambrecht.de\/cms\/wp-json\/wp\/v2\/users\/5"}],"version-history":[{"count":4,"href":"https:\/\/feuerwehr-vglambrecht.de\/cms\/wp-json\/wp\/v2\/einsatz\/11190\/revisions"}],"predecessor-version":[{"id":11195,"href":"https:\/\/feuerwehr-vglambrecht.de\/cms\/wp-json\/wp\/v2\/einsatz\/11190\/revisions\/11195"}],"wp:featuredmedia":[{"embeddable":true,"href":"https:\/\/feuerwehr-vglambrecht.de\/cms\/wp-json\/wp\/v2\/media\/11193"}],"wp:attachment":[{"href":"https:\/\/feuerwehr-vglambrecht.de\/cms\/wp-json\/wp\/v2\/media?parent=11190"}],"wp:term":[{"taxonomy":"category","embeddable":true,"href":"https:\/\/feuerwehr-vglambrecht.de\/cms\/wp-json\/wp\/v2\/categories?post=11190"},{"taxonomy":"post_tag","embeddable":true,"href":"https:\/\/feuerwehr-vglambrecht.de\/cms\/wp-json\/wp\/v2\/tags?post=11190"},{"taxonomy":"einsatzart","embeddable":true,"href":"https:\/\/feuerwehr-vglambrecht.de\/cms\/wp-json\/wp\/v2\/einsatzart?post=11190"},{"taxonomy":"fahrzeug","embeddable":true,"href":"https:\/\/feuerwehr-vglambrecht.de\/cms\/wp-json\/wp\/v2\/fahrzeug?post=11190"},{"taxonomy":"exteinsatzmittel","embeddable":true,"href":"https:\/\/feuerwehr-vglambrecht.de\/cms\/wp-json\/wp\/v2\/exteinsatzmittel?post=11190"},{"taxonomy":"alarmierungsart","embeddable":true,"href":"https:\/\/feuerwehr-vglambrecht.de\/cms\/wp-json\/wp\/v2\/alarmierungsart?post=11190"},{"taxonomy":"evw_unit","embeddable":true,"href":"https:\/\/feuerwehr-vglambrecht.de\/cms\/wp-json\/wp\/v2\/evw_unit?post=11190"}],"curies":[{"name":"wp","href":"https:\/\/api.w.org\/{rel}","templated":true}]}}

<p><strong>Tierfutter verunreinigt Landesstraße (L499)</strong></p>
<p>Wegen Ladungsverlust wurden die Feuerwehren Frankeneck und Esthal am 7. Januar 2023 gegen 14:11 Uhr zur Absicherung nach Erfenstein alarmiert.<!--more--></p>
<p>Am Ortseingang von Erfenstein hatte ein mit Tierfutter beladener PKW mit Anhänger seine Ladung verloren. Der Verursacher hatte beim Eintreffen der Feuerwehren die Straße bereits größtenteils gereinigt.</p>
<p>Die Feuerwehren sicherten die Einsatzstelle ab. Mittels Schnellangriff wurde Lehmhaltiger Boden, der die Landesstraße (L499) verunreinigte, beseitigt. Während der Arbeiten der Feuerwehren, war die L499 teilweise voll gesperrt.</p>
