{"id":11175,"date":"2022-12-29T13:08:00","date_gmt":"2022-12-29T12:08:00","guid":{"rendered":"https:\/\/feuerwehr-vglambrecht.de\/cms\/?post_type=einsatz&#038;p=11175"},"modified":"2023-01-06T11:54:26","modified_gmt":"2023-01-06T10:54:26","slug":"tueroeffnung-dringend-h2-01-25","status":"publish","type":"einsatz","link":"https:\/\/feuerwehr-vglambrecht.de\/cms\/einsatzberichte\/tueroeffnung-dringend-h2-01-25\/","title":{"rendered":"T\u00fcr\u00f6ffnung dringend (H2.01)"},"content":{"rendered":"<p>Die Feuerwehr Lambrecht wurde am 29.12.2022 um 13:08 Uhr zu einer dringenden T\u00fcr\u00f6ffnung in die Johann-Casimir-Stra\u00dfe in Lambrecht alarmiert.<!--more--><\/p>\n<p>Da die Anwohnerin die Haust\u00fcr f\u00fcr die &#8222;Essen auf R\u00e4der&#8220; Lieferung nicht \u00f6ffnete und auch telefonisch nicht zu erreichen war, musste von einer m\u00f6glichen Notsituation der Anwohnerin ausgegangen werden.<\/p>\n<p>Die Feuerwehr kontrollierte die restlichen Zugangsm\u00f6glichkeiten zum Objekt, konnte jedoch keine offenen T\u00fcren oder Fenster finden. Mittels Steckleiter wurde ein Blick \u00fcber die Fenster in die Wohnung geworfen, in der die Anwohnerin auf dem Boden liegend, jedoch bei Bewusstsein, vorgefunden werden konnte.<\/p>\n<p>Umgehend wurde die T\u00fcr\u00f6ffnung eingeleitet und die Person konnte durch den mit alarmierten Rettungsdienst behandelt werden.<\/p>\n<p>&nbsp;<\/p>\n","protected":false},"author":17,"featured_media":11002,"template":"","meta":{"einsatz_weight":1,"footnotes":""},"categories":[71],"tags":[],"einsatzart":[33],"fahrzeug":[53,54],"exteinsatzmittel":[18,299,31],"alarmierungsart":[10],"evw_unit":[],"class_list":["post-11175","einsatz","type-einsatz","status-publish","has-post-thumbnail","hentry","category-fw_lambrecht","einsatzart-th","fahrzeug-lambrecht-33","fahrzeug-lambrecht-44","exteinsatzmittel-fw_lam","exteinsatzmittel-fez-neustadt","exteinsatzmittel-drk","alarmierungsart-dme-digitaler-meldeempfaenger"],"better_featured_image":{"id":11002,"alt_text":"","caption":"","description":"","media_type":"image","media_details":{"width":310,"height":400,"file":"2022\/11\/Tueroeffnung.png","filesize":176793,"sizes":{"wptouch-new-thumbnail":{"file":"Tueroeffnung-144x144.png","width":144,"height":144,"mime-type":"image\/png","filesize":30607,"source_url":"https:\/\/feuerwehr-vglambrecht.de\/cms\/wp-content\/uploads\/2022\/11\/Tueroeffnung-144x144.png"},"thumbnail":{"file":"Tueroeffnung-150x150.png","width":150,"height":150,"source_url":"https:\/\/feuerwehr-vglambrecht.de\/cms\/wp-content\/uploads\/2022\/11\/Tueroeffnung-150x150.png"},"medium":{"file":"Tueroeffnung-233x300.png","width":233,"height":300,"source_url":"https:\/\/feuerwehr-vglambrecht.de\/cms\/wp-content\/uploads\/2022\/11\/Tueroeffnung-233x300.png"}},"image_meta":{"aperture":"0","credit":"","camera":"","caption":"","created_timestamp":"0","copyright":"","focal_length":"0","iso":"0","shutter_speed":"0","title":"","orientation":"0","keywords":[]},"image-converter":{"thumbnail":"IME","medium":"IME"}},"post":11000,"source_url":"https:\/\/feuerwehr-vglambrecht.de\/cms\/wp-content\/uploads\/2022\/11\/Tueroeffnung.png"},"einsatz_ort":"Johann-Casimir-Stra\u00dfe, Lambrecht","einsatz_ende":"2022-12-29 13:36","einsatz_beginn":"","_links":{"self":[{"href":"https:\/\/feuerwehr-vglambrecht.de\/cms\/wp-json\/wp\/v2\/einsatz\/11175","targetHints":{"allow":["GET"]}}],"collection":[{"href":"https:\/\/feuerwehr-vglambrecht.de\/cms\/wp-json\/wp\/v2\/einsatz"}],"about":[{"href":"https:\/\/feuerwehr-vglambrecht.de\/cms\/wp-json\/wp\/v2\/types\/einsatz"}],"author":[{"embeddable":true,"href":"https:\/\/feuerwehr-vglambrecht.de\/cms\/wp-json\/wp\/v2\/users\/17"}],"version-history":[{"count":2,"href":"https:\/\/feuerwehr-vglambrecht.de\/cms\/wp-json\/wp\/v2\/einsatz\/11175\/revisions"}],"predecessor-version":[{"id":11177,"href":"https:\/\/feuerwehr-vglambrecht.de\/cms\/wp-json\/wp\/v2\/einsatz\/11175\/revisions\/11177"}],"wp:featuredmedia":[{"embeddable":true,"href":"https:\/\/feuerwehr-vglambrecht.de\/cms\/wp-json\/wp\/v2\/media\/11002"}],"wp:attachment":[{"href":"https:\/\/feuerwehr-vglambrecht.de\/cms\/wp-json\/wp\/v2\/media?parent=11175"}],"wp:term":[{"taxonomy":"category","embeddable":true,"href":"https:\/\/feuerwehr-vglambrecht.de\/cms\/wp-json\/wp\/v2\/categories?post=11175"},{"taxonomy":"post_tag","embeddable":true,"href":"https:\/\/feuerwehr-vglambrecht.de\/cms\/wp-json\/wp\/v2\/tags?post=11175"},{"taxonomy":"einsatzart","embeddable":true,"href":"https:\/\/feuerwehr-vglambrecht.de\/cms\/wp-json\/wp\/v2\/einsatzart?post=11175"},{"taxonomy":"fahrzeug","embeddable":true,"href":"https:\/\/feuerwehr-vglambrecht.de\/cms\/wp-json\/wp\/v2\/fahrzeug?post=11175"},{"taxonomy":"exteinsatzmittel","embeddable":true,"href":"https:\/\/feuerwehr-vglambrecht.de\/cms\/wp-json\/wp\/v2\/exteinsatzmittel?post=11175"},{"taxonomy":"alarmierungsart","embeddable":true,"href":"https:\/\/feuerwehr-vglambrecht.de\/cms\/wp-json\/wp\/v2\/alarmierungsart?post=11175"},{"taxonomy":"evw_unit","embeddable":true,"href":"https:\/\/feuerwehr-vglambrecht.de\/cms\/wp-json\/wp\/v2\/evw_unit?post=11175"}],"curies":[{"name":"wp","href":"https:\/\/api.w.org\/{rel}","templated":true}]}}

Türöffnung dringend (H2.01)

<p>Die Feuerwehr Lambrecht wurde am 29.12.2022 um 13:08 Uhr zu einer dringenden Türöffnung in die Johann-Casimir-Straße in Lambrecht alarmiert.<!--more--></p>
<p>Da die Anwohnerin die Haustür für die &#8222;Essen auf Räder&#8220; Lieferung nicht öffnete und auch telefonisch nicht zu erreichen war, musste von einer möglichen Notsituation der Anwohnerin ausgegangen werden.</p>
<p>Die Feuerwehr kontrollierte die restlichen Zugangsmöglichkeiten zum Objekt, konnte jedoch keine offenen Türen oder Fenster finden. Mittels Steckleiter wurde ein Blick über die Fenster in die Wohnung geworfen, in der die Anwohnerin auf dem Boden liegend, jedoch bei Bewusstsein, vorgefunden werden konnte.</p>
<p>Umgehend wurde die Türöffnung eingeleitet und die Person konnte durch den mit alarmierten Rettungsdienst behandelt werden.</p>
<p>&nbsp;</p>

Johann-Casimir-Straße, Lambrecht
